4.225.222.178 - - [02/Sep/2025:12:53:34 -0400] "GET /wp_wrong_datlib.php HTTP/1.1" 404 1251 "-" "-"
4.225.222.178 - - [02/Sep/2025:12:53:34 -0400] "GET /wso.php HTTP/1.1" 404 1251 "-" "-"
4.225.222.178 - - [02/Sep/2025:12:53:35 -0400] "GET /zwso.php HTTP/1.1" 404 1251 "-" "-"
52.167.144.176 - - [02/Sep/2025:12:54:10 -0400] "GET /cjl/cadastre/unsuperstitious302054943 HTTP/1.1" 404 1251 "-" "Mozilla/5.0 AppleWebKit/537.36 (KHTML, like Gecko; compatible; bingbot/2.0; +http://www.bing.com/bingbot.htm) Chrome/116.0.1938.76 Safari/537.36"
35.225.77.248 - - [02/Sep/2025:12:54:19 -0400] "GET /.git/config HTTP/1.1" 403 1242 "-" "-"
66.249.79.73 - - [02/Sep/2025:12:56:50 -0400] "GET /content.php?t=73866827096 HTTP/1.1" 404 1251 "-" "Mozilla/5.0 (Linux; Android 6.0.1; Nexus 5X Build/MMB29P) AppleWebKit/537.36 (KHTML, like Gecko) Chrome/138.0.7204.183 Mobile Safari/537.36 (compatible; Googlebot/2.1; +http://www.google.com/bot.html)"
66.249.79.73 - - [02/Sep/2025:12:56:51 -0400] "GET /q-~277bRsHg1IMnrqGbnBVeKGC1Sav1aHHlM27907/ HTTP/1.1" 404 1251 "-" "Mozilla/5.0 (Linux; Android 6.0.1; Nexus 5X Build/MMB29P) AppleWebKit/537.36 (KHTML, like Gecko) Chrome/138.0.7204.183 Mobile Safari/537.36 (compatible; Googlebot/2.1; +http://www.google.com/bot.html)"
52.167.144.176 - - [02/Sep/2025:12:58:11 -0400] "GET /rudous/logier/395015466 HTTP/1.1" 404 1251 "-" "Mozilla/5.0 AppleWebKit/537.36 (KHTML, like Gecko; compatible; bingbot/2.0; +http://www.bing.com/bingbot.htm) Chrome/116.0.1938.76 Safari/537.36"
66.249.79.74 - - [02/Sep/2025:12:58:18 -0400] "GET /m100046081?srsltid=AfmBOogwOQauUvpFYaVo0Z_fVTXBcHw7A_xJRTaC0d-R-U38PcFAjV HTTP/1.1" 404 1251 "-" "Mozilla/5.0 (Linux; Android 6.0.1; Nexus 5X Build/MMB29P) AppleWebKit/537.36 (KHTML, like Gecko) Chrome/138.0.7204.183 Mobile Safari/537.36 (compatible; Googlebot/2.1; +http://www.google.com/bot.html)"
66.249.68.2 - - [02/Sep/2025:13:00:29 -0400] "GET /monjan/retrimmer444541854 HTTP/1.1" 404 1251 "-" "Mozilla/5.0 (Linux; Android 6.0.1; Nexus 5X Build/MMB29P) AppleWebKit/537.36 (KHTML, like Gecko) Chrome/138.0.7204.183 Mobile Safari/537.36 (compatible; Googlebot/2.1; +http://www.google.com/bot.html)"
40.77.167.32 - - [02/Sep/2025:13:00:31 -0400] "GET /biorhythmicities/372510229 HTTP/1.1" 404 1251 "-" "Mozilla/5.0 AppleWebKit/537.36 (KHTML, like Gecko; compatible; bingbot/2.0; +http://www.bing.com/bingbot.htm) Chrome/116.0.1938.76 Safari/537.36"
40.77.167.76 - - [02/Sep/2025:13:00:49 -0400] "GET /chronobiology/js/444242215 HTTP/1.1" 404 1251 "-" "Mozilla/5.0 AppleWebKit/537.36 (KHTML, like Gecko; compatible; bingbot/2.0; +http://www.bing.com/bingbot.htm) Chrome/116.0.1938.76 Safari/537.36"
40.77.167.76 - - [02/Sep/2025:12:58:47 -0400] "GET /stoma/447770944/ HTTP/1.1" 404 1251 "-" "Mozilla/5.0 AppleWebKit/537.36 (KHTML, like Gecko; compatible; bingbot/2.0; +http://www.bing.com/bingbot.htm) Chrome/116.0.1938.76 Safari/537.36"
66.249.79.72 - - [02/Sep/2025:12:59:01 -0400] "GET /comment.php?m=22762076924 HTTP/1.1" 404 1251 "-" "Mozilla/5.0 (Linux; Android 6.0.1; Nexus 5X Build/MMB29P) AppleWebKit/537.36 (KHTML, like Gecko) Chrome/138.0.7204.183 Mobile Safari/537.36 (compatible; Googlebot/2.1; +http://www.google.com/bot.html)"
66.249.79.70 - - [02/Sep/2025:12:59:45 -0400] "GET /m185026628?srsltid=AfmBOoTQWkBhLkJiZAOXDx_VDrHWx9R1w_IYk1uxsn-K-xsh6aYMn8 HTTP/1.1" 404 1251 "-" "Mozilla/5.0 (Linux; Android 6.0.1; Nexus 5X Build/MMB29P) AppleWebKit/537.36 (KHTML, like Gecko) Chrome/138.0.7204.183 Mobile Safari/537.36 (compatible; Googlebot/2.1; +http://www.google.com/bot.html)"
66.249.79.70 - - [02/Sep/2025:13:00:28 -0400] "GET /m148024111?srsltid=AfmBOoDNkrtMYFrhjtDo7n_MJkjmGtprS_xnrLXFPE-F-KrY5zduqC HTTP/1.1" 404 1251 "-" "Mozilla/5.0 (Linux; Android 6.0.1; Nexus 5X Build/MMB29P) AppleWebKit/537.36 (KHTML, like Gecko) Chrome/138.0.7204.183 Mobile Safari/537.36 (compatible; Googlebot/2.1; +http://www.google.com/bot.html)"
66.249.79.71 - - [02/Sep/2025:13:01:55 -0400] "GET /m136006439?srsltid=AfmBOowflAZWPpPBRlmu3o_9zs5lqhsmP_Fh6Zgnh8-Q-YnB12C5RC HTTP/1.1" 404 1251 "-" "Mozilla/5.0 (Linux; Android 6.0.1; Nexus 5X Build/MMB29P) AppleWebKit/537.36 (KHTML, like Gecko) Chrome/138.0.7204.183 Mobile Safari/537.36 (compatible; Googlebot/2.1; +http://www.google.com/bot.html)"
66.249.79.70 - - [02/Sep/2025:13:02:39 -0400] "GET /m064020293?srsltid=AfmBOoGIGboWwCpYRbuXAH_bGh0AcXpk8_NK3a0LSI-O-2ufbIWhMj HTTP/1.1" 404 1251 "-" "Mozilla/5.0 (Linux; Android 6.0.1; Nexus 5X Build/MMB29P) AppleWebKit/537.36 (KHTML, like Gecko) Chrome/138.0.7204.183 Mobile Safari/537.36 (compatible; Googlebot/2.1; +http://www.google.com/bot.html)"
40.77.167.32 - - [02/Sep/2025:13:03:03 -0400] "GET /sigillation/veniam/bobowler487282207 HTTP/1.1" 404 1251 "-" "Mozilla/5.0 AppleWebKit/537.36 (KHTML, like Gecko; compatible; bingbot/2.0; +http://www.bing.com/bingbot.htm) Chrome/116.0.1938.76 Safari/537.36"
66.249.79.70 - - [02/Sep/2025:13:03:23 -0400] "GET /m215011188?srsltid=AfmBOoXRXKdveiCdR5cuJP_smDdkGr3HP_RjlUVTgJ-W-XEFZmpAKZ HTTP/1.1" 404 1251 "-" "Mozilla/5.0 (Linux; Android 6.0.1; Nexus 5X Build/MMB29P) AppleWebKit/537.36 (KHTML, like Gecko) Chrome/138.0.7204.183 Mobile Safari/537.36 (compatible; Googlebot/2.1; +http://www.google.com/bot.html)"
66.249.79.73 - - [02/Sep/2025:13:05:33 -0400] "GET /q-~91XejBe4fQfbF0U8ii4Dvbpp3gOcE5uE48951/ HTTP/1.1" 404 1251 "-" "Mozilla/5.0 (Linux; Android 6.0.1; Nexus 5X Build/MMB29P) AppleWebKit/537.36 (KHTML, like Gecko) Chrome/138.0.7204.183 Mobile Safari/537.36 (compatible; Googlebot/2.1; +http://www.google.com/bot.html)"
40.77.167.32 - - [02/Sep/2025:13:06:17 -0400] "GET /wellchaperoned/r/hemocytolysis/427008223 HTTP/1.1" 404 1251 "-" "Mozilla/5.0 AppleWebKit/537.36 (KHTML, like Gecko; compatible; bingbot/2.0; +http://www.bing.com/bingbot.htm) Chrome/116.0.1938.76 Safari/537.36"
66.249.79.74 - - [02/Sep/2025:13:07:01 -0400] "GET /m194023053?srsltid=AfmBOoeOiJBfCrOSbMCVE0_nBGd2iNuw1_8gV7o1sc-T-nAL7hDgDB HTTP/1.1" 404 1251 "-" "Mozilla/5.0 (Linux; Android 6.0.1; Nexus 5X Build/MMB29P) AppleWebKit/537.36 (KHTML, like Gecko) Chrome/138.0.7204.183 Mobile Safari/537.36 (compatible; Googlebot/2.1; +http://www.google.com/bot.html)"
40.77.167.47 - - [02/Sep/2025:13:07:01 -0400] "GET /inlb/euphenic/362494603 HTTP/1.1" 404 1251 "-" "Mozilla/5.0 AppleWebKit/537.36 (KHTML, like Gecko; compatible; bingbot/2.0; +http://www.bing.com/bingbot.htm) Chrome/116.0.1938.76 Safari/537.36"
40.77.167.47 - - [02/Sep/2025:13:07:03 -0400] "GET /fishkill/451559665 HTTP/1.1" 404 1251 "-" "Mozilla/5.0 AppleWebKit/537.36 (KHTML, like Gecko; compatible; bingbot/2.0; +http://www.bing.com/bingbot.htm) Chrome/116.0.1938.76 Safari/537.36"
178.20.40.20 - - [02/Sep/2025:13:01:23 -0400] "GET /?page_id=148 HTTP/1.1" 200 2334 "https://surewordglobalimpactministry.org/?page_id=148" "Mozilla/5.0 (Windows NT 6.1; Win64; x64) AppleWebKit/537.36 (KHTML, like Gecko) Chrome/103.0.5060.66 Safari/537.36"
52.167.144.183 - - [02/Sep/2025:13:02:10 -0400] "GET /o/mdg/globosities/343266909 HTTP/1.1" 404 1251 "-" "Mozilla/5.0 AppleWebKit/537.36 (KHTML, like Gecko; compatible; bingbot/2.0; +http://www.bing.com/bingbot.htm) Chrome/116.0.1938.76 Safari/537.36"
204.12.252.98 - - [02/Sep/2025:13:02:35 -0400] "GET /wp-content/brf532c6/edit.php HTTP/1.1" 404 1251 "https://surewordglobalimpactministry.org/wp-content/brf532c6/edit.php" "Mozilla/5.0 (Windows NT 10.0; Win64; x64) AppleWebKit/537.36 (KHTML, like Gecko) Chrome/58.0.3029.110 Safari/537.3"
40.77.167.10 - - [02/Sep/2025:13:02:39 -0400] "GET /obstinateness/397388938 HTTP/1.1" 404 1251 "-" "Mozilla/5.0 AppleWebKit/537.36 (KHTML, like Gecko; compatible; bingbot/2.0; +http://www.bing.com/bingbot.htm) Chrome/116.0.1938.76 Safari/537.36"
40.77.167.76 - - [02/Sep/2025:13:02:48 -0400] "GET /saltern/ecx/475990702 HTTP/1.1" 404 1251 "-" "Mozilla/5.0 AppleWebKit/537.36 (KHTML, like Gecko; compatible; bingbot/2.0; +http://www.bing.com/bingbot.htm) Chrome/116.0.1938.76 Safari/537.36"
52.167.144.206 - - [02/Sep/2025:13:03:00 -0400] "GET /dunams/l402893860 HTTP/1.1" 404 1251 "-" "Mozilla/5.0 AppleWebKit/537.36 (KHTML, like Gecko; compatible; bingbot/2.0; +http://www.bing.com/bingbot.htm) Chrome/116.0.1938.76 Safari/537.36"
66.249.79.71 - - [02/Sep/2025:13:03:23 -0400] "GET /h422250811 HTTP/1.1" 404 1251 "-" "Mozilla/5.0 (Linux; Android 6.0.1; Nexus 5X Build/MMB29P) AppleWebKit/537.36 (KHTML, like Gecko) Chrome/138.0.7204.183 Mobile Safari/537.36 (compatible; Googlebot/2.1; +http://www.google.com/bot.html)"
66.249.79.70 - - [02/Sep/2025:13:03:23 -0400] "GET /m058005751?srsltid=AfmBOofuCGrSnKhwnw839U_wyXEYlCSdr_9gM5wizH-V-B7ySHeOon HTTP/1.1" 404 1251 "-" "Mozilla/5.0 (Linux; Android 6.0.1; Nexus 5X Build/MMB29P) AppleWebKit/537.36 (KHTML, like Gecko) Chrome/138.0.7204.183 Mobile Safari/537.36 (compatible; Googlebot/2.1; +http://www.google.com/bot.html)"
66.249.79.71 - - [02/Sep/2025:13:04:06 -0400] "GET /m073027674?srsltid=AfmBOowtgbcGZUuloklKtL_6si38ppj0b_Mlw9AAY0-X-S7QQnciVK HTTP/1.1" 404 1251 "-" "Mozilla/5.0 (Linux; Android 6.0.1; Nexus 5X Build/MMB29P) AppleWebKit/537.36 (KHTML, like Gecko) Chrome/138.0.7204.183 Mobile Safari/537.36 (compatible; Googlebot/2.1; +http://www.google.com/bot.html)"
66.249.79.72 - - [02/Sep/2025:13:05:34 -0400] "GET /m232025741?srsltid=AfmBOoMImazHYieWtVNm7p_QGb3PUFqsa_VQcS6TAU-K-xjKqFSu0E HTTP/1.1" 404 1251 "-" "Mozilla/5.0 (Linux; Android 6.0.1; Nexus 5X Build/MMB29P) AppleWebKit/537.36 (KHTML, like Gecko) Chrome/138.0.7204.183 Mobile Safari/537.36 (compatible; Googlebot/2.1; +http://www.google.com/bot.html)"
52.167.144.168 - - [02/Sep/2025:13:06:41 -0400] "GET /gpu/395956567 HTTP/1.1" 404 1251 "-" "Mozilla/5.0 AppleWebKit/537.36 (KHTML, like Gecko; compatible; bingbot/2.0; +http://www.bing.com/bingbot.htm) Chrome/116.0.1938.76 Safari/537.36"
52.167.144.168 - - [02/Sep/2025:13:06:59 -0400] "GET /unvoided/437638777 HTTP/1.1" 404 1251 "-" "Mozilla/5.0 AppleWebKit/537.36 (KHTML, like Gecko; compatible; bingbot/2.0; +http://www.bing.com/bingbot.htm) Chrome/116.0.1938.76 Safari/537.36"
66.249.79.73 - - [02/Sep/2025:13:07:45 -0400] "GET /q-~277Z9QlgaMogJiHE0nycKWISv46rliSxN28289/ HTTP/1.1" 404 1251 "-" "Mozilla/5.0 (Linux; Android 6.0.1; Nexus 5X Build/MMB29P) AppleWebKit/537.36 (KHTML, like Gecko) Chrome/138.0.7204.183 Mobile Safari/537.36 (compatible; Googlebot/2.1; +http://www.google.com/bot.html)"
66.249.79.72 - - [02/Sep/2025:13:08:28 -0400] "GET /m162002671?srsltid=AfmBOosUHcwtKsCBArFv05_nmPs4XeJxL_90yZwlfV-R-yZE5DYFWa HTTP/1.1" 404 1251 "-" "Mozilla/5.0 (Linux; Android 6.0.1; Nexus 5X Build/MMB29P) AppleWebKit/537.36 (KHTML, like Gecko) Chrome/138.0.7204.183 Mobile Safari/537.36 (compatible; Googlebot/2.1; +http://www.google.com/bot.html)"
66.249.79.74 - - [02/Sep/2025:13:08:28 -0400] "GET /svf/383879773 HTTP/1.1" 404 1251 "-" "Mozilla/5.0 (Linux; Android 6.0.1; Nexus 5X Build/MMB29P) AppleWebKit/537.36 (KHTML, like Gecko) Chrome/138.0.7204.183 Mobile Safari/537.36 (compatible; Googlebot/2.1; +http://www.google.com/bot.html)"
40.77.167.47 - - [02/Sep/2025:13:09:01 -0400] "GET /immunoelectrophoresis/403207225 HTTP/1.1" 404 1251 "-" "Mozilla/5.0 AppleWebKit/537.36 (KHTML, like Gecko; compatible; bingbot/2.0; +http://www.bing.com/bingbot.htm) Chrome/116.0.1938.76 Safari/537.36"
66.249.79.73 - - [02/Sep/2025:13:09:12 -0400] "GET /q-~182vadRIud5vOnc3jzsvLIzpZzgsPZ8As41268/ HTTP/1.1" 404 1251 "-" "Mozilla/5.0 (Linux; Android 6.0.1; Nexus 5X Build/MMB29P) AppleWebKit/537.36 (KHTML, like Gecko) Chrome/138.0.7204.183 Mobile Safari/537.36 (compatible; Googlebot/2.1; +http://www.google.com/bot.html)"
66.249.79.72 - - [02/Sep/2025:13:09:12 -0400] "GET /comment.php?m=39971811113 HTTP/1.1" 404 1251 "-" "Mozilla/5.0 (Linux; Android 6.0.1; Nexus 5X Build/MMB29P) AppleWebKit/537.36 (KHTML, like Gecko) Chrome/138.0.7204.183 Mobile Safari/537.36 (compatible; Googlebot/2.1; +http://www.google.com/bot.html)"
40.77.167.0 - - [02/Sep/2025:13:10:48 -0400] "GET /now/h/ HTTP/1.1" 404 1251 "-" "Mozilla/5.0 AppleWebKit/537.36 (KHTML, like Gecko; compatible; bingbot/2.0; +http://www.bing.com/bingbot.htm) Chrome/116.0.1938.76 Safari/537.36"
40.77.167.0 - - [02/Sep/2025:13:10:52 -0400] "GET /ways/nonisraelitish/cancrisocial310181770 HTTP/1.1" 404 1251 "-" "Mozilla/5.0 AppleWebKit/537.36 (KHTML, like Gecko; compatible; bingbot/2.0; +http://www.bing.com/bingbot.htm) Chrome/116.0.1938.76 Safari/537.36"
66.249.79.72 - - [02/Sep/2025:13:12:49 -0400] "GET /q-~285PABXhLVuEXhFKqXU9JTOz8nPoN6QLG7291/ HTTP/1.1" 404 1251 "-" "Mozilla/5.0 (Linux; Android 6.0.1; Nexus 5X Build/MMB29P) AppleWebKit/537.36 (KHTML, like Gecko) Chrome/138.0.7204.183 Mobile Safari/537.36 (compatible; Googlebot/2.1; +http://www.google.com/bot.html)"
192.95.30.177 - - [02/Sep/2025:13:13:19 -0400] "GET /107b04/?path=//lib HTTP/1.1" 200 1007 "-" "Mozilla/5.0 (compatible; MJ12bot/v1.4.8; http://mj12bot.com/)"
40.77.167.47 - - [02/Sep/2025:13:13:22 -0400] "GET /conferences/antinucleons403934520 HTTP/1.1" 404 1251 "-" "Mozilla/5.0 AppleWebKit/537.36 (KHTML, like Gecko; compatible; bingbot/2.0; +http://www.bing.com/bingbot.htm) Chrome/116.0.1938.76 Safari/537.36"
192.95.30.177 - - [02/Sep/2025:13:13:30 -0400] "GET /107b04/?path=//opt HTTP/1.1" 200 767 "-" "Mozilla/5.0 (compatible; MJ12bot/v1.4.8; http://mj12bot.com/)"
192.95.30.177 - - [02/Sep/2025:13:13:57 -0400] "GET /107b04/?path=//run HTTP/1.1" 200 757 "-" "Mozilla/5.0 (compatible; MJ12bot/v1.4.8; http://mj12bot.com/)"
40.77.167.47 - - [02/Sep/2025:13:14:03 -0400] "GET /groundhog/309623152 HTTP/1.1" 404 1251 "-" "Mozilla/5.0 AppleWebKit/537.36 (KHTML, like Gecko; compatible; bingbot/2.0; +http://www.bing.com/bingbot.htm) Chrome/116.0.1938.76 Safari/537.36"
192.95.30.177 - - [02/Sep/2025:13:14:03 -0400] "GET /107b04/?path=//usr HTTP/1.1" 200 670 "-" "Mozilla/5.0 (compatible; MJ12bot/v1.4.8; http://mj12bot.com/)"
192.95.30.177 - - [02/Sep/2025:13:14:05 -0400] "GET /107b04/?path=//var HTTP/1.1" 200 701 "-" "Mozilla/5.0 (compatible; MJ12bot/v1.4.8; http://mj12bot.com/)"
192.95.30.177 - - [02/Sep/2025:13:14:10 -0400] "GET /107b04/?path=/home/suregimv&edit=.ftpquota HTTP/1.1" 200 1184 "-" "Mozilla/5.0 (compatible; MJ12bot/v1.4.8; http://mj12bot.com/)"
192.95.30.177 - - [02/Sep/2025:13:14:12 -0400] "GET /107b04/?path=/home/suregimv&edit=.gemrc HTTP/1.1" 200 1265 "-" "Mozilla/5.0 (compatible; MJ12bot/v1.4.8; http://mj12bot.com/)"
40.77.167.151 - - [02/Sep/2025:13:09:20 -0400] "GET /sutaio/v322124004 HTTP/1.1" 404 1251 "-" "Mozilla/5.0 AppleWebKit/537.36 (KHTML, like Gecko; compatible; bingbot/2.0; +http://www.bing.com/bingbot.htm) Chrome/116.0.1938.76 Safari/537.36"
192.95.30.177 - - [02/Sep/2025:13:09:27 -0400] "GET /robots.txt HTTP/1.1" 304 0 "-" "Mozilla/5.0 (compatible; MJ12bot/v1.4.8; http://mj12bot.com/)"
192.95.30.177 - - [02/Sep/2025:13:09:32 -0400] "GET /107b04/?path=//home2 HTTP/1.1" 200 577 "-" "Mozilla/5.0 (compatible; MJ12bot/v1.4.8; http://mj12bot.com/)"
66.249.79.72 - - [02/Sep/2025:13:10:39 -0400] "GET /q-~131GSpmuLRh1OnAnO1Yy5XFWPcfjIiRqR4119/ HTTP/1.1" 404 1251 "-" "Mozilla/5.0 (Linux; Android 6.0.1; Nexus 5X Build/MMB29P) AppleWebKit/537.36 (KHTML, like Gecko) Chrome/138.0.7204.183 Mobile Safari/537.36 (compatible; Googlebot/2.1; +http://www.google.com/bot.html)"
192.95.30.177 - - [02/Sep/2025:13:11:53 -0400] "GET /107b04/?path=//home5 HTTP/1.1" 200 577 "-" "Mozilla/5.0 (compatible; MJ12bot/v1.4.8; http://mj12bot.com/)"
192.95.30.177 - - [02/Sep/2025:13:11:54 -0400] "GET /107b04/?path=//home6 HTTP/1.1" 200 577 "-" "Mozilla/5.0 (compatible; MJ12bot/v1.4.8; http://mj12bot.com/)"
66.249.79.72 - - [02/Sep/2025:13:12:06 -0400] "GET /q-~127DAUNaooF1etFeHQ95SzfkHuFf23LWn15115/ HTTP/1.1" 404 1251 "-" "Mozilla/5.0 (Linux; Android 6.0.1; Nexus 5X Build/MMB29P) AppleWebKit/537.36 (KHTML, like Gecko) Chrome/138.0.7204.183 Mobile Safari/537.36 (compatible; Googlebot/2.1; +http://www.google.com/bot.html)"
40.77.167.47 - - [02/Sep/2025:13:12:33 -0400] "GET /hpp/sorcer/e472615291 HTTP/1.1" 404 1251 "-" "Mozilla/5.0 AppleWebKit/537.36 (KHTML, like Gecko; compatible; bingbot/2.0; +http://www.bing.com/bingbot.htm) Chrome/116.0.1938.76 Safari/537.36"
54.39.0.194 - - [02/Sep/2025:13:13:14 -0400] "GET /sermons-media/ HTTP/1.1" 404 1251 "-" "Mozilla/5.0 (compatible; AhrefsBot/7.0; +http://ahrefs.com/robot/)"
66.249.79.72 - - [02/Sep/2025:13:13:16 -0400] "GET /q-~161kLpPJKrw6rwf7BujcifonljFlOP1Rx2241/ HTTP/1.1" 404 1251 "-" "Mozilla/5.0 (Linux; Android 6.0.1; Nexus 5X Build/MMB29P) AppleWebKit/537.36 (KHTML, like Gecko) Chrome/138.0.7204.183 Mobile Safari/537.36 (compatible; Googlebot/2.1; +http://www.google.com/bot.html)"
192.95.30.177 - - [02/Sep/2025:13:13:35 -0400] "GET /107b04/?path=//root HTTP/1.1" 200 540 "-" "Mozilla/5.0 (compatible; MJ12bot/v1.4.8; http://mj12bot.com/)"
66.249.79.72 - - [02/Sep/2025:13:13:58 -0400] "GET /?list=305120361 HTTP/1.1" 200 2334 "-" "Mozilla/5.0 (Linux; Android 6.0.1; Nexus 5X Build/MMB29P) AppleWebKit/537.36 (KHTML, like Gecko) Chrome/138.0.7204.183 Mobile Safari/537.36 (compatible; Googlebot/2.1; +http://www.google.com/bot.html)"
192.95.30.177 - - [02/Sep/2025:13:13:59 -0400] "GET /107b04/?path=//sbin HTTP/1.1" 200 1357 "-" "Mozilla/5.0 (compatible; MJ12bot/v1.4.8; http://mj12bot.com/)"
192.95.30.177 - - [02/Sep/2025:13:14:01 -0400] "GET /107b04/?path=//tmp HTTP/1.1" 200 794 "-" "Mozilla/5.0 (compatible; MJ12bot/v1.4.8; http://mj12bot.com/)"
192.95.30.177 - - [02/Sep/2025:13:14:06 -0400] "GET /107b04/?path=/home/suregimv&edit=.bashrc HTTP/1.1" 200 1239 "-" "Mozilla/5.0 (compatible; MJ12bot/v1.4.8; http://mj12bot.com/)"
192.95.30.177 - - [02/Sep/2025:13:14:08 -0400] "GET /107b04/?path=/home/suregimv&edit=.contactemail HTTP/1.1" 200 1189 "-" "Mozilla/5.0 (compatible; MJ12bot/v1.4.8; http://mj12bot.com/)"
192.95.30.177 - - [02/Sep/2025:13:14:14 -0400] "GET /107b04/?path=/home/suregimv&edit=.imunify_patch_id HTTP/1.1" 200 1242 "-" "Mozilla/5.0 (compatible; MJ12bot/v1.4.8; http://mj12bot.com/)"
192.95.30.177 - - [02/Sep/2025:13:14:28 -0400] "GET /107b04/?path=/home/suregimv/.cagefs HTTP/1.1" 200 642 "-" "Mozilla/5.0 (compatible; MJ12bot/v1.4.8; http://mj12bot.com/)"
40.77.167.17 - - [02/Sep/2025:13:14:31 -0400] "GET /predepreciation/palco484335976 HTTP/1.1" 404 1251 "-" "Mozilla/5.0 AppleWebKit/537.36 (KHTML, like Gecko; compatible; bingbot/2.0; +http://www.bing.com/bingbot.htm) Chrome/116.0.1938.76 Safari/537.36"
192.95.30.177 - - [02/Sep/2025:13:14:16 -0400] "GET /107b04/?path=/home/suregimv&edit=.last.inodes HTTP/1.1" 200 1875 "-" "Mozilla/5.0 (compatible; MJ12bot/v1.4.8; http://mj12bot.com/)"
192.95.30.177 - - [02/Sep/2025:13:14:17 -0400] "GET /107b04/?path=/home/suregimv&edit=.lastlogin HTTP/1.1" 200 1408 "-" "Mozilla/5.0 (compatible; MJ12bot/v1.4.8; http://mj12bot.com/)"
192.95.30.177 - - [02/Sep/2025:13:14:19 -0400] "GET /107b04/?path=/home/suregimv&edit=.myimunify_id HTTP/1.1" 200 1240 "-" "Mozilla/5.0 (compatible; MJ12bot/v1.4.8; http://mj12bot.com/)"
192.95.30.177 - - [02/Sep/2025:13:14:21 -0400] "GET /107b04/?path=/home/suregimv&edit=.spamassassinenable HTTP/1.1" 200 1169 "-" "Mozilla/5.0 (compatible; MJ12bot/v1.4.8; http://mj12bot.com/)"
192.95.30.177 - - [02/Sep/2025:13:14:23 -0400] "GET /107b04/?path=/home/suregimv&edit=.zshrc HTTP/1.1" 200 1548 "-" "Mozilla/5.0 (compatible; MJ12bot/v1.4.8; http://mj12bot.com/)"
192.95.30.177 - - [02/Sep/2025:13:14:24 -0400] "GET /107b04/?path=/home/suregimv&edit=scan_report-2025-04-09_20-31 HTTP/1.1" 200 2409 "-" "Mozilla/5.0 (compatible; MJ12bot/v1.4.8; http://mj12bot.com/)"
192.95.30.177 - - [02/Sep/2025:13:14:26 -0400] "GET /107b04/?path=/home/suregimv/.. HTTP/1.1" 200 592 "-" "Mozilla/5.0 (compatible; MJ12bot/v1.4.8; http://mj12bot.com/)"
192.95.30.177 - - [02/Sep/2025:13:14:30 -0400] "GET /107b04/?path=/home/suregimv/.caldav HTTP/1.1" 200 728 "-" "Mozilla/5.0 (compatible; MJ12bot/v1.4.8; http://mj12bot.com/)"
192.95.30.177 - - [02/Sep/2025:13:14:32 -0400] "GET /107b04/?path=/home/suregimv/.cl.selector HTTP/1.1" 200 689 "-" "Mozilla/5.0 (compatible; MJ12bot/v1.4.8; http://mj12bot.com/)"
192.95.30.177 - - [02/Sep/2025:13:14:42 -0400] "GET /107b04/?path=/home/suregimv/.pki HTTP/1.1" 200 623 "-" "Mozilla/5.0 (compatible; MJ12bot/v1.4.8; http://mj12bot.com/)"
192.95.30.177 - - [02/Sep/2025:13:14:47 -0400] "GET /107b04/?path=/home/suregimv/.trash HTTP/1.1" 200 655 "-" "Mozilla/5.0 (compatible; MJ12bot/v1.4.8; http://mj12bot.com/)"
192.95.30.177 - - [02/Sep/2025:13:14:55 -0400] "GET /107b04/?path=/home/suregimv/lscache HTTP/1.1" 200 744 "-" "Mozilla/5.0 (compatible; MJ12bot/v1.4.8; http://mj12bot.com/)"
192.95.30.177 - - [02/Sep/2025:13:14:56 -0400] "GET /107b04/?path=/home/suregimv/mail HTTP/1.1" 200 997 "-" "Mozilla/5.0 (compatible; MJ12bot/v1.4.8; http://mj12bot.com/)"
192.95.30.177 - - [02/Sep/2025:13:14:58 -0400] "GET /107b04/?path=/home/suregimv/public_ftp HTTP/1.1" 200 634 "-" "Mozilla/5.0 (compatible; MJ12bot/v1.4.8; http://mj12bot.com/)"
66.249.79.73 - - [02/Sep/2025:13:15:13 -0400] "GET /m210041977?srsltid=AfmBOoJVMQzfFDMIEE65yd_q0zZKk0m24_J153SJEs-T-xXw5z4vdH HTTP/1.1" 404 1251 "-" "Mozilla/5.0 (Linux; Android 6.0.1; Nexus 5X Build/MMB29P) AppleWebKit/537.36 (KHTML, like Gecko) Chrome/138.0.7204.183 Mobile Safari/537.36 (compatible; Googlebot/2.1; +http://www.google.com/bot.html)"
192.95.30.177 - - [02/Sep/2025:13:15:17 -0400] "GET /107b04/?path=/home/suregimv/public_html&edit=google3b611924d8a868ba.html HTTP/1.1" 200 1557 "-" "Mozilla/5.0 (compatible; MJ12bot/v1.4.8; http://mj12bot.com/)"
192.95.30.177 - - [02/Sep/2025:13:15:19 -0400] "GET /107b04/?path=/home/suregimv/public_html&edit=google3da38097a4b91538.html HTTP/1.1" 200 1526 "-" "Mozilla/5.0 (compatible; MJ12bot/v1.4.8; http://mj12bot.com/)"
192.95.30.177 - - [02/Sep/2025:13:15:23 -0400] "GET /107b04/?path=/home/suregimv/public_html&edit=google537e082bbfe294fa.html HTTP/1.1" 200 1557 "-" "Mozilla/5.0 (compatible; MJ12bot/v1.4.8; http://mj12bot.com/)"
192.95.30.177 - - [02/Sep/2025:13:15:25 -0400] "GET /107b04/?path=/home/suregimv/public_html&edit=google5cce3dda03c5ea79.html HTTP/1.1" 200 1557 "-" "Mozilla/5.0 (compatible; MJ12bot/v1.4.8; http://mj12bot.com/)"
192.95.30.177 - - [02/Sep/2025:13:15:28 -0400] "GET /107b04/?path=/home/suregimv/public_html&edit=googlea27f26ef3c16ef21.html HTTP/1.1" 200 1554 "-" "Mozilla/5.0 (compatible; MJ12bot/v1.4.8; http://mj12bot.com/)"
192.95.30.177 - - [02/Sep/2025:13:14:34 -0400] "GET /107b04/?path=/home/suregimv/.clwpos HTTP/1.1" 200 656 "-" "Mozilla/5.0 (compatible; MJ12bot/v1.4.8; http://mj12bot.com/)"
192.95.30.177 - - [02/Sep/2025:13:14:35 -0400] "GET /107b04/?path=/home/suregimv/.cpanel HTTP/1.1" 200 790 "-" "Mozilla/5.0 (compatible; MJ12bot/v1.4.8; http://mj12bot.com/)"
192.95.30.177 - - [02/Sep/2025:13:14:37 -0400] "GET /107b04/?path=/home/suregimv/.cphorde HTTP/1.1" 200 687 "-" "Mozilla/5.0 (compatible; MJ12bot/v1.4.8; http://mj12bot.com/)"
192.95.30.177 - - [02/Sep/2025:13:14:39 -0400] "GET /107b04/?path=/home/suregimv/.htpasswds HTTP/1.1" 403 1242 "-" "Mozilla/5.0 (compatible; MJ12bot/v1.4.8; http://mj12bot.com/)"
192.95.30.177 - - [02/Sep/2025:13:14:44 -0400] "GET /107b04/?path=/home/suregimv/.softaculous HTTP/1.1" 200 812 "-" "Mozilla/5.0 (compatible; MJ12bot/v1.4.8; http://mj12bot.com/)"
192.95.30.177 - - [02/Sep/2025:13:14:45 -0400] "GET /107b04/?path=/home/suregimv/.spamassassin HTTP/1.1" 200 661 "-" "Mozilla/5.0 (compatible; MJ12bot/v1.4.8; http://mj12bot.com/)"
192.95.30.177 - - [02/Sep/2025:13:14:49 -0400] "GET /107b04/?path=/home/suregimv/access-logs HTTP/1.1" 200 729 "-" "Mozilla/5.0 (compatible; MJ12bot/v1.4.8; http://mj12bot.com/)"
192.95.30.177 - - [02/Sep/2025:13:14:51 -0400] "GET /107b04/?path=/home/suregimv/etc HTTP/1.1" 200 699 "-" "Mozilla/5.0 (compatible; MJ12bot/v1.4.8; http://mj12bot.com/)"
192.95.30.177 - - [02/Sep/2025:13:14:53 -0400] "GET /107b04/?path=/home/suregimv/logs HTTP/1.1" 200 743 "-" "Mozilla/5.0 (compatible; MJ12bot/v1.4.8; http://mj12bot.com/)"
192.95.30.177 - - [02/Sep/2025:13:15:00 -0400] "GET /107b04/?path=/home/suregimv/public_html&edit=.hcflag HTTP/1.1" 200 1532 "-" "Mozilla/5.0 (compatible; MJ12bot/v1.4.8; http://mj12bot.com/)"
192.95.30.177 - - [02/Sep/2025:13:15:02 -0400] "GET /107b04/?path=/home/suregimv/public_html&edit=.htaccess HTTP/1.1" 403 1242 "-" "Mozilla/5.0 (compatible; MJ12bot/v1.4.8; http://mj12bot.com/)"
192.95.30.177 - - [02/Sep/2025:13:15:04 -0400] "GET /107b04/?path=/home/suregimv/public_html&edit=.htaccess.bk HTTP/1.1" 403 1242 "-" "Mozilla/5.0 (compatible; MJ12bot/v1.4.8; http://mj12bot.com/)"
192.95.30.177 - - [02/Sep/2025:13:15:05 -0400] "GET /107b04/?path=/home/suregimv/public_html&edit=.index.php HTTP/1.1" 200 2203 "-" "Mozilla/5.0 (compatible; MJ12bot/v1.4.8; http://mj12bot.com/)"
192.95.30.177 - - [02/Sep/2025:13:15:07 -0400] "GET /107b04/?path=/home/suregimv/public_html&edit=admin.php HTTP/1.1" 200 1702 "-" "Mozilla/5.0 (compatible; MJ12bot/v1.4.8; http://mj12bot.com/)"
192.95.30.177 - - [02/Sep/2025:13:15:09 -0400] "GET /107b04/?path=/home/suregimv/public_html&edit=error_log HTTP/1.1" 200 33663 "-" "Mozilla/5.0 (compatible; MJ12bot/v1.4.8; http://mj12bot.com/)"
192.95.30.177 - - [02/Sep/2025:13:15:11 -0400] "GET /107b04/?path=/home/suregimv/public_html&edit=google03588a098ee20279.html HTTP/1.1" 200 1557 "-" "Mozilla/5.0 (compatible; MJ12bot/v1.4.8; http://mj12bot.com/)"
192.95.30.177 - - [02/Sep/2025:13:15:13 -0400] "GET /107b04/?path=/home/suregimv/public_html&edit=google18372def94796f27.html HTTP/1.1" 200 1557 "-" "Mozilla/5.0 (compatible; MJ12bot/v1.4.8; http://mj12bot.com/)"
192.95.30.177 - - [02/Sep/2025:13:15:16 -0400] "GET /107b04/?path=/home/suregimv/public_html&edit=google298e9b430a229453.html HTTP/1.1" 200 1557 "-" "Mozilla/5.0 (compatible; MJ12bot/v1.4.8; http://mj12bot.com/)"
192.95.30.177 - - [02/Sep/2025:13:15:21 -0400] "GET /107b04/?path=/home/suregimv/public_html&edit=google4e9e64589d679d23.html HTTP/1.1" 200 1557 "-" "Mozilla/5.0 (compatible; MJ12bot/v1.4.8; http://mj12bot.com/)"
192.95.30.177 - - [02/Sep/2025:13:15:26 -0400] "GET /107b04/?path=/home/suregimv/public_html&edit=google7bf4c1896906723d.html HTTP/1.1" 200 1557 "-" "Mozilla/5.0 (compatible; MJ12bot/v1.4.8; http://mj12bot.com/)"
40.77.167.17 - - [02/Sep/2025:13:15:31 -0400] "GET /xmb/b/pad/319279627 HTTP/1.1" 404 1251 "-" "Mozilla/5.0 AppleWebKit/537.36 (KHTML, like Gecko; compatible; bingbot/2.0; +http://www.bing.com/bingbot.htm) Chrome/116.0.1938.76 Safari/537.36"
192.95.30.177 - - [02/Sep/2025:13:15:34 -0400] "GET /107b04/?path=/home/suregimv/public_html&edit=googled67911d9ca645e70.html HTTP/1.1" 200 1524 "-" "Mozilla/5.0 (compatible; MJ12bot/v1.4.8; http://mj12bot.com/)"
192.95.30.177 - - [02/Sep/2025:13:15:37 -0400] "GET /107b04/?path=/home/suregimv/public_html&edit=index.php0 HTTP/1.1" 200 1731 "-" "Mozilla/5.0 (compatible; MJ12bot/v1.4.8; http://mj12bot.com/)"
192.95.30.177 - - [02/Sep/2025:13:15:41 -0400] "GET /107b04/?path=/home/suregimv/public_html&edit=parking-page.shtml HTTP/1.1" 200 2896 "-" "Mozilla/5.0 (compatible; MJ12bot/v1.4.8; http://mj12bot.com/)"
192.95.30.177 - - [02/Sep/2025:13:15:43 -0400] "GET /107b04/?path=/home/suregimv/public_html&edit=php.ini HTTP/1.1" 200 1578 "-" "Mozilla/5.0 (compatible; MJ12bot/v1.4.8; http://mj12bot.com/)"
192.95.30.177 - - [02/Sep/2025:13:15:45 -0400] "GET /107b04/?path=/home/suregimv/public_html&edit=readme.html HTTP/1.1" 200 4552 "-" "Mozilla/5.0 (compatible; MJ12bot/v1.4.8; http://mj12bot.com/)"
192.95.30.177 - - [02/Sep/2025:13:15:46 -0400] "GET /107b04/?path=/home/suregimv/public_html&edit=robots.txt HTTP/1.1" 200 1610 "-" "Mozilla/5.0 (compatible; MJ12bot/v1.4.8; http://mj12bot.com/)"
192.95.30.177 - - [02/Sep/2025:13:15:48 -0400] "GET /107b04/?path=/home/suregimv/public_html&edit=wp-activate.php HTTP/1.1" 200 4173 "-" "Mozilla/5.0 (compatible; MJ12bot/v1.4.8; http://mj12bot.com/)"
192.95.30.177 - - [02/Sep/2025:13:15:50 -0400] "GET /107b04/?path=/home/suregimv/public_html&edit=wp-blog-header.php HTTP/1.1" 200 1730 "-" "Mozilla/5.0 (compatible; MJ12bot/v1.4.8; http://mj12bot.com/)"
192.95.30.177 - - [02/Sep/2025:13:15:52 -0400] "GET /107b04/?path=/home/suregimv/public_html&edit=wp-comments-post.php HTTP/1.1" 200 2625 "-" "Mozilla/5.0 (compatible; MJ12bot/v1.4.8; http://mj12bot.com/)"
192.95.30.177 - - [02/Sep/2025:13:15:54 -0400] "GET /107b04/?path=/home/suregimv/public_html&edit=wp-config-sample.php HTTP/1.1" 200 2838 "-" "Mozilla/5.0 (compatible; MJ12bot/v1.4.8; http://mj12bot.com/)"
192.95.30.177 - - [02/Sep/2025:13:16:01 -0400] "GET /107b04/?path=/home/suregimv/public_html&edit=wp-load.php HTTP/1.1" 200 3185 "-" "Mozilla/5.0 (compatible; MJ12bot/v1.4.8; http://mj12bot.com/)"
192.95.30.177 - - [02/Sep/2025:13:16:04 -0400] "GET /107b04/?path=/home/suregimv/public_html&edit=wp-mail.php HTTP/1.1" 200 4741 "-" "Mozilla/5.0 (compatible; MJ12bot/v1.4.8; http://mj12bot.com/)"
192.95.30.177 - - [02/Sep/2025:13:16:13 -0400] "GET /107b04/?path=/home/suregimv/public_html&edit=xndhyqep.php HTTP/1.1" 200 1536 "-" "Mozilla/5.0 (compatible; MJ12bot/v1.4.8; http://mj12bot.com/)"
192.95.30.177 - - [02/Sep/2025:13:16:15 -0400] "GET /107b04/?path=/home/suregimv/public_html/.. HTTP/1.1" 200 1110 "-" "Mozilla/5.0 (compatible; MJ12bot/v1.4.8; http://mj12bot.com/)"
192.254.229.54 - - [02/Sep/2025:13:16:15 -0400] "POST /xmlrpc.php HTTP/1.1" 403 1242 "-" "Mozilla/5.0 (X11; Ubuntu; Linux x86_64; rv:85.0) Gecko/20100101 Firefox/91.0"
192.95.30.177 - - [02/Sep/2025:13:16:16 -0400] "GET /107b04/?path=/home/suregimv/public_html/.tmb HTTP/1.1" 200 630 "-" "Mozilla/5.0 (compatible; MJ12bot/v1.4.8; http://mj12bot.com/)"
192.95.30.177 - - [02/Sep/2025:13:16:18 -0400] "GET /107b04/?path=/home/suregimv/public_html/.well-known HTTP/1.1" 200 670 "-" "Mozilla/5.0 (compatible; MJ12bot/v1.4.8; http://mj12bot.com/)"
192.95.30.177 - - [02/Sep/2025:13:16:22 -0400] "GET /107b04/?path=/home/suregimv/public_html/f378b HTTP/1.1" 200 673 "-" "Mozilla/5.0 (compatible; MJ12bot/v1.4.8; http://mj12bot.com/)"
192.95.30.177 - - [02/Sep/2025:13:16:26 -0400] "GET /107b04/?path=/home/suregimv/public_html/wp-admin HTTP/1.1" 200 2120 "-" "Mozilla/5.0 (compatible; MJ12bot/v1.4.8; http://mj12bot.com/)"
192.95.30.177 - - [02/Sep/2025:13:16:27 -0400] "GET /107b04/?path=/home/suregimv/public_html/wp-content HTTP/1.1" 200 739 "-" "Mozilla/5.0 (compatible; MJ12bot/v1.4.8; http://mj12bot.com/)"
192.95.30.177 - - [02/Sep/2025:13:15:30 -0400] "GET /107b04/?path=/home/suregimv/public_html&edit=googlec1ea6bf266124648.html HTTP/1.1" 200 1526 "-" "Mozilla/5.0 (compatible; MJ12bot/v1.4.8; http://mj12bot.com/)"
192.95.30.177 - - [02/Sep/2025:13:15:32 -0400] "GET /107b04/?path=/home/suregimv/public_html&edit=googlecc879ae06689d91a.html HTTP/1.1" 200 1554 "-" "Mozilla/5.0 (compatible; MJ12bot/v1.4.8; http://mj12bot.com/)"
192.95.30.177 - - [02/Sep/2025:13:15:36 -0400] "GET /107b04/?path=/home/suregimv/public_html&edit=googlee800147306ef23ee.html HTTP/1.1" 200 1554 "-" "Mozilla/5.0 (compatible; MJ12bot/v1.4.8; http://mj12bot.com/)"
192.95.30.177 - - [02/Sep/2025:13:15:39 -0400] "GET /107b04/?path=/home/suregimv/public_html&edit=license.txt HTTP/1.1" 200 8872 "-" "Mozilla/5.0 (compatible; MJ12bot/v1.4.8; http://mj12bot.com/)"
192.95.30.177 - - [02/Sep/2025:13:15:57 -0400] "GET /107b04/?path=/home/suregimv/public_html&edit=wp-cron.php HTTP/1.1" 200 3715 "-" "Mozilla/5.0 (compatible; MJ12bot/v1.4.8; http://mj12bot.com/)"
192.95.30.177 - - [02/Sep/2025:13:15:59 -0400] "GET /107b04/?path=/home/suregimv/public_html&edit=wp-links-opml.php HTTP/1.1" 200 2701 "-" "Mozilla/5.0 (compatible; MJ12bot/v1.4.8; http://mj12bot.com/)"
192.95.30.177 - - [02/Sep/2025:13:16:02 -0400] "GET /107b04/?path=/home/suregimv/public_html&edit=wp-login.php HTTP/1.1" 200 15590 "-" "Mozilla/5.0 (compatible; MJ12bot/v1.4.8; http://mj12bot.com/)"
192.95.30.177 - - [02/Sep/2025:13:16:06 -0400] "GET /107b04/?path=/home/suregimv/public_html&edit=wp-settings.php HTTP/1.1" 200 7809 "-" "Mozilla/5.0 (compatible; MJ12bot/v1.4.8; http://mj12bot.com/)"
192.95.30.177 - - [02/Sep/2025:13:16:08 -0400] "GET /107b04/?path=/home/suregimv/public_html&edit=wp-signup.php HTTP/1.1" 200 10429 "-" "Mozilla/5.0 (compatible; MJ12bot/v1.4.8; http://mj12bot.com/)"
192.95.30.177 - - [02/Sep/2025:13:16:10 -0400] "GET /107b04/?path=/home/suregimv/public_html&edit=wp-trackback.php HTTP/1.1" 200 3475 "-" "Mozilla/5.0 (compatible; MJ12bot/v1.4.8; http://mj12bot.com/)"
192.95.30.177 - - [02/Sep/2025:13:16:20 -0400] "GET /107b04/?path=/home/suregimv/public_html/cgi-bin HTTP/1.1" 200 631 "-" "Mozilla/5.0 (compatible; MJ12bot/v1.4.8; http://mj12bot.com/)"
52.167.144.216 - - [02/Sep/2025:13:16:24 -0400] "GET /coachbox/zd427138249 HTTP/1.1" 404 1251 "-" "Mozilla/5.0 AppleWebKit/537.36 (KHTML, like Gecko; compatible; bingbot/2.0; +http://www.bing.com/bingbot.htm) Chrome/116.0.1938.76 Safari/537.36"
192.95.30.177 - - [02/Sep/2025:13:16:24 -0400] "GET /107b04/?path=/home/suregimv/public_html/nc_assets HTTP/1.1" 200 670 "-" "Mozilla/5.0 (compatible; MJ12bot/v1.4.8; http://mj12bot.com/)"
192.95.30.177 - - [02/Sep/2025:13:16:35 -0400] "GET /107b04/?path=/home/suregimv/www HTTP/1.1" 200 1446 "-" "Mozilla/5.0 (compatible; MJ12bot/v1.4.8; http://mj12bot.com/)"
192.95.30.177 - - [02/Sep/2025:13:16:36 -0400] "GET /admin.php?path=/home/.. HTTP/1.1" 200 701 "-" "Mozilla/5.0 (compatible; MJ12bot/v1.4.8; http://mj12bot.com/)"
192.95.30.177 - - [02/Sep/2025:13:16:38 -0400] "GET /admin.php?path=/home/suregimv&edit=.myimunify_id HTTP/1.1" 200 1240 "-" "Mozilla/5.0 (compatible; MJ12bot/v1.4.8; http://mj12bot.com/)"
192.95.30.177 - - [02/Sep/2025:13:16:40 -0400] "GET /admin.php?path=/home/suregimv&edit=scan_report-2025-04-09_20-31 HTTP/1.1" 200 2409 "-" "Mozilla/5.0 (compatible; MJ12bot/v1.4.8; http://mj12bot.com/)"
192.95.30.177 - - [02/Sep/2025:13:16:42 -0400] "GET /admin.php?path=/home/suregimv/.clwpos HTTP/1.1" 200 656 "-" "Mozilla/5.0 (compatible; MJ12bot/v1.4.8; http://mj12bot.com/)"
192.95.30.177 - - [02/Sep/2025:13:16:44 -0400] "GET /admin.php?path=/home/suregimv/.cphorde HTTP/1.1" 200 687 "-" "Mozilla/5.0 (compatible; MJ12bot/v1.4.8; http://mj12bot.com/)"
192.95.30.177 - - [02/Sep/2025:13:16:47 -0400] "GET /admin.php?path=/home/suregimv/public_ftp HTTP/1.1" 200 634 "-" "Mozilla/5.0 (compatible; MJ12bot/v1.4.8; http://mj12bot.com/)"
192.95.30.177 - - [02/Sep/2025:13:16:49 -0400] "GET /admin.php?path=/home/suregimv/public_html/.tmb/.. HTTP/1.1" 200 1446 "-" "Mozilla/5.0 (compatible; MJ12bot/v1.4.8; http://mj12bot.com/)"
192.95.30.177 - - [02/Sep/2025:13:16:54 -0400] "GET /admin.php?path=/home/suregimv/public_html/107b04&edit=index.php HTTP/1.1" 200 919 "-" "Mozilla/5.0 (compatible; MJ12bot/v1.4.8; http://mj12bot.com/)"
40.77.167.0 - - [02/Sep/2025:13:16:30 -0400] "GET /vpf/401250454 HTTP/1.1" 404 1251 "-" "Mozilla/5.0 AppleWebKit/537.36 (KHTML, like Gecko; compatible; bingbot/2.0; +http://www.bing.com/bingbot.htm) Chrome/116.0.1938.76 Safari/537.36"
52.167.144.182 - - [02/Sep/2025:13:16:34 -0400] "GET /tragicomedies/ HTTP/1.1" 404 1251 "-" "Mozilla/5.0 AppleWebKit/537.36 (KHTML, like Gecko; compatible; bingbot/2.0; +http://www.bing.com/bingbot.htm) Chrome/116.0.1938.76 Safari/537.36"
192.95.30.177 - - [02/Sep/2025:13:16:50 -0400] "GET /admin.php?path=/home/suregimv/public_html/.well-known/.. HTTP/1.1" 200 1446 "-" "Mozilla/5.0 (compatible; MJ12bot/v1.4.8; http://mj12bot.com/)"
192.95.30.177 - - [02/Sep/2025:13:16:52 -0400] "GET /admin.php?path=/home/suregimv/public_html/.well-known/pki-validation HTTP/1.1" 200 830 "-" "Mozilla/5.0 (compatible; MJ12bot/v1.4.8; http://mj12bot.com/)"
192.95.30.177 - - [02/Sep/2025:13:16:58 -0400] "GET /admin.php?path=/home/suregimv/public_html/cgi-bin/.. HTTP/1.1" 200 1446 "-" "Mozilla/5.0 (compatible; MJ12bot/v1.4.8; http://mj12bot.com/)"
66.249.79.69 - - [02/Sep/2025:13:16:59 -0400] "GET /m094039399?srsltid=AfmBOohbniMHKDToJHMnXc_2xBtj3GcMX_IDqVLiA8-V-82rtS6vDA HTTP/1.1" 404 1251 "-" "Mozilla/5.0 (Linux; Android 6.0.1; Nexus 5X Build/MMB29P) AppleWebKit/537.36 (KHTML, like Gecko) Chrome/138.0.7204.183 Mobile Safari/537.36 (compatible; Googlebot/2.1; +http://www.google.com/bot.html)"
192.95.30.177 - - [02/Sep/2025:13:17:00 -0400] "GET /admin.php?path=/home/suregimv/public_html/f378b&edit=index.php HTTP/1.1" 200 735 "-" "Mozilla/5.0 (compatible; MJ12bot/v1.4.8; http://mj12bot.com/)"
192.95.30.177 - - [02/Sep/2025:13:17:01 -0400] "GET /admin.php?path=/home/suregimv/public_html/f378b/.. HTTP/1.1" 200 1446 "-" "Mozilla/5.0 (compatible; MJ12bot/v1.4.8; http://mj12bot.com/)"
192.95.30.177 - - [02/Sep/2025:13:17:03 -0400] "GET /admin.php?path=/home/suregimv/public_html/nc_assets/fonts HTTP/1.1" 200 1020 "-" "Mozilla/5.0 (compatible; MJ12bot/v1.4.8; http://mj12bot.com/)"
192.95.30.177 - - [02/Sep/2025:13:17:07 -0400] "GET /admin.php?path=/home/suregimv/public_html/wp-content&edit=index.php HTTP/1.1" 200 824 "-" "Mozilla/5.0 (compatible; MJ12bot/v1.4.8; http://mj12bot.com/)"
192.95.30.177 - - [02/Sep/2025:13:17:10 -0400] "GET /admin.php?path=/home/suregimv/public_html/wp-content/brf532c6 HTTP/1.1" 200 739 "-" "Mozilla/5.0 (compatible; MJ12bot/v1.4.8; http://mj12bot.com/)"
192.95.30.177 - - [02/Sep/2025:13:17:14 -0400] "GET /admin.php?path=/home/suregimv/public_html/wp-content/plugins HTTP/1.1" 200 754 "-" "Mozilla/5.0 (compatible; MJ12bot/v1.4.8; http://mj12bot.com/)"
192.95.30.177 - - [02/Sep/2025:13:17:21 -0400] "GET /admin.php?path=/home/suregimv/ssl HTTP/1.1" 200 698 "-" "Mozilla/5.0 (compatible; MJ12bot/v1.4.8; http://mj12bot.com/)"
192.95.30.177 - - [02/Sep/2025:13:17:23 -0400] "GET /admin.php?path=/home/suregimv/tmp HTTP/1.1" 200 763 "-" "Mozilla/5.0 (compatible; MJ12bot/v1.4.8; http://mj12bot.com/)"
192.95.30.177 - - [02/Sep/2025:13:17:24 -0400] "GET /admin.php?path=/home/suregimv/www HTTP/1.1" 200 1446 "-" "Mozilla/5.0 (compatible; MJ12bot/v1.4.8; http://mj12bot.com/)"
192.95.30.177 - - [02/Sep/2025:13:17:26 -0400] "GET /nc_assets/css/?MD HTTP/1.1" 200 630 "-" "Mozilla/5.0 (compatible; MJ12bot/v1.4.8; http://mj12bot.com/)"
192.95.30.177 - - [02/Sep/2025:13:17:29 -0400] "GET /nc_assets/css/?SD HTTP/1.1" 200 628 "-" "Mozilla/5.0 (compatible; MJ12bot/v1.4.8; http://mj12bot.com/)"
192.95.30.177 - - [02/Sep/2025:13:17:31 -0400] "GET /nc_assets/img/?MD HTTP/1.1" 200 703 "-" "Mozilla/5.0 (compatible; MJ12bot/v1.4.8; http://mj12bot.com/)"
52.167.144.182 - - [02/Sep/2025:13:17:32 -0400] "GET /outfence/ku343643389 HTTP/1.1" 404 1251 "-" "Mozilla/5.0 AppleWebKit/537.36 (KHTML, like Gecko; compatible; bingbot/2.0; +http://www.bing.com/bingbot.htm) Chrome/116.0.1938.76 Safari/537.36"
192.95.30.177 - - [02/Sep/2025:13:17:34 -0400] "GET /nc_assets/img/?SD HTTP/1.1" 200 702 "-" "Mozilla/5.0 (compatible; MJ12bot/v1.4.8; http://mj12bot.com/)"
192.95.30.177 - - [02/Sep/2025:13:17:37 -0400] "GET /nc_assets/img/icons/ HTTP/1.1" 200 660 "-" "Mozilla/5.0 (compatible; MJ12bot/v1.4.8; http://mj12bot.com/)"
192.95.30.177 - - [02/Sep/2025:13:17:39 -0400] "GET /nc_assets/img/logos/ HTTP/1.1" 200 637 "-" "Mozilla/5.0 (compatible; MJ12bot/v1.4.8; http://mj12bot.com/)"
66.249.79.70 - - [02/Sep/2025:13:17:43 -0400] "GET /m110038577?srsltid=AfmBOolUAfKpNyiGCXJUJ9_nkIkSsguDD_mzmyP9D2-N-cinu588TA HTTP/1.1" 404 1251 "-" "Mozilla/5.0 (Linux; Android 6.0.1; Nexus 5X Build/MMB29P) AppleWebKit/537.36 (KHTML, like Gecko) Chrome/138.0.7204.183 Mobile Safari/537.36 (compatible; Googlebot/2.1; +http://www.google.com/bot.html)"
192.95.30.177 - - [02/Sep/2025:13:17:51 -0400] "GET /107b04/?path=//lib64 HTTP/1.1" 200 21163 "-" "Mozilla/5.0 (compatible; MJ12bot/v1.4.8; http://mj12bot.com/)"
192.95.30.177 - - [02/Sep/2025:13:16:56 -0400] "GET /admin.php?path=/home/suregimv/public_html/107b04/.. HTTP/1.1" 200 1446 "-" "Mozilla/5.0 (compatible; MJ12bot/v1.4.8; http://mj12bot.com/)"
192.95.30.177 - - [02/Sep/2025:13:17:05 -0400] "GET /admin.php?path=/home/suregimv/public_html/nc_assets/img HTTP/1.1" 200 705 "-" "Mozilla/5.0 (compatible; MJ12bot/v1.4.8; http://mj12bot.com/)"
192.95.30.177 - - [02/Sep/2025:13:17:09 -0400] "GET /admin.php?path=/home/suregimv/public_html/wp-content/.. HTTP/1.1" 200 1446 "-" "Mozilla/5.0 (compatible; MJ12bot/v1.4.8; http://mj12bot.com/)"
192.95.30.177 - - [02/Sep/2025:13:17:12 -0400] "GET /admin.php?path=/home/suregimv/public_html/wp-content/litespeed HTTP/1.1" 200 761 "-" "Mozilla/5.0 (compatible; MJ12bot/v1.4.8; http://mj12bot.com/)"
192.95.30.177 - - [02/Sep/2025:13:17:16 -0400] "GET /admin.php?path=/home/suregimv/public_html/wp-content/themes HTTP/1.1" 200 738 "-" "Mozilla/5.0 (compatible; MJ12bot/v1.4.8; http://mj12bot.com/)"
192.95.30.177 - - [02/Sep/2025:13:17:18 -0400] "GET /admin.php?path=/home/suregimv/public_html/wp-content/upgrade HTTP/1.1" 200 653 "-" "Mozilla/5.0 (compatible; MJ12bot/v1.4.8; http://mj12bot.com/)"
192.95.30.177 - - [02/Sep/2025:13:17:28 -0400] "GET /nc_assets/css/?NA HTTP/1.1" 200 629 "-" "Mozilla/5.0 (compatible; MJ12bot/v1.4.8; http://mj12bot.com/)"
192.95.30.177 - - [02/Sep/2025:13:17:33 -0400] "GET /nc_assets/img/?NA HTTP/1.1" 200 701 "-" "Mozilla/5.0 (compatible; MJ12bot/v1.4.8; http://mj12bot.com/)"
192.95.30.177 - - [02/Sep/2025:13:17:36 -0400] "GET /nc_assets/img/featured/ HTTP/1.1" 200 629 "-" "Mozilla/5.0 (compatible; MJ12bot/v1.4.8; http://mj12bot.com/)"
192.95.30.177 - - [02/Sep/2025:13:17:41 -0400] "GET /nc_assets/img/nc-icon/ HTTP/1.1" 200 1081 "-" "Mozilla/5.0 (compatible; MJ12bot/v1.4.8; http://mj12bot.com/)"
192.95.30.177 - - [02/Sep/2025:13:17:42 -0400] "GET /nc_assets/img/pictograms/ HTTP/1.1" 200 629 "-" "Mozilla/5.0 (compatible; MJ12bot/v1.4.8; http://mj12bot.com/)"
192.95.30.177 - - [02/Sep/2025:13:17:44 -0400] "GET /107b04/?path=//bin HTTP/1.1" 200 7289 "-" "Mozilla/5.0 (compatible; MJ12bot/v1.4.8; http://mj12bot.com/)"
192.95.30.177 - - [02/Sep/2025:13:17:46 -0400] "GET /107b04/?path=//home1 HTTP/1.1" 200 578 "-" "Mozilla/5.0 (compatible; MJ12bot/v1.4.8; http://mj12bot.com/)"
192.95.30.177 - - [02/Sep/2025:13:17:49 -0400] "GET /107b04/?path=//home4 HTTP/1.1" 200 577 "-" "Mozilla/5.0 (compatible; MJ12bot/v1.4.8; http://mj12bot.com/)"
52.167.144.216 - - [02/Sep/2025:13:17:52 -0400] "GET /unmiltonic/upttorn/360327877 HTTP/1.1" 404 1251 "-" "Mozilla/5.0 AppleWebKit/537.36 (KHTML, like Gecko; compatible; bingbot/2.0; +http://www.bing.com/bingbot.htm) Chrome/116.0.1938.76 Safari/537.36"
192.95.30.177 - - [02/Sep/2025:13:17:55 -0400] "GET /107b04/?path=/home/suregimv/.nc_plugin HTTP/1.1" 200 583 "-" "Mozilla/5.0 (compatible; MJ12bot/v1.4.8; http://mj12bot.com/)"
192.95.30.177 - - [02/Sep/2025:13:18:09 -0400] "GET /107b04/?path=//home3 HTTP/1.1" 200 577 "-" "Mozilla/5.0 (compatible; MJ12bot/v1.4.8; http://mj12bot.com/)"
52.167.144.19 - - [02/Sep/2025:13:18:22 -0400] "GET /dextrogyre/triploid/pergola392212558 HTTP/1.1" 404 1251 "-" "Mozilla/5.0 AppleWebKit/537.36 (KHTML, like Gecko; compatible; bingbot/2.0; +http://www.bing.com/bingbot.htm) Chrome/116.0.1938.76 Safari/537.36"
66.249.79.71 - - [02/Sep/2025:13:19:10 -0400] "GET /m276033957?srsltid=AfmBOoBAfHRzmkgqSOJbJE_ruJuzGG43v_g2gOUU7D-M-2Bkkfqc2y HTTP/1.1" 404 1251 "-" "Mozilla/5.0 (Linux; Android 6.0.1; Nexus 5X Build/MMB29P) AppleWebKit/537.36 (KHTML, like Gecko) Chrome/138.0.7204.183 Mobile Safari/537.36 (compatible; Googlebot/2.1; +http://www.google.com/bot.html)"
66.249.79.70 - - [02/Sep/2025:13:19:10 -0400] "GET /spooked/445201108 HTTP/1.1" 404 1251 "-" "Mozilla/5.0 (Linux; Android 6.0.1; Nexus 5X Build/MMB29P) AppleWebKit/537.36 (KHTML, like Gecko) Chrome/138.0.7204.183 Mobile Safari/537.36 (compatible; Googlebot/2.1; +http://www.google.com/bot.html)"
192.95.30.177 - - [02/Sep/2025:13:17:53 -0400] "GET /107b04/?path=//proc HTTP/1.1" 200 1267 "-" "Mozilla/5.0 (compatible; MJ12bot/v1.4.8; http://mj12bot.com/)"
192.95.30.177 - - [02/Sep/2025:13:17:56 -0400] "GET /107b04/?path=/home/suregimv/public_html&edit=xmlrpc.php HTTP/1.1" 200 3020 "-" "Mozilla/5.0 (compatible; MJ12bot/v1.4.8; http://mj12bot.com/)"
192.95.30.177 - - [02/Sep/2025:13:17:58 -0400] "GET /107b04/?path=/home/suregimv/public_html/wp-includes HTTP/1.1" 200 4766 "-" "Mozilla/5.0 (compatible; MJ12bot/v1.4.8; http://mj12bot.com/)"
192.95.30.177 - - [02/Sep/2025:13:18:00 -0400] "GET /107b04/?path=/home/suregimv/softaculous_backups HTTP/1.1" 200 747 "-" "Mozilla/5.0 (compatible; MJ12bot/v1.4.8; http://mj12bot.com/)"
192.95.30.177 - - [02/Sep/2025:13:18:02 -0400] "GET /107b04/?path=/home/suregimv/ssl HTTP/1.1" 200 698 "-" "Mozilla/5.0 (compatible; MJ12bot/v1.4.8; http://mj12bot.com/)"
192.95.30.177 - - [02/Sep/2025:13:18:04 -0400] "GET /107b04/?path=/home/suregimv/tmp HTTP/1.1" 200 763 "-" "Mozilla/5.0 (compatible; MJ12bot/v1.4.8; http://mj12bot.com/)"
192.95.30.177 - - [02/Sep/2025:13:18:07 -0400] "GET /admin.php?path=/home/suregimv/public_html/wp-content/uploads HTTP/1.1" 200 664 "-" "Mozilla/5.0 (compatible; MJ12bot/v1.4.8; http://mj12bot.com/)"
192.95.30.177 - - [02/Sep/2025:13:18:11 -0400] "GET /admin.php?path=/home/suregimv/mail HTTP/1.1" 200 997 "-" "Mozilla/5.0 (compatible; MJ12bot/v1.4.8; http://mj12bot.com/)"
40.77.167.241 - - [02/Sep/2025:13:18:30 -0400] "GET /fbc/e/tl420521464 HTTP/1.1" 404 1251 "-" "Mozilla/5.0 AppleWebKit/537.36 (KHTML, like Gecko; compatible; bingbot/2.0; +http://www.bing.com/bingbot.htm) Chrome/116.0.1938.76 Safari/537.36"
52.167.144.182 - - [02/Sep/2025:13:18:51 -0400] "GET /toosh/om/425106997 HTTP/1.1" 404 1251 "-" "Mozilla/5.0 AppleWebKit/537.36 (KHTML, like Gecko; compatible; bingbot/2.0; +http://www.bing.com/bingbot.htm) Chrome/116.0.1938.76 Safari/537.36"
66.249.79.71 - - [02/Sep/2025:13:19:10 -0400] "GET /q-~294u95zgvBUZF2WGfFQdseKXEghDF7rCC42228/ HTTP/1.1" 404 1251 "-" "Mozilla/5.0 (Linux; Android 6.0.1; Nexus 5X Build/MMB29P) AppleWebKit/537.36 (KHTML, like Gecko) Chrome/138.0.7204.183 Mobile Safari/537.36 (compatible; Googlebot/2.1; +http://www.google.com/bot.html)"
52.167.144.182 - - [02/Sep/2025:13:21:33 -0400] "GET /rechaser/reclassifications/bsphn423512821 HTTP/1.1" 404 1251 "-" "Mozilla/5.0 AppleWebKit/537.36 (KHTML, like Gecko; compatible; bingbot/2.0; +http://www.bing.com/bingbot.htm) Chrome/116.0.1938.76 Safari/537.36"
40.77.167.241 - - [02/Sep/2025:13:21:43 -0400] "GET /carewounded/vassalic/papayotin330661936 HTTP/1.1" 404 1251 "-" "Mozilla/5.0 AppleWebKit/537.36 (KHTML, like Gecko; compatible; bingbot/2.0; +http://www.bing.com/bingbot.htm) Chrome/116.0.1938.76 Safari/537.36"
66.249.79.69 - - [02/Sep/2025:13:22:48 -0400] "GET /m083047642?srsltid=AfmBOokzaaNqqvfsAvqbBX_WMKVXqPay4_9h6xzMKA-E-75KWTYRLL HTTP/1.1" 404 1251 "-" "Mozilla/5.0 (Linux; Android 6.0.1; Nexus 5X Build/MMB29P) AppleWebKit/537.36 (KHTML, like Gecko) Chrome/138.0.7204.183 Mobile Safari/537.36 (compatible; Googlebot/2.1; +http://www.google.com/bot.html)"
52.167.144.209 - - [02/Sep/2025:13:23:29 -0400] "GET /enneandrian/354959877 HTTP/1.1" 404 1251 "-" "Mozilla/5.0 AppleWebKit/537.36 (KHTML, like Gecko; compatible; bingbot/2.0; +http://www.bing.com/bingbot.htm) Chrome/116.0.1938.76 Safari/537.36"
66.249.79.71 - - [02/Sep/2025:13:23:32 -0400] "GET /q-~129hlvvjK2Nfl2iq7n6U3sovJeUHxKUGs7715/ HTTP/1.1" 404 1251 "-" "Mozilla/5.0 (Linux; Android 6.0.1; Nexus 5X Build/MMB29P) AppleWebKit/537.36 (KHTML, like Gecko) Chrome/138.0.7204.183 Mobile Safari/537.36 (compatible; Googlebot/2.1; +http://www.google.com/bot.html)"
66.249.79.69 - - [02/Sep/2025:13:24:15 -0400] "GET /m235046688?srsltid=AfmBOoRcWmwiIRpFWTyvJ5_4vB3fS9Dk8_Aje5c8CL-N-rNA8byMcp HTTP/1.1" 404 1251 "-" "Mozilla/5.0 (Linux; Android 6.0.1; Nexus 5X Build/MMB29P) AppleWebKit/537.36 (KHTML, like Gecko) Chrome/138.0.7204.183 Mobile Safari/537.36 (compatible; Googlebot/2.1; +http://www.google.com/bot.html)"
40.77.167.241 - - [02/Sep/2025:13:24:20 -0400] "GET /clubfellow/s/preacting428705623 HTTP/1.1" 404 1251 "-" "Mozilla/5.0 AppleWebKit/537.36 (KHTML, like Gecko; compatible; bingbot/2.0; +http://www.bing.com/bingbot.htm) Chrome/116.0.1938.76 Safari/537.36"
52.167.144.216 - - [02/Sep/2025:13:25:33 -0400] "GET /theomorphic/sargeant355351802 HTTP/1.1" 404 1251 "-" "Mozilla/5.0 AppleWebKit/537.36 (KHTML, like Gecko; compatible; bingbot/2.0; +http://www.bing.com/bingbot.htm) Chrome/116.0.1938.76 Safari/537.36"
66.249.79.70 - - [02/Sep/2025:13:27:53 -0400] "GET /m289027240?srsltid=AfmBOoUxUNhJfXTbVGXQAU_SpzerggFLz_zXlOffZU-R-NVSSakjAf HTTP/1.1" 404 1251 "-" "Mozilla/5.0 (Linux; Android 6.0.1; Nexus 5X Build/MMB29P) AppleWebKit/537.36 (KHTML, like Gecko) Chrome/138.0.7204.183 Mobile Safari/537.36 (compatible; Googlebot/2.1; +http://www.google.com/bot.html)"
208.110.64.178 - - [02/Sep/2025:13:28:15 -0400] "GET /wp-content/brf532c6/edit.php HTTP/1.1" 404 1251 "https://surewordglobalimpactministry.org/wp-content/brf532c6/edit.php" "Mozilla/5.0 (Windows NT 10.0; Win64; x64) AppleWebKit/537.36 (KHTML, like Gecko) Chrome/58.0.3029.110 Safari/537.3"
66.249.79.69 - - [02/Sep/2025:13:19:10 -0400] "GET /m138048031?srsltid=AfmBOonMqGveIgDmi3aseD_oAri1tP4gQ_VC1gp6xk-G-kOrAZIYVi HTTP/1.1" 404 1251 "-" "Mozilla/5.0 (Linux; Android 6.0.1; Nexus 5X Build/MMB29P) AppleWebKit/537.36 (KHTML, like Gecko) Chrome/138.0.7204.183 Mobile Safari/537.36 (compatible; Googlebot/2.1; +http://www.google.com/bot.html)"
66.249.68.3 - - [02/Sep/2025:13:19:11 -0400] "GET /?_ga=2.198040047.1958808748.1721886654-862398307.1699453578&_bdsid=2ulvIJ.n~ZXCIW.1721886656070.1721886848&_bd_prev_page=https://www.surewordglobalimpactministry.org/detail.php?zr/295793964 HTTP/1.1" 200 2337 "-" "Mozilla/5.0 (Linux; Android 6.0.1; Nexus 5X Build/MMB29P) AppleWebKit/537.36 (KHTML, like Gecko) Chrome/138.0.7204.183 Mobile Safari/537.36 (compatible; Googlebot/2.1; +http://www.google.com/bot.html)"
66.249.79.70 - - [02/Sep/2025:13:20:37 -0400] "GET /m277024524?srsltid=AfmBOohNzcqJcNqBvyv04j_ZJIKF5il22_4qTPxakE-U-o0UjtRRtb HTTP/1.1" 404 1251 "-" "Mozilla/5.0 (Linux; Android 6.0.1; Nexus 5X Build/MMB29P) AppleWebKit/537.36 (KHTML, like Gecko) Chrome/138.0.7204.183 Mobile Safari/537.36 (compatible; Googlebot/2.1; +http://www.google.com/bot.html)"
52.167.144.182 - - [02/Sep/2025:13:20:52 -0400] "GET /iji/369099628 HTTP/1.1" 404 1251 "-" "Mozilla/5.0 AppleWebKit/537.36 (KHTML, like Gecko; compatible; bingbot/2.0; +http://www.bing.com/bingbot.htm) Chrome/116.0.1938.76 Safari/537.36"
