188.165.212.137 - - [02/Sep/2025:14:40:32 -0400] "GET /admin.php?path=/home/suregimv/public_html/wp-includes&edit=class-wp-meta-query.php HTTP/1.1" 200 12796 "-" "Mozilla/5.0 (compatible; MJ12bot/v1.4.8; http://mj12bot.com/)"
188.165.212.137 - - [02/Sep/2025:14:40:34 -0400] "GET /admin.php?path=/home/suregimv/public_html/wp-includes&edit=class-wp-metadata-lazyloader.php HTTP/1.1" 200 6750 "-" "Mozilla/5.0 (compatible; MJ12bot/v1.4.8; http://mj12bot.com/)"
193.142.147.5 - - [02/Sep/2025:14:40:37 -0400] "GET /wp-admin/includes//wp-admin/includes/class-wp-filesystem-ssh2.php HTTP/1.1" 404 1251 "-" "Mozlila/5.0 (Linux; Android 7.0; SM-G892A Bulid/NRD90M; wv) AppleWebKit/537.36 (KHTML, like Gecko) Version/4.0 Chrome/60.0.3112.107 Moblie Safari/537.36"
188.165.212.137 - - [02/Sep/2025:14:40:37 -0400] "GET /admin.php?path=/home/suregimv/public_html/wp-includes&edit=class-wp-network-query.php HTTP/1.1" 200 10135 "-" "Mozilla/5.0 (compatible; MJ12bot/v1.4.8; http://mj12bot.com/)"
193.142.147.5 - - [02/Sep/2025:14:40:40 -0400] "GET /wp-admin/includes//wp-admin/includes/class-wp-importer.php HTTP/1.1" 404 1251 "-" "Mozlila/5.0 (Linux; Android 7.0; SM-G892A Bulid/NRD90M; wv) AppleWebKit/537.36 (KHTML, like Gecko) Version/4.0 Chrome/60.0.3112.107 Moblie Safari/537.36"
188.165.212.137 - - [02/Sep/2025:14:40:41 -0400] "GET /admin.php?path=/home/suregimv/public_html/wp-includes&edit=class-wp-object-cache.php HTTP/1.1" 200 8812 "-" "Mozilla/5.0 (compatible; MJ12bot/v1.4.8; http://mj12bot.com/)"
188.165.212.137 - - [02/Sep/2025:14:40:43 -0400] "GET /admin.php?path=/home/suregimv/public_html/wp-includes&edit=class-wp-oembed-controller.php HTTP/1.1" 200 7028 "-" "Mozilla/5.0 (compatible; MJ12bot/v1.4.8; http://mj12bot.com/)"
193.142.147.5 - - [02/Sep/2025:14:40:43 -0400] "GET /wp-admin/includes//wp-admin/includes/class-wp-internal-pointers.php HTTP/1.1" 404 1251 "-" "Mozlila/5.0 (Linux; Android 7.0; SM-G892A Bulid/NRD90M; wv) AppleWebKit/537.36 (KHTML, like Gecko) Version/4.0 Chrome/60.0.3112.107 Moblie Safari/537.36"
188.165.212.137 - - [02/Sep/2025:14:40:46 -0400] "GET /admin.php?path=/home/suregimv/public_html/wp-includes&edit=class-wp-paused-extensions-storage.php HTTP/1.1" 200 6136 "-" "Mozilla/5.0 (compatible; MJ12bot/v1.4.8; http://mj12bot.com/)"
188.165.212.137 - - [02/Sep/2025:14:40:48 -0400] "GET /admin.php?path=/home/suregimv/public_html/wp-includes&edit=class-wp-phpmailer.php HTTP/1.1" 200 5969 "-" "Mozilla/5.0 (compatible; MJ12bot/v1.4.8; http://mj12bot.com/)"
193.142.147.5 - - [02/Sep/2025:14:40:49 -0400] "GET /wp-admin/includes//wp-admin/includes/class-wp-list-table-compat.php HTTP/1.1" 404 1251 "-" "Mozlila/5.0 (Linux; Android 7.0; SM-G892A Bulid/NRD90M; wv) AppleWebKit/537.36 (KHTML, like Gecko) Version/4.0 Chrome/60.0.3112.107 Moblie Safari/537.36"
193.142.147.5 - - [02/Sep/2025:14:40:53 -0400] "GET /wp-admin/includes//wp-admin/includes/class-wp-list-table.php HTTP/1.1" 404 1251 "-" "Mozlila/5.0 (Linux; Android 7.0; SM-G892A Bulid/NRD90M; wv) AppleWebKit/537.36 (KHTML, like Gecko) Version/4.0 Chrome/60.0.3112.107 Moblie Safari/537.36"
188.165.212.137 - - [02/Sep/2025:14:40:54 -0400] "GET /admin.php?path=/usr/local HTTP/1.1" 200 664 "-" "Mozilla/5.0 (compatible; MJ12bot/v1.4.8; http://mj12bot.com/)"
193.142.147.5 - - [02/Sep/2025:14:40:56 -0400] "GET /wp-admin/includes//wp-admin/includes/class-wp-media-list-table.php HTTP/1.1" 404 1251 "-" "Mozlila/5.0 (Linux; Android 7.0; SM-G892A Bulid/NRD90M; wv) AppleWebKit/537.36 (KHTML, like Gecko) Version/4.0 Chrome/60.0.3112.107 Moblie Safari/537.36"
188.165.212.137 - - [02/Sep/2025:14:41:02 -0400] "GET /admin.php?path=/usr/local/apache/domlogs/suregimv&edit=surewordglobalimpactministry.org HTTP/1.1" 200 1591 "-" "Mozilla/5.0 (compatible; MJ12bot/v1.4.8; http://mj12bot.com/)"
193.142.147.5 - - [02/Sep/2025:14:41:08 -0400] "GET /wp-admin/includes//wp-admin/includes/class-wp-plugin-install-list-table.php HTTP/1.1" 404 1251 "-" "Mozlila/5.0 (Linux; Android 7.0; SM-G892A Bulid/NRD90M; wv) AppleWebKit/537.36 (KHTML, like Gecko) Version/4.0 Chrome/60.0.3112.107 Moblie Safari/537.36"
188.165.212.137 - - [02/Sep/2025:14:41:09 -0400] "GET /nc_assets/fonts/?NA HTTP/1.1" 200 1426 "-" "Mozilla/5.0 (compatible; MJ12bot/v1.4.8; http://mj12bot.com/)"
193.142.147.5 - - [02/Sep/2025:14:41:11 -0400] "GET /wp-admin/includes//wp-admin/includes/class-wp-plugins-list-table.php HTTP/1.1" 404 1251 "-" "Mozlila/5.0 (Linux; Android 7.0; SM-G892A Bulid/NRD90M; wv) AppleWebKit/537.36 (KHTML, like Gecko) Version/4.0 Chrome/60.0.3112.107 Moblie Safari/537.36"
188.165.212.137 - - [02/Sep/2025:14:41:11 -0400] "GET /nc_assets/fonts/?SD HTTP/1.1" 200 1373 "-" "Mozilla/5.0 (compatible; MJ12bot/v1.4.8; http://mj12bot.com/)"
188.165.212.137 - - [02/Sep/2025:14:40:35 -0400] "GET /admin.php?path=/home/suregimv/public_html/wp-includes&edit=class-wp-navigation-fallback.php HTTP/1.1" 200 7247 "-" "Mozilla/5.0 (compatible; MJ12bot/v1.4.8; http://mj12bot.com/)"
188.165.212.137 - - [02/Sep/2025:14:40:39 -0400] "GET /admin.php?path=/home/suregimv/public_html/wp-includes&edit=class-wp-network.php HTTP/1.1" 200 8775 "-" "Mozilla/5.0 (compatible; MJ12bot/v1.4.8; http://mj12bot.com/)"
188.165.212.137 - - [02/Sep/2025:14:40:44 -0400] "GET /admin.php?path=/home/suregimv/public_html/wp-includes&edit=class-wp-oembed.php HTTP/1.1" 200 12826 "-" "Mozilla/5.0 (compatible; MJ12bot/v1.4.8; http://mj12bot.com/)"
193.142.147.5 - - [02/Sep/2025:14:40:46 -0400] "GET /wp-admin/includes//wp-admin/includes/class-wp-links-list-table.php HTTP/1.1" 404 1251 "-" "Mozlila/5.0 (Linux; Android 7.0; SM-G892A Bulid/NRD90M; wv) AppleWebKit/537.36 (KHTML, like Gecko) Version/4.0 Chrome/60.0.3112.107 Moblie Safari/537.36"
188.165.212.137 - - [02/Sep/2025:14:40:50 -0400] "GET /admin.php?path=/home/suregimv/public_html/wp-includes&edit=class-wp-plugin-dependencies.php HTTP/1.1" 200 10455 "-" "Mozilla/5.0 (compatible; MJ12bot/v1.4.8; http://mj12bot.com/)"
188.165.212.137 - - [02/Sep/2025:14:40:52 -0400] "GET /admin.php?path=/usr HTTP/1.1" 200 670 "-" "Mozilla/5.0 (compatible; MJ12bot/v1.4.8; http://mj12bot.com/)"
188.165.212.137 - - [02/Sep/2025:14:40:56 -0400] "GET /admin.php?path=/usr/local/apache HTTP/1.1" 200 634 "-" "Mozilla/5.0 (compatible; MJ12bot/v1.4.8; http://mj12bot.com/)"
188.165.212.137 - - [02/Sep/2025:14:40:58 -0400] "GET /admin.php?path=/usr/local/apache/domlogs HTTP/1.1" 200 596 "-" "Mozilla/5.0 (compatible; MJ12bot/v1.4.8; http://mj12bot.com/)"
193.142.147.5 - - [02/Sep/2025:14:40:59 -0400] "GET /wp-admin/includes//wp-admin/includes/class-wp-ms-sites-list-table.php HTTP/1.1" 404 1251 "-" "Mozlila/5.0 (Linux; Android 7.0; SM-G892A Bulid/NRD90M; wv) AppleWebKit/537.36 (KHTML, like Gecko) Version/4.0 Chrome/60.0.3112.107 Moblie Safari/537.36"
188.165.212.137 - - [02/Sep/2025:14:41:00 -0400] "GET /admin.php?path=/usr/local/apache/domlogs/suregimv HTTP/1.1" 200 728 "-" "Mozilla/5.0 (compatible; MJ12bot/v1.4.8; http://mj12bot.com/)"
193.142.147.5 - - [02/Sep/2025:14:41:02 -0400] "GET /wp-admin/includes//wp-admin/includes/class-wp-ms-themes-list-table.php HTTP/1.1" 404 1251 "-" "Mozlila/5.0 (Linux; Android 7.0; SM-G892A Bulid/NRD90M; wv) AppleWebKit/537.36 (KHTML, like Gecko) Version/4.0 Chrome/60.0.3112.107 Moblie Safari/537.36"
188.165.212.137 - - [02/Sep/2025:14:41:04 -0400] "GET /admin.php?path=/usr/local/apache/domlogs/suregimv&edit=surewordglobalimpactministry.org-ssl_log HTTP/1.1" 200 66695 "-" "Mozilla/5.0 (compatible; MJ12bot/v1.4.8; http://mj12bot.com/)"
193.142.147.5 - - [02/Sep/2025:14:41:05 -0400] "GET /wp-admin/includes//wp-admin/includes/class-wp-ms-users-list-table.php HTTP/1.1" 404 1251 "-" "Mozlila/5.0 (Linux; Android 7.0; SM-G892A Bulid/NRD90M; wv) AppleWebKit/537.36 (KHTML, like Gecko) Version/4.0 Chrome/60.0.3112.107 Moblie Safari/537.36"
188.165.212.137 - - [02/Sep/2025:14:41:06 -0400] "GET /admin.php?path=/usr/local/apache/domlogs/suregimv/.. HTTP/1.1" 200 596 "-" "Mozilla/5.0 (compatible; MJ12bot/v1.4.8; http://mj12bot.com/)"
188.165.212.137 - - [02/Sep/2025:14:41:08 -0400] "GET /nc_assets/fonts/?MD HTTP/1.1" 200 1441 "-" "Mozilla/5.0 (compatible; MJ12bot/v1.4.8; http://mj12bot.com/)"
188.165.212.137 - - [02/Sep/2025:14:41:13 -0400] "GET /wp-includes/ID3/module.audio.ogg.php HTTP/1.1" 403 1242 "-" "Mozilla/5.0 (compatible; MJ12bot/v1.4.8; http://mj12bot.com/)"
188.165.212.137 - - [02/Sep/2025:14:41:16 -0400] "GET /wp-includes/ID3/module.tag.id3v1.php HTTP/1.1" 403 1242 "-" "Mozilla/5.0 (compatible; MJ12bot/v1.4.8; http://mj12bot.com/)"
193.142.147.5 - - [02/Sep/2025:14:41:17 -0400] "GET /wp-admin/includes//wp-admin/includes/class-wp-posts-list-table.php HTTP/1.1" 404 1251 "-" "Mozlila/5.0 (Linux; Android 7.0; SM-G892A Bulid/NRD90M; wv) AppleWebKit/537.36 (KHTML, like Gecko) Version/4.0 Chrome/60.0.3112.107 Moblie Safari/537.36"
193.142.147.5 - - [02/Sep/2025:14:41:14 -0400] "GET /wp-admin/includes//wp-admin/includes/class-wp-post-comments-list-table.php HTTP/1.1" 404 1251 "-" "Mozlila/5.0 (Linux; Android 7.0; SM-G892A Bulid/NRD90M; wv) AppleWebKit/537.36 (KHTML, like Gecko) Version/4.0 Chrome/60.0.3112.107 Moblie Safari/537.36"
188.165.212.137 - - [02/Sep/2025:14:41:14 -0400] "GET /wp-includes/ID3/module.tag.apetag.php HTTP/1.1" 403 1242 "-" "Mozilla/5.0 (compatible; MJ12bot/v1.4.8; http://mj12bot.com/)"
188.165.212.137 - - [02/Sep/2025:14:41:18 -0400] "GET /wp-includes/PHPMailer/?NA HTTP/1.1" 200 717 "-" "Mozilla/5.0 (compatible; MJ12bot/v1.4.8; http://mj12bot.com/)"
188.165.212.137 - - [02/Sep/2025:14:41:19 -0400] "GET /wp-includes/Requests/?NA HTTP/1.1" 200 644 "-" "Mozilla/5.0 (compatible; MJ12bot/v1.4.8; http://mj12bot.com/)"
66.249.79.74 - - [02/Sep/2025:14:41:21 -0400] "GET /?list=305122990 HTTP/1.1" 200 2334 "-" "Mozilla/5.0 (Linux; Android 6.0.1; Nexus 5X Build/MMB29P) AppleWebKit/537.36 (KHTML, like Gecko) Chrome/138.0.7204.183 Mobile Safari/537.36 (compatible; Googlebot/2.1; +http://www.google.com/bot.html)"
193.142.147.5 - - [02/Sep/2025:14:41:23 -0400] "GET /wp-admin/includes//wp-admin/includes/class-wp-privacy-data-removal-requests-list-table.php HTTP/1.1" 404 1251 "-" "Mozlila/5.0 (Linux; Android 7.0; SM-G892A Bulid/NRD90M; wv) AppleWebKit/537.36 (KHTML, like Gecko) Version/4.0 Chrome/60.0.3112.107 Moblie Safari/537.36"
188.165.212.137 - - [02/Sep/2025:14:41:23 -0400] "GET /wp-includes/Text/?NA HTTP/1.1" 200 735 "-" "Mozilla/5.0 (compatible; MJ12bot/v1.4.8; http://mj12bot.com/)"
188.165.212.137 - - [02/Sep/2025:14:41:25 -0400] "GET /wp-includes/block-bindings/?NA HTTP/1.1" 200 739 "-" "Mozilla/5.0 (compatible; MJ12bot/v1.4.8; http://mj12bot.com/)"
188.165.212.137 - - [02/Sep/2025:14:41:26 -0400] "GET /wp-includes/block-bindings/error_log HTTP/1.1" 403 1242 "-" "Mozilla/5.0 (compatible; MJ12bot/v1.4.8; http://mj12bot.com/)"
188.165.212.137 - - [02/Sep/2025:14:41:28 -0400] "GET /wp-includes/block-bindings/pattern-overrides.php HTTP/1.1" 403 1242 "-" "Mozilla/5.0 (compatible; MJ12bot/v1.4.8; http://mj12bot.com/)"
193.142.147.5 - - [02/Sep/2025:14:41:28 -0400] "GET /wp-admin/includes//wp-admin/includes/class-wp-privacy-requests-table.php HTTP/1.1" 404 1251 "-" "Mozlila/5.0 (Linux; Android 7.0; SM-G892A Bulid/NRD90M; wv) AppleWebKit/537.36 (KHTML, like Gecko) Version/4.0 Chrome/60.0.3112.107 Moblie Safari/537.36"
188.165.212.137 - - [02/Sep/2025:14:41:30 -0400] "GET /wp-includes/block-bindings/post-meta.php HTTP/1.1" 403 1242 "-" "Mozilla/5.0 (compatible; MJ12bot/v1.4.8; http://mj12bot.com/)"
188.165.212.137 - - [02/Sep/2025:14:41:31 -0400] "GET /wp-includes/block-patterns/?MA HTTP/1.1" 200 1111 "-" "Mozilla/5.0 (compatible; MJ12bot/v1.4.8; http://mj12bot.com/)"
193.142.147.5 - - [02/Sep/2025:14:41:32 -0400] "GET /wp-admin/includes//wp-admin/includes/class-wp-screen.php HTTP/1.1" 404 1251 "-" "Mozlila/5.0 (Linux; Android 7.0; SM-G892A Bulid/NRD90M; wv) AppleWebKit/537.36 (KHTML, like Gecko) Version/4.0 Chrome/60.0.3112.107 Moblie Safari/537.36"
188.165.212.137 - - [02/Sep/2025:14:41:33 -0400] "GET /wp-includes/block-patterns/?ND HTTP/1.1" 200 1105 "-" "Mozilla/5.0 (compatible; MJ12bot/v1.4.8; http://mj12bot.com/)"
193.142.147.5 - - [02/Sep/2025:14:41:35 -0400] "GET /wp-admin/includes//wp-admin/includes/class-wp-site-health-auto-updates.php HTTP/1.1" 404 1251 "-" "Mozlila/5.0 (Linux; Android 7.0; SM-G892A Bulid/NRD90M; wv) AppleWebKit/537.36 (KHTML, like Gecko) Version/4.0 Chrome/60.0.3112.107 Moblie Safari/537.36"
188.165.212.137 - - [02/Sep/2025:14:41:35 -0400] "GET /wp-includes/block-patterns/?SA HTTP/1.1" 200 1110 "-" "Mozilla/5.0 (compatible; MJ12bot/v1.4.8; http://mj12bot.com/)"
188.165.212.137 - - [02/Sep/2025:14:41:38 -0400] "GET /wp-includes/block-patterns/query-large-title-posts.php HTTP/1.1" 403 1242 "-" "Mozilla/5.0 (compatible; MJ12bot/v1.4.8; http://mj12bot.com/)"
193.142.147.5 - - [02/Sep/2025:14:41:20 -0400] "GET /wp-admin/includes//wp-admin/includes/class-wp-privacy-data-export-requests-list-table.php HTTP/1.1" 404 1251 "-" "Mozlila/5.0 (Linux; Android 7.0; SM-G892A Bulid/NRD90M; wv) AppleWebKit/537.36 (KHTML, like Gecko) Version/4.0 Chrome/60.0.3112.107 Moblie Safari/537.36"
188.165.212.137 - - [02/Sep/2025:14:41:21 -0400] "GET /wp-includes/SimplePie/?NA HTTP/1.1" 200 718 "-" "Mozilla/5.0 (compatible; MJ12bot/v1.4.8; http://mj12bot.com/)"
66.249.79.72 - - [02/Sep/2025:14:41:21 -0400] "GET /m254032127?srsltid=AfmBOoBOdTXuDeasTbCREX_y9ITjU5d3u_w8MObSgv-G-eFa2RhixI HTTP/1.1" 404 1251 "-" "Mozilla/5.0 (Linux; Android 6.0.1; Nexus 5X Build/MMB29P) AppleWebKit/537.36 (KHTML, like Gecko) Chrome/138.0.7204.183 Mobile Safari/537.36 (compatible; Googlebot/2.1; +http://www.google.com/bot.html)"
193.142.147.5 - - [02/Sep/2025:14:41:25 -0400] "GET /wp-admin/includes//wp-admin/includes/class-wp-privacy-policy-content.php HTTP/1.1" 404 1251 "-" "Mozlila/5.0 (Linux; Android 7.0; SM-G892A Bulid/NRD90M; wv) AppleWebKit/537.36 (KHTML, like Gecko) Version/4.0 Chrome/60.0.3112.107 Moblie Safari/537.36"
188.165.212.137 - - [02/Sep/2025:14:41:36 -0400] "GET /wp-includes/block-patterns/query-grid-posts.php HTTP/1.1" 403 1242 "-" "Mozilla/5.0 (compatible; MJ12bot/v1.4.8; http://mj12bot.com/)"
193.142.147.5 - - [02/Sep/2025:14:41:38 -0400] "GET /wp-admin/includes//wp-admin/includes/class-wp-site-health.php HTTP/1.1" 404 1251 "-" "Mozlila/5.0 (Linux; Android 7.0; SM-G892A Bulid/NRD90M; wv) AppleWebKit/537.36 (KHTML, like Gecko) Version/4.0 Chrome/60.0.3112.107 Moblie Safari/537.36"
193.142.147.5 - - [02/Sep/2025:14:41:43 -0400] "GET /wp-admin/includes//wp-admin/includes/class-wp-terms-list-table.php HTTP/1.1" 404 1251 "-" "Mozlila/5.0 (Linux; Android 7.0; SM-G892A Bulid/NRD90M; wv) AppleWebKit/537.36 (KHTML, like Gecko) Version/4.0 Chrome/60.0.3112.107 Moblie Safari/537.36"
188.165.212.137 - - [02/Sep/2025:14:41:43 -0400] "GET /wp-includes/block-patterns/query-small-posts.php HTTP/1.1" 403 1242 "-" "Mozilla/5.0 (compatible; MJ12bot/v1.4.8; http://mj12bot.com/)"
188.165.212.137 - - [02/Sep/2025:14:41:47 -0400] "GET /wp-includes/block-patterns/social-links-shared-background-color.php HTTP/1.1" 403 1242 "-" "Mozilla/5.0 (compatible; MJ12bot/v1.4.8; http://mj12bot.com/)"
188.165.212.137 - - [02/Sep/2025:14:41:48 -0400] "GET /wp-includes/block-supports/?MA HTTP/1.1" 200 1504 "-" "Mozilla/5.0 (compatible; MJ12bot/v1.4.8; http://mj12bot.com/)"
193.142.147.5 - - [02/Sep/2025:14:41:49 -0400] "GET /wp-admin/includes//wp-admin/includes/class-wp-themes-list-table.php HTTP/1.1" 404 1251 "-" "Mozlila/5.0 (Linux; Android 7.0; SM-G892A Bulid/NRD90M; wv) AppleWebKit/537.36 (KHTML, like Gecko) Version/4.0 Chrome/60.0.3112.107 Moblie Safari/537.36"
188.165.212.137 - - [02/Sep/2025:14:41:50 -0400] "GET /wp-includes/block-supports/?ND HTTP/1.1" 200 1520 "-" "Mozilla/5.0 (compatible; MJ12bot/v1.4.8; http://mj12bot.com/)"
193.142.147.5 - - [02/Sep/2025:14:41:52 -0400] "GET /wp-admin/includes//wp-admin/includes/class-wp-upgrader-skin.php HTTP/1.1" 404 1251 "-" "Mozlila/5.0 (Linux; Android 7.0; SM-G892A Bulid/NRD90M; wv) AppleWebKit/537.36 (KHTML, like Gecko) Version/4.0 Chrome/60.0.3112.107 Moblie Safari/537.36"
188.165.212.137 - - [02/Sep/2025:14:41:53 -0400] "GET /wp-includes/block-supports/align.php HTTP/1.1" 403 1242 "-" "Mozilla/5.0 (compatible; MJ12bot/v1.4.8; http://mj12bot.com/)"
188.165.212.137 - - [02/Sep/2025:14:41:55 -0400] "GET /wp-includes/block-supports/aria-label.php HTTP/1.1" 403 1242 "-" "Mozilla/5.0 (compatible; MJ12bot/v1.4.8; http://mj12bot.com/)"
193.142.147.5 - - [02/Sep/2025:14:41:56 -0400] "GET /wp-admin/includes//wp-admin/includes/class-wp-upgrader-skins.php HTTP/1.1" 404 1251 "-" "Mozlila/5.0 (Linux; Android 7.0; SM-G892A Bulid/NRD90M; wv) AppleWebKit/537.36 (KHTML, like Gecko) Version/4.0 Chrome/60.0.3112.107 Moblie Safari/537.36"
188.165.212.137 - - [02/Sep/2025:14:41:40 -0400] "GET /wp-includes/block-patterns/query-medium-posts.php HTTP/1.1" 403 1242 "-" "Mozilla/5.0 (compatible; MJ12bot/v1.4.8; http://mj12bot.com/)"
193.142.147.5 - - [02/Sep/2025:14:41:40 -0400] "GET /wp-admin/includes//wp-admin/includes/class-wp-site-icon.php HTTP/1.1" 404 1251 "-" "Mozlila/5.0 (Linux; Android 7.0; SM-G892A Bulid/NRD90M; wv) AppleWebKit/537.36 (KHTML, like Gecko) Version/4.0 Chrome/60.0.3112.107 Moblie Safari/537.36"
188.165.212.137 - - [02/Sep/2025:14:41:42 -0400] "GET /wp-includes/block-patterns/query-offset-posts.php HTTP/1.1" 403 1242 "-" "Mozilla/5.0 (compatible; MJ12bot/v1.4.8; http://mj12bot.com/)"
188.165.212.137 - - [02/Sep/2025:14:41:45 -0400] "GET /wp-includes/block-patterns/query-standard-posts.php HTTP/1.1" 403 1242 "-" "Mozilla/5.0 (compatible; MJ12bot/v1.4.8; http://mj12bot.com/)"
193.142.147.5 - - [02/Sep/2025:14:41:45 -0400] "GET /wp-admin/includes//wp-admin/includes/class-wp-theme-install-list-table.php HTTP/1.1" 404 1251 "-" "Mozlila/5.0 (Linux; Android 7.0; SM-G892A Bulid/NRD90M; wv) AppleWebKit/537.36 (KHTML, like Gecko) Version/4.0 Chrome/60.0.3112.107 Moblie Safari/537.36"
188.165.212.137 - - [02/Sep/2025:14:41:51 -0400] "GET /wp-includes/block-supports/?SA HTTP/1.1" 200 1502 "-" "Mozilla/5.0 (compatible; MJ12bot/v1.4.8; http://mj12bot.com/)"
188.165.212.137 - - [02/Sep/2025:14:41:56 -0400] "GET /wp-includes/block-supports/background.php HTTP/1.1" 403 1242 "-" "Mozilla/5.0 (compatible; MJ12bot/v1.4.8; http://mj12bot.com/)"
188.165.212.137 - - [02/Sep/2025:14:41:58 -0400] "GET /wp-includes/block-supports/block-style-variations.php HTTP/1.1" 403 1242 "-" "Mozilla/5.0 (compatible; MJ12bot/v1.4.8; http://mj12bot.com/)"
188.165.212.137 - - [02/Sep/2025:14:42:00 -0400] "GET /wp-includes/block-supports/border.php HTTP/1.1" 403 1242 "-" "Mozilla/5.0 (compatible; MJ12bot/v1.4.8; http://mj12bot.com/)"
188.165.212.137 - - [02/Sep/2025:14:42:02 -0400] "GET /wp-includes/block-supports/colors.php HTTP/1.1" 403 1242 "-" "Mozilla/5.0 (compatible; MJ12bot/v1.4.8; http://mj12bot.com/)"
188.165.212.137 - - [02/Sep/2025:14:42:03 -0400] "GET /wp-includes/block-supports/custom-classname.php HTTP/1.1" 403 1242 "-" "Mozilla/5.0 (compatible; MJ12bot/v1.4.8; http://mj12bot.com/)"
193.142.147.5 - - [02/Sep/2025:14:42:05 -0400] "GET /wp-admin/includes//wp-admin/includes/comment.php HTTP/1.1" 404 1251 "-" "Mozlila/5.0 (Linux; Android 7.0; SM-G892A Bulid/NRD90M; wv) AppleWebKit/537.36 (KHTML, like Gecko) Version/4.0 Chrome/60.0.3112.107 Moblie Safari/537.36"
193.142.147.5 - - [02/Sep/2025:14:42:09 -0400] "GET /wp-admin/includes//wp-admin/includes/continents-cities.php HTTP/1.1" 404 1251 "-" "Mozlila/5.0 (Linux; Android 7.0; SM-G892A Bulid/NRD90M; wv) AppleWebKit/537.36 (KHTML, like Gecko) Version/4.0 Chrome/60.0.3112.107 Moblie Safari/537.36"
188.165.212.137 - - [02/Sep/2025:14:42:11 -0400] "GET /wp-includes/block-supports/shadow.php HTTP/1.1" 403 1242 "-" "Mozilla/5.0 (compatible; MJ12bot/v1.4.8; http://mj12bot.com/)"
188.165.212.137 - - [02/Sep/2025:14:42:15 -0400] "GET /wp-includes/block-supports/typography.php HTTP/1.1" 403 1242 "-" "Mozilla/5.0 (compatible; MJ12bot/v1.4.8; http://mj12bot.com/)"
188.165.212.137 - - [02/Sep/2025:14:42:17 -0400] "GET /wp-includes/certificates/?MA HTTP/1.1" 200 636 "-" "Mozilla/5.0 (compatible; MJ12bot/v1.4.8; http://mj12bot.com/)"
188.165.212.137 - - [02/Sep/2025:14:42:20 -0400] "GET /wp-includes/certificates/?SA HTTP/1.1" 200 635 "-" "Mozilla/5.0 (compatible; MJ12bot/v1.4.8; http://mj12bot.com/)"
193.142.147.5 - - [02/Sep/2025:14:42:20 -0400] "GET /wp-admin/includes//wp-admin/includes/deprecated.php HTTP/1.1" 404 1251 "-" "Mozlila/5.0 (Linux; Android 7.0; SM-G892A Bulid/NRD90M; wv) AppleWebKit/537.36 (KHTML, like Gecko) Version/4.0 Chrome/60.0.3112.107 Moblie Safari/537.36"
188.165.212.137 - - [02/Sep/2025:14:42:23 -0400] "GET /wp-includes/fonts/?SA HTTP/1.1" 200 1258 "-" "Mozilla/5.0 (compatible; MJ12bot/v1.4.8; http://mj12bot.com/)"
193.142.147.5 - - [02/Sep/2025:14:41:59 -0400] "GET /wp-admin/includes//wp-admin/includes/class-wp-upgrader.php HTTP/1.1" 404 1251 "-" "Mozlila/5.0 (Linux; Android 7.0; SM-G892A Bulid/NRD90M; wv) AppleWebKit/537.36 (KHTML, like Gecko) Version/4.0 Chrome/60.0.3112.107 Moblie Safari/537.36"
193.142.147.5 - - [02/Sep/2025:14:42:02 -0400] "GET /wp-admin/includes//wp-admin/includes/class-wp-users-list-table.php HTTP/1.1" 404 1251 "-" "Mozlila/5.0 (Linux; Android 7.0; SM-G892A Bulid/NRD90M; wv) AppleWebKit/537.36 (KHTML, like Gecko) Version/4.0 Chrome/60.0.3112.107 Moblie Safari/537.36"
188.165.212.137 - - [02/Sep/2025:14:42:05 -0400] "GET /wp-includes/block-supports/elements.php HTTP/1.1" 403 1242 "-" "Mozilla/5.0 (compatible; MJ12bot/v1.4.8; http://mj12bot.com/)"
188.165.212.137 - - [02/Sep/2025:14:42:06 -0400] "GET /wp-includes/block-supports/layout.php HTTP/1.1" 403 1242 "-" "Mozilla/5.0 (compatible; MJ12bot/v1.4.8; http://mj12bot.com/)"
188.165.212.137 - - [02/Sep/2025:14:42:08 -0400] "GET /wp-includes/block-supports/position.php HTTP/1.1" 403 1242 "-" "Mozilla/5.0 (compatible; MJ12bot/v1.4.8; http://mj12bot.com/)"
188.165.212.137 - - [02/Sep/2025:14:42:10 -0400] "GET /wp-includes/block-supports/settings.php HTTP/1.1" 403 1242 "-" "Mozilla/5.0 (compatible; MJ12bot/v1.4.8; http://mj12bot.com/)"
193.142.147.5 - - [02/Sep/2025:14:42:12 -0400] "GET /wp-admin/includes//wp-admin/includes/credits.php HTTP/1.1" 404 1251 "-" "Mozlila/5.0 (Linux; Android 7.0; SM-G892A Bulid/NRD90M; wv) AppleWebKit/537.36 (KHTML, like Gecko) Version/4.0 Chrome/60.0.3112.107 Moblie Safari/537.36"
188.165.212.137 - - [02/Sep/2025:14:42:13 -0400] "GET /wp-includes/block-supports/spacing.php HTTP/1.1" 403 1242 "-" "Mozilla/5.0 (compatible; MJ12bot/v1.4.8; http://mj12bot.com/)"
193.142.147.5 - - [02/Sep/2025:14:42:15 -0400] "GET /wp-admin/includes//wp-admin/includes/dashboard.php HTTP/1.1" 404 1251 "-" "Mozlila/5.0 (Linux; Android 7.0; SM-G892A Bulid/NRD90M; wv) AppleWebKit/537.36 (KHTML, like Gecko) Version/4.0 Chrome/60.0.3112.107 Moblie Safari/537.36"
188.165.212.137 - - [02/Sep/2025:14:42:18 -0400] "GET /wp-includes/certificates/?ND HTTP/1.1" 200 630 "-" "Mozilla/5.0 (compatible; MJ12bot/v1.4.8; http://mj12bot.com/)"
188.165.212.137 - - [02/Sep/2025:14:42:21 -0400] "GET /wp-includes/certificates/ca-bundle.crt HTTP/1.1" 200 226307 "-" "Mozilla/5.0 (compatible; MJ12bot/v1.4.8; http://mj12bot.com/)"
193.142.147.5 - - [02/Sep/2025:14:42:23 -0400] "GET /wp-admin/includes//wp-admin/includes/edit-tag-messages.php HTTP/1.1" 404 1251 "-" "Mozlila/5.0 (Linux; Android 7.0; SM-G892A Bulid/NRD90M; wv) AppleWebKit/537.36 (KHTML, like Gecko) Version/4.0 Chrome/60.0.3112.107 Moblie Safari/537.36"
188.165.212.137 - - [02/Sep/2025:14:42:30 -0400] "GET /wp-includes/fonts/class-wp-font-library.php HTTP/1.1" 403 1242 "-" "Mozilla/5.0 (compatible; MJ12bot/v1.4.8; http://mj12bot.com/)"
188.165.212.137 - - [02/Sep/2025:14:42:31 -0400] "GET /wp-includes/fonts/class-wp-font-utils.php HTTP/1.1" 403 1242 "-" "Mozilla/5.0 (compatible; MJ12bot/v1.4.8; http://mj12bot.com/)"
193.142.147.5 - - [02/Sep/2025:14:42:35 -0400] "GET /wp-admin/includes//wp-admin/includes/image-edit.php HTTP/1.1" 404 1251 "-" "Mozlila/5.0 (Linux; Android 7.0; SM-G892A Bulid/NRD90M; wv) AppleWebKit/537.36 (KHTML, like Gecko) Version/4.0 Chrome/60.0.3112.107 Moblie Safari/537.36"
66.249.79.73 - - [02/Sep/2025:14:42:35 -0400] "GET /q-~294fDO5wUP67TaSCGWZ31krgXvEb6LIbQ6900/ HTTP/1.1" 404 1251 "-" "Mozilla/5.0 (Linux; Android 6.0.1; Nexus 5X Build/MMB29P) AppleWebKit/537.36 (KHTML, like Gecko) Chrome/138.0.7204.183 Mobile Safari/537.36 (compatible; Googlebot/2.1; +http://www.google.com/bot.html)"
188.165.212.137 - - [02/Sep/2025:14:42:35 -0400] "GET /wp-includes/fonts/dashicons.svg HTTP/1.1" 200 38972 "-" "Mozilla/5.0 (compatible; MJ12bot/v1.4.8; http://mj12bot.com/)"
188.165.212.137 - - [02/Sep/2025:14:42:25 -0400] "GET /wp-includes/fonts/class-wp-font-collection.php HTTP/1.1" 403 1242 "-" "Mozilla/5.0 (compatible; MJ12bot/v1.4.8; http://mj12bot.com/)"
193.142.147.5 - - [02/Sep/2025:14:42:26 -0400] "GET /wp-admin/includes//wp-admin/includes/error_log HTTP/1.1" 404 1251 "-" "Mozlila/5.0 (Linux; Android 7.0; SM-G892A Bulid/NRD90M; wv) AppleWebKit/537.36 (KHTML, like Gecko) Version/4.0 Chrome/60.0.3112.107 Moblie Safari/537.36"
188.165.212.137 - - [02/Sep/2025:14:42:27 -0400] "GET /wp-includes/fonts/class-wp-font-face-resolver.php HTTP/1.1" 403 1242 "-" "Mozilla/5.0 (compatible; MJ12bot/v1.4.8; http://mj12bot.com/)"
188.165.212.137 - - [02/Sep/2025:14:42:28 -0400] "GET /wp-includes/fonts/class-wp-font-face.php HTTP/1.1" 403 1242 "-" "Mozilla/5.0 (compatible; MJ12bot/v1.4.8; http://mj12bot.com/)"
193.142.147.5 - - [02/Sep/2025:14:42:29 -0400] "GET /wp-admin/includes//wp-admin/includes/export.php HTTP/1.1" 404 1251 "-" "Mozlila/5.0 (Linux; Android 7.0; SM-G892A Bulid/NRD90M; wv) AppleWebKit/537.36 (KHTML, like Gecko) Version/4.0 Chrome/60.0.3112.107 Moblie Safari/537.36"
193.142.147.5 - - [02/Sep/2025:14:42:32 -0400] "GET /wp-admin/includes//wp-admin/includes/file.php HTTP/1.1" 404 1251 "-" "Mozlila/5.0 (Linux; Android 7.0; SM-G892A Bulid/NRD90M; wv) AppleWebKit/537.36 (KHTML, like Gecko) Version/4.0 Chrome/60.0.3112.107 Moblie Safari/537.36"
188.165.212.137 - - [02/Sep/2025:14:42:33 -0400] "GET /wp-includes/fonts/dashicons.eot HTTP/1.1" 200 56564 "-" "Mozilla/5.0 (compatible; MJ12bot/v1.4.8; http://mj12bot.com/)"
188.165.212.137 - - [02/Sep/2025:14:42:37 -0400] "GET /wp-includes/fonts/dashicons.woff HTTP/1.1" 200 26124 "-" "Mozilla/5.0 (compatible; MJ12bot/v1.4.8; http://mj12bot.com/)"
188.165.212.137 - - [02/Sep/2025:14:42:39 -0400] "GET /wp-includes/fonts/dashicons.woff2 HTTP/1.1" 200 26132 "-" "Mozilla/5.0 (compatible; MJ12bot/v1.4.8; http://mj12bot.com/)"
193.142.147.5 - - [02/Sep/2025:14:42:42 -0400] "GET /wp-admin/includes//wp-admin/includes/import.php HTTP/1.1" 404 1251 "-" "Mozlila/5.0 (Linux; Android 7.0; SM-G892A Bulid/NRD90M; wv) AppleWebKit/537.36 (KHTML, like Gecko) Version/4.0 Chrome/60.0.3112.107 Moblie Safari/537.36"
188.165.212.137 - - [02/Sep/2025:14:42:43 -0400] "GET /wp-includes/html-api/?ND HTTP/1.1" 200 1437 "-" "Mozilla/5.0 (compatible; MJ12bot/v1.4.8; http://mj12bot.com/)"
193.142.147.5 - - [02/Sep/2025:14:42:46 -0400] "GET /wp-admin/includes//wp-admin/includes/list-table.php HTTP/1.1" 404 1251 "-" "Mozlila/5.0 (Linux; Android 7.0; SM-G892A Bulid/NRD90M; wv) AppleWebKit/537.36 (KHTML, like Gecko) Version/4.0 Chrome/60.0.3112.107 Moblie Safari/537.36"
188.165.212.137 - - [02/Sep/2025:14:42:46 -0400] "GET /wp-includes/html-api/class-wp-html-decoder.php HTTP/1.1" 403 1242 "-" "Mozilla/5.0 (compatible; MJ12bot/v1.4.8; http://mj12bot.com/)"
188.165.212.137 - - [02/Sep/2025:14:42:49 -0400] "GET /wp-includes/html-api/class-wp-html-open-elements.php HTTP/1.1" 403 1242 "-" "Mozilla/5.0 (compatible; MJ12bot/v1.4.8; http://mj12bot.com/)"
188.165.212.137 - - [02/Sep/2025:14:42:51 -0400] "GET /wp-includes/html-api/class-wp-html-processor-state.php HTTP/1.1" 403 1242 "-" "Mozilla/5.0 (compatible; MJ12bot/v1.4.8; http://mj12bot.com/)"
188.165.212.137 - - [02/Sep/2025:14:42:54 -0400] "GET /wp-includes/html-api/class-wp-html-span.php HTTP/1.1" 403 1242 "-" "Mozilla/5.0 (compatible; MJ12bot/v1.4.8; http://mj12bot.com/)"
188.165.212.137 - - [02/Sep/2025:14:42:58 -0400] "GET /wp-includes/html-api/class-wp-html-tag-processor.php HTTP/1.1" 403 1242 "-" "Mozilla/5.0 (compatible; MJ12bot/v1.4.8; http://mj12bot.com/)"
193.142.147.5 - - [02/Sep/2025:14:43:00 -0400] "GET /wp-admin/includes//wp-admin/includes/misc.php HTTP/1.1" 404 1251 "-" "Mozlila/5.0 (Linux; Android 7.0; SM-G892A Bulid/NRD90M; wv) AppleWebKit/537.36 (KHTML, like Gecko) Version/4.0 Chrome/60.0.3112.107 Moblie Safari/537.36"
188.165.212.137 - - [02/Sep/2025:14:43:01 -0400] "GET /wp-includes/html-api/class-wp-html-token.php HTTP/1.1" 403 1242 "-" "Mozilla/5.0 (compatible; MJ12bot/v1.4.8; http://mj12bot.com/)"
193.142.147.5 - - [02/Sep/2025:14:42:39 -0400] "GET /wp-admin/includes//wp-admin/includes/image.php HTTP/1.1" 404 1251 "-" "Mozlila/5.0 (Linux; Android 7.0; SM-G892A Bulid/NRD90M; wv) AppleWebKit/537.36 (KHTML, like Gecko) Version/4.0 Chrome/60.0.3112.107 Moblie Safari/537.36"
188.165.212.137 - - [02/Sep/2025:14:42:41 -0400] "GET /wp-includes/html-api/?MA HTTP/1.1" 200 1451 "-" "Mozilla/5.0 (compatible; MJ12bot/v1.4.8; http://mj12bot.com/)"
188.165.212.137 - - [02/Sep/2025:14:42:45 -0400] "GET /wp-includes/html-api/class-wp-html-attribute-token.php HTTP/1.1" 403 1242 "-" "Mozilla/5.0 (compatible; MJ12bot/v1.4.8; http://mj12bot.com/)"
188.165.212.137 - - [02/Sep/2025:14:42:48 -0400] "GET /wp-includes/html-api/class-wp-html-doctype-info.php HTTP/1.1" 403 1242 "-" "Mozilla/5.0 (compatible; MJ12bot/v1.4.8; http://mj12bot.com/)"
193.142.147.5 - - [02/Sep/2025:14:42:50 -0400] "GET /wp-admin/includes//wp-admin/includes/media.php HTTP/1.1" 404 1251 "-" "Mozlila/5.0 (Linux; Android 7.0; SM-G892A Bulid/NRD90M; wv) AppleWebKit/537.36 (KHTML, like Gecko) Version/4.0 Chrome/60.0.3112.107 Moblie Safari/537.36"
188.165.212.137 - - [02/Sep/2025:14:42:53 -0400] "GET /wp-includes/html-api/class-wp-html-processor.php HTTP/1.1" 403 1242 "-" "Mozilla/5.0 (compatible; MJ12bot/v1.4.8; http://mj12bot.com/)"
193.142.147.5 - - [02/Sep/2025:14:42:54 -0400] "GET /wp-admin/includes//wp-admin/includes/menu.php HTTP/1.1" 404 1251 "-" "Mozlila/5.0 (Linux; Android 7.0; SM-G892A Bulid/NRD90M; wv) AppleWebKit/537.36 (KHTML, like Gecko) Version/4.0 Chrome/60.0.3112.107 Moblie Safari/537.36"
188.165.212.137 - - [02/Sep/2025:14:42:56 -0400] "GET /wp-includes/html-api/class-wp-html-stack-event.php HTTP/1.1" 403 1242 "-" "Mozilla/5.0 (compatible; MJ12bot/v1.4.8; http://mj12bot.com/)"
193.142.147.5 - - [02/Sep/2025:14:42:58 -0400] "GET /wp-admin/includes//wp-admin/includes/meta-boxes.php HTTP/1.1" 404 1251 "-" "Mozlila/5.0 (Linux; Android 7.0; SM-G892A Bulid/NRD90M; wv) AppleWebKit/537.36 (KHTML, like Gecko) Version/4.0 Chrome/60.0.3112.107 Moblie Safari/537.36"
188.165.212.137 - - [02/Sep/2025:14:43:00 -0400] "GET /wp-includes/html-api/class-wp-html-text-replacement.php HTTP/1.1" 403 1242 "-" "Mozilla/5.0 (compatible; MJ12bot/v1.4.8; http://mj12bot.com/)"
188.165.212.137 - - [02/Sep/2025:14:43:03 -0400] "GET /wp-includes/html-api/class-wp-html-unsupported-exception.php HTTP/1.1" 403 1242 "-" "Mozilla/5.0 (compatible; MJ12bot/v1.4.8; http://mj12bot.com/)"
193.142.147.5 - - [02/Sep/2025:14:43:04 -0400] "GET /wp-admin/includes//wp-admin/includes/ms-admin-filters.php HTTP/1.1" 404 1251 "-" "Mozlila/5.0 (Linux; Android 7.0; SM-G892A Bulid/NRD90M; wv) AppleWebKit/537.36 (KHTML, like Gecko) Version/4.0 Chrome/60.0.3112.107 Moblie Safari/537.36"
188.165.212.137 - - [02/Sep/2025:14:43:08 -0400] "GET /wp-includes/images/?ND HTTP/1.1" 200 1728 "-" "Mozilla/5.0 (compatible; MJ12bot/v1.4.8; http://mj12bot.com/)"
188.165.212.137 - - [02/Sep/2025:14:43:10 -0400] "GET /wp-includes/images/?SA HTTP/1.1" 200 1756 "-" "Mozilla/5.0 (compatible; MJ12bot/v1.4.8; http://mj12bot.com/)"
193.142.147.5 - - [02/Sep/2025:14:43:11 -0400] "GET /wp-admin/includes//wp-admin/includes/ms.php HTTP/1.1" 404 1251 "-" "Mozlila/5.0 (Linux; Android 7.0; SM-G892A Bulid/NRD90M; wv) AppleWebKit/537.36 (KHTML, like Gecko) Version/4.0 Chrome/60.0.3112.107 Moblie Safari/537.36"
193.142.147.5 - - [02/Sep/2025:14:43:15 -0400] "GET /wp-admin/includes//wp-admin/includes/nav-menu.php HTTP/1.1" 404 1251 "-" "Mozlila/5.0 (Linux; Android 7.0; SM-G892A Bulid/NRD90M; wv) AppleWebKit/537.36 (KHTML, like Gecko) Version/4.0 Chrome/60.0.3112.107 Moblie Safari/537.36"
188.165.212.137 - - [02/Sep/2025:14:43:16 -0400] "GET /wp-includes/sodium_compat/?SA HTTP/1.1" 200 1163 "-" "Mozilla/5.0 (compatible; MJ12bot/v1.4.8; http://mj12bot.com/)"
188.165.212.137 - - [02/Sep/2025:14:43:21 -0400] "GET /wp-includes/sodium_compat/autoload.php HTTP/1.1" 403 1242 "-" "Mozilla/5.0 (compatible; MJ12bot/v1.4.8; http://mj12bot.com/)"
188.165.212.137 - - [02/Sep/2025:14:43:04 -0400] "GET /wp-includes/html-api/html5-named-character-references.php HTTP/1.1" 403 1242 "-" "Mozilla/5.0 (compatible; MJ12bot/v1.4.8; http://mj12bot.com/)"
188.165.212.137 - - [02/Sep/2025:14:43:06 -0400] "GET /wp-includes/images/?MA HTTP/1.1" 200 1719 "-" "Mozilla/5.0 (compatible; MJ12bot/v1.4.8; http://mj12bot.com/)"
193.142.147.5 - - [02/Sep/2025:14:43:07 -0400] "GET /wp-admin/includes//wp-admin/includes/ms-deprecated.php HTTP/1.1" 404 1251 "-" "Mozlila/5.0 (Linux; Android 7.0; SM-G892A Bulid/NRD90M; wv) AppleWebKit/537.36 (KHTML, like Gecko) Version/4.0 Chrome/60.0.3112.107 Moblie Safari/537.36"
188.165.212.137 - - [02/Sep/2025:14:43:11 -0400] "GET /wp-includes/sitemaps/class-wp-sitemaps.php HTTP/1.1" 403 1242 "-" "Mozilla/5.0 (compatible; MJ12bot/v1.4.8; http://mj12bot.com/)"
188.165.212.137 - - [02/Sep/2025:14:43:13 -0400] "GET /wp-includes/sodium_compat/?MA HTTP/1.1" 200 1163 "-" "Mozilla/5.0 (compatible; MJ12bot/v1.4.8; http://mj12bot.com/)"
188.165.212.137 - - [02/Sep/2025:14:43:14 -0400] "GET /wp-includes/sodium_compat/?ND HTTP/1.1" 200 1162 "-" "Mozilla/5.0 (compatible; MJ12bot/v1.4.8; http://mj12bot.com/)"
188.165.212.137 - - [02/Sep/2025:14:43:18 -0400] "GET /wp-includes/sodium_compat/LICENSE HTTP/1.1" 200 860 "-" "Mozilla/5.0 (compatible; MJ12bot/v1.4.8; http://mj12bot.com/)"
66.249.68.4 - - [02/Sep/2025:14:43:19 -0400] "GET /?list=290767641 HTTP/1.1" 200 2337 "-" "Mozilla/5.0 (Linux; Android 6.0.1; Nexus 5X Build/MMB29P) AppleWebKit/537.36 (KHTML, like Gecko) Chrome/138.0.7204.183 Mobile Safari/537.36 (compatible; Googlebot/2.1; +http://www.google.com/bot.html)"
193.142.147.5 - - [02/Sep/2025:14:43:19 -0400] "GET /wp-admin/includes//wp-admin/includes/network.php HTTP/1.1" 404 1251 "-" "Mozlila/5.0 (Linux; Android 7.0; SM-G892A Bulid/NRD90M; wv) AppleWebKit/537.36 (KHTML, like Gecko) Version/4.0 Chrome/60.0.3112.107 Moblie Safari/537.36"
188.165.212.137 - - [02/Sep/2025:14:43:19 -0400] "GET /wp-includes/sodium_compat/autoload-php7.php HTTP/1.1" 403 1242 "-" "Mozilla/5.0 (compatible; MJ12bot/v1.4.8; http://mj12bot.com/)"
188.165.212.137 - - [02/Sep/2025:14:43:24 -0400] "GET /wp-includes/style-engine/?MA HTTP/1.1" 200 785 "-" "Mozilla/5.0 (compatible; MJ12bot/v1.4.8; http://mj12bot.com/)"
188.165.212.137 - - [02/Sep/2025:14:43:26 -0400] "GET /wp-includes/style-engine/?ND HTTP/1.1" 200 784 "-" "Mozilla/5.0 (compatible; MJ12bot/v1.4.8; http://mj12bot.com/)"
193.142.147.5 - - [02/Sep/2025:14:43:29 -0400] "GET /wp-admin/includes//wp-admin/includes/plugin-install.php HTTP/1.1" 404 1251 "-" "Mozlila/5.0 (Linux; Android 7.0; SM-G892A Bulid/NRD90M; wv) AppleWebKit/537.36 (KHTML, like Gecko) Version/4.0 Chrome/60.0.3112.107 Moblie Safari/537.36"
188.165.212.137 - - [02/Sep/2025:14:43:29 -0400] "GET /wp-includes/style-engine/class-wp-style-engine-css-declarations.php HTTP/1.1" 403 1242 "-" "Mozilla/5.0 (compatible; MJ12bot/v1.4.8; http://mj12bot.com/)"
188.165.212.137 - - [02/Sep/2025:14:43:31 -0400] "GET /wp-includes/style-engine/class-wp-style-engine-css-rule.php HTTP/1.1" 403 1242 "-" "Mozilla/5.0 (compatible; MJ12bot/v1.4.8; http://mj12bot.com/)"
193.142.147.5 - - [02/Sep/2025:14:43:33 -0400] "GET /wp-admin/includes//wp-admin/includes/plugin.php HTTP/1.1" 404 1251 "-" "Mozlila/5.0 (Linux; Android 7.0; SM-G892A Bulid/NRD90M; wv) AppleWebKit/537.36 (KHTML, like Gecko) Version/4.0 Chrome/60.0.3112.107 Moblie Safari/537.36"
188.165.212.137 - - [02/Sep/2025:14:43:36 -0400] "GET /wp-includes/style-engine/class-wp-style-engine.php HTTP/1.1" 403 1242 "-" "Mozilla/5.0 (compatible; MJ12bot/v1.4.8; http://mj12bot.com/)"
193.142.147.5 - - [02/Sep/2025:14:43:37 -0400] "GET /wp-admin/includes//wp-admin/includes/post.php HTTP/1.1" 404 1251 "-" "Mozlila/5.0 (Linux; Android 7.0; SM-G892A Bulid/NRD90M; wv) AppleWebKit/537.36 (KHTML, like Gecko) Version/4.0 Chrome/60.0.3112.107 Moblie Safari/537.36"
188.165.212.137 - - [02/Sep/2025:14:43:40 -0400] "GET /wp-includes/theme-compat/?ND HTTP/1.1" 200 1279 "-" "Mozilla/5.0 (compatible; MJ12bot/v1.4.8; http://mj12bot.com/)"
188.165.212.137 - - [02/Sep/2025:14:43:23 -0400] "GET /wp-includes/sodium_compat/composer.json HTTP/1.1" 403 1242 "-" "Mozilla/5.0 (compatible; MJ12bot/v1.4.8; http://mj12bot.com/)"
193.142.147.5 - - [02/Sep/2025:14:43:23 -0400] "GET /wp-admin/includes//wp-admin/includes/noop.php HTTP/1.1" 404 1251 "-" "Mozlila/5.0 (Linux; Android 7.0; SM-G892A Bulid/NRD90M; wv) AppleWebKit/537.36 (KHTML, like Gecko) Version/4.0 Chrome/60.0.3112.107 Moblie Safari/537.36"
193.142.147.5 - - [02/Sep/2025:14:43:27 -0400] "GET /wp-admin/includes//wp-admin/includes/options.php HTTP/1.1" 404 1251 "-" "Mozlila/5.0 (Linux; Android 7.0; SM-G892A Bulid/NRD90M; wv) AppleWebKit/537.36 (KHTML, like Gecko) Version/4.0 Chrome/60.0.3112.107 Moblie Safari/537.36"
188.165.212.137 - - [02/Sep/2025:14:43:28 -0400] "GET /wp-includes/style-engine/?SA HTTP/1.1" 200 785 "-" "Mozilla/5.0 (compatible; MJ12bot/v1.4.8; http://mj12bot.com/)"
188.165.212.137 - - [02/Sep/2025:14:43:33 -0400] "GET /wp-includes/style-engine/class-wp-style-engine-css-rules-store.php HTTP/1.1" 403 1242 "-" "Mozilla/5.0 (compatible; MJ12bot/v1.4.8; http://mj12bot.com/)"
188.165.212.137 - - [02/Sep/2025:14:43:35 -0400] "GET /wp-includes/style-engine/class-wp-style-engine-processor.php HTTP/1.1" 403 1242 "-" "Mozilla/5.0 (compatible; MJ12bot/v1.4.8; http://mj12bot.com/)"
188.165.212.137 - - [02/Sep/2025:14:43:38 -0400] "GET /wp-includes/theme-compat/?MA HTTP/1.1" 200 1289 "-" "Mozilla/5.0 (compatible; MJ12bot/v1.4.8; http://mj12bot.com/)"
193.142.147.5 - - [02/Sep/2025:14:43:41 -0400] "GET /wp-admin/includes//wp-admin/includes/privacy-tools.php HTTP/1.1" 404 1251 "-" "Mozlila/5.0 (Linux; Android 7.0; SM-G892A Bulid/NRD90M; wv) AppleWebKit/537.36 (KHTML, like Gecko) Version/4.0 Chrome/60.0.3112.107 Moblie Safari/537.36"
188.165.212.137 - - [02/Sep/2025:14:43:50 -0400] "GET /wp-includes/theme-compat/error_log HTTP/1.1" 403 1242 "-" "Mozilla/5.0 (compatible; MJ12bot/v1.4.8; http://mj12bot.com/)"
188.165.212.137 - - [02/Sep/2025:14:43:52 -0400] "GET /wp-includes/theme-compat/footer-embed.php HTTP/1.1" 403 1242 "-" "Mozilla/5.0 (compatible; MJ12bot/v1.4.8; http://mj12bot.com/)"
188.165.212.137 - - [02/Sep/2025:14:43:53 -0400] "GET /wp-includes/theme-compat/footer.php HTTP/1.1" 403 1242 "-" "Mozilla/5.0 (compatible; MJ12bot/v1.4.8; http://mj12bot.com/)"
193.142.147.5 - - [02/Sep/2025:14:43:57 -0400] "GET /wp-admin/includes//wp-admin/includes/taxonomy.php HTTP/1.1" 404 1251 "-" "Mozlila/5.0 (Linux; Android 7.0; SM-G892A Bulid/NRD90M; wv) AppleWebKit/537.36 (KHTML, like Gecko) Version/4.0 Chrome/60.0.3112.107 Moblie Safari/537.36"
188.165.212.137 - - [02/Sep/2025:14:43:58 -0400] "GET /wp-includes/widgets/class-wp-widget-tag-cloud.php HTTP/1.1" 403 1242 "-" "Mozilla/5.0 (compatible; MJ12bot/v1.4.8; http://mj12bot.com/)"
193.142.147.5 - - [02/Sep/2025:14:44:09 -0400] "GET /wp-admin/includes//wp-admin/includes/theme.php HTTP/1.1" 404 1251 "-" "Mozlila/5.0 (Linux; Android 7.0; SM-G892A Bulid/NRD90M; wv) AppleWebKit/537.36 (KHTML, like Gecko) Version/4.0 Chrome/60.0.3112.107 Moblie Safari/537.36"
193.142.147.5 - - [02/Sep/2025:14:44:27 -0400] "GET /wp-admin/includes//wp-admin/includes/user.php HTTP/1.1" 404 1251 "-" "Mozlila/5.0 (Linux; Android 7.0; SM-G892A Bulid/NRD90M; wv) AppleWebKit/537.36 (KHTML, like Gecko) Version/4.0 Chrome/60.0.3112.107 Moblie Safari/537.36"
193.142.147.5 - - [02/Sep/2025:14:44:30 -0400] "GET /wp-admin/includes//wp-admin/includes/widgets.php HTTP/1.1" 404 1251 "-" "Mozlila/5.0 (Linux; Android 7.0; SM-G892A Bulid/NRD90M; wv) AppleWebKit/537.36 (KHTML, like Gecko) Version/4.0 Chrome/60.0.3112.107 Moblie Safari/537.36"
68.65.122.155 - - [02/Sep/2025:14:44:34 -0400] "POST /wp-cron.php?doing_wp_cron=1756838674.7229919433593750000000 HTTP/1.1" 403 1242 "-" "WordPress/6.8.2; https://surewordglobalimpactministry.org"
193.142.147.5 - - [02/Sep/2025:14:44:34 -0400] "GET /wp-admin/ HTTP/1.1" 302 0 "-" "Mozlila/5.0 (Linux; Android 7.0; SM-G892A Bulid/NRD90M; wv) AppleWebKit/537.36 (KHTML, like Gecko) Version/4.0 Chrome/60.0.3112.107 Moblie Safari/537.36"
188.165.212.137 - - [02/Sep/2025:14:43:42 -0400] "GET /wp-includes/theme-compat/?SA HTTP/1.1" 200 1288 "-" "Mozilla/5.0 (compatible; MJ12bot/v1.4.8; http://mj12bot.com/)"
188.165.212.137 - - [02/Sep/2025:14:43:43 -0400] "GET /wp-includes/theme-compat/comments.php HTTP/1.1" 403 1242 "-" "Mozilla/5.0 (compatible; MJ12bot/v1.4.8; http://mj12bot.com/)"
188.165.212.137 - - [02/Sep/2025:14:43:45 -0400] "GET /wp-includes/theme-compat/embed-404.php HTTP/1.1" 403 1242 "-" "Mozilla/5.0 (compatible; MJ12bot/v1.4.8; http://mj12bot.com/)"
193.142.147.5 - - [02/Sep/2025:14:43:45 -0400] "GET /wp-admin/includes//wp-admin/includes/revision.php HTTP/1.1" 404 1251 "-" "Mozlila/5.0 (Linux; Android 7.0; SM-G892A Bulid/NRD90M; wv) AppleWebKit/537.36 (KHTML, like Gecko) Version/4.0 Chrome/60.0.3112.107 Moblie Safari/537.36"
188.165.212.137 - - [02/Sep/2025:14:43:47 -0400] "GET /wp-includes/theme-compat/embed-content.php HTTP/1.1" 403 1242 "-" "Mozilla/5.0 (compatible; MJ12bot/v1.4.8; http://mj12bot.com/)"
188.165.212.137 - - [02/Sep/2025:14:43:48 -0400] "GET /wp-includes/theme-compat/embed.php HTTP/1.1" 403 1242 "-" "Mozilla/5.0 (compatible; MJ12bot/v1.4.8; http://mj12bot.com/)"
193.142.147.5 - - [02/Sep/2025:14:43:49 -0400] "GET /wp-admin/includes//wp-admin/includes/schema.php HTTP/1.1" 404 1251 "-" "Mozlila/5.0 (Linux; Android 7.0; SM-G892A Bulid/NRD90M; wv) AppleWebKit/537.36 (KHTML, like Gecko) Version/4.0 Chrome/60.0.3112.107 Moblie Safari/537.36"
193.142.147.5 - - [02/Sep/2025:14:43:53 -0400] "GET /wp-admin/includes//wp-admin/includes/screen.php HTTP/1.1" 404 1251 "-" "Mozlila/5.0 (Linux; Android 7.0; SM-G892A Bulid/NRD90M; wv) AppleWebKit/537.36 (KHTML, like Gecko) Version/4.0 Chrome/60.0.3112.107 Moblie Safari/537.36"
188.165.212.137 - - [02/Sep/2025:14:43:55 -0400] "GET /wp-includes/theme-compat/header-embed.php HTTP/1.1" 403 1242 "-" "Mozilla/5.0 (compatible; MJ12bot/v1.4.8; http://mj12bot.com/)"
188.165.212.137 - - [02/Sep/2025:14:43:56 -0400] "GET /wp-includes/widgets/class-wp-widget-search.php HTTP/1.1" 403 1242 "-" "Mozilla/5.0 (compatible; MJ12bot/v1.4.8; http://mj12bot.com/)"
188.165.212.137 - - [02/Sep/2025:14:44:00 -0400] "GET /wp-includes/widgets/class-wp-widget-text.php HTTP/1.1" 403 1242 "-" "Mozilla/5.0 (compatible; MJ12bot/v1.4.8; http://mj12bot.com/)"
193.142.147.5 - - [02/Sep/2025:14:44:01 -0400] "GET /wp-admin/includes//wp-admin/includes/template.php HTTP/1.1" 404 1251 "-" "Mozlila/5.0 (Linux; Android 7.0; SM-G892A Bulid/NRD90M; wv) AppleWebKit/537.36 (KHTML, like Gecko) Version/4.0 Chrome/60.0.3112.107 Moblie Safari/537.36"
193.142.147.5 - - [02/Sep/2025:14:44:05 -0400] "GET /wp-admin/includes//wp-admin/includes/theme-install.php HTTP/1.1" 404 1251 "-" "Mozlila/5.0 (Linux; Android 7.0; SM-G892A Bulid/NRD90M; wv) AppleWebKit/537.36 (KHTML, like Gecko) Version/4.0 Chrome/60.0.3112.107 Moblie Safari/537.36"
193.142.147.5 - - [02/Sep/2025:14:44:13 -0400] "GET /wp-admin/includes//wp-admin/includes/translation-install.php HTTP/1.1" 404 1251 "-" "Mozlila/5.0 (Linux; Android 7.0; SM-G892A Bulid/NRD90M; wv) AppleWebKit/537.36 (KHTML, like Gecko) Version/4.0 Chrome/60.0.3112.107 Moblie Safari/537.36"
193.142.147.5 - - [02/Sep/2025:14:44:16 -0400] "GET /wp-admin/includes//wp-admin/includes/update-core.php HTTP/1.1" 404 1251 "-" "Mozlila/5.0 (Linux; Android 7.0; SM-G892A Bulid/NRD90M; wv) AppleWebKit/537.36 (KHTML, like Gecko) Version/4.0 Chrome/60.0.3112.107 Moblie Safari/537.36"
193.142.147.5 - - [02/Sep/2025:14:44:20 -0400] "GET /wp-admin/includes//wp-admin/includes/update.php HTTP/1.1" 404 1251 "-" "Mozlila/5.0 (Linux; Android 7.0; SM-G892A Bulid/NRD90M; wv) AppleWebKit/537.36 (KHTML, like Gecko) Version/4.0 Chrome/60.0.3112.107 Moblie Safari/537.36"
193.142.147.5 - - [02/Sep/2025:14:44:24 -0400] "GET /wp-admin/includes//wp-admin/includes/upgrade.php HTTP/1.1" 404 1251 "-" "Mozlila/5.0 (Linux; Android 7.0; SM-G892A Bulid/NRD90M; wv) AppleWebKit/537.36 (KHTML, like Gecko) Version/4.0 Chrome/60.0.3112.107 Moblie Safari/537.36"
193.142.147.5 - - [02/Sep/2025:14:44:35 -0400] "GET /wp-login.php?redirect_to=https%3A%2F%2Fsurewordglobalimpactministry.org%2Fwp-admin%2F&reauth=1 HTTP/1.1" 200 1711 "-" "Mozlila/5.0 (Linux; Android 7.0; SM-G892A Bulid/NRD90M; wv) AppleWebKit/537.36 (KHTML, like Gecko) Version/4.0 Chrome/60.0.3112.107 Moblie Safari/537.36"
193.142.147.5 - - [02/Sep/2025:14:44:42 -0400] "GET /wp-content/upgrade/ HTTP/1.1" 200 557 "-" "Mozlila/5.0 (Linux; Android 7.0; SM-G892A Bulid/NRD90M; wv) AppleWebKit/537.36 (KHTML, like Gecko) Version/4.0 Chrome/60.0.3112.107 Moblie Safari/537.36"
85.203.36.238 - - [02/Sep/2025:14:45:27 -0400] "GET / HTTP/1.1" 200 2334 "https://surewordglobalimpactministry.org/" "Mozilla/5.0 (Windows NT 10.0; Win64; x64) AppleWebKit/537.36 (KHTML, like Gecko) Chrome/131.0.0.0 Safari/537.36 Avast/131.0.0.0"
66.249.79.70 - - [02/Sep/2025:14:47:40 -0400] "GET /m057006934?srsltid=AfmBOoSvzLaWtysRUEePjA_MIQdSPxuOI_nN6emJsj-I-oeCLXFy6H HTTP/1.1" 404 1251 "-" "Mozilla/5.0 (Linux; Android 6.0.1; Nexus 5X Build/MMB29P) AppleWebKit/537.36 (KHTML, like Gecko) Chrome/138.0.7204.183 Mobile Safari/537.36 (compatible; Googlebot/2.1; +http://www.google.com/bot.html)"
66.249.79.70 - - [02/Sep/2025:14:48:23 -0400] "GET /m185011218?srsltid=AfmBOoXRXKdveiCdR5cuJP_smDdkGr3HP_RjlUVTgJ-W-XEFZmpAKZ HTTP/1.1" 404 1251 "-" "Mozilla/5.0 (Linux; Android 6.0.1; Nexus 5X Build/MMB29P) AppleWebKit/537.36 (KHTML, like Gecko) Chrome/138.0.7204.183 Mobile Safari/537.36 (compatible; Googlebot/2.1; +http://www.google.com/bot.html)"
66.249.79.72 - - [02/Sep/2025:14:49:50 -0400] "GET /q-~228a8cHNWKVTODeyUH0AuBiApdfIVAKQA16382/ HTTP/1.1" 404 1251 "-" "Mozilla/5.0 (Linux; Android 6.0.1; Nexus 5X Build/MMB29P) AppleWebKit/537.36 (KHTML, like Gecko) Chrome/138.0.7204.183 Mobile Safari/537.36 (compatible; Googlebot/2.1; +http://www.google.com/bot.html)"
66.249.79.74 - - [02/Sep/2025:14:51:17 -0400] "GET /m030011279?srsltid=AfmBOoLxIryIQxJLHQUDkt_ZquRKWOukf_mtg3ohtP-B-pUwEaYtPU HTTP/1.1" 404 1251 "-" "Mozilla/5.0 (Linux; Android 6.0.1; Nexus 5X Build/MMB29P) AppleWebKit/537.36 (KHTML, like Gecko) Chrome/138.0.7204.183 Mobile Safari/537.36 (compatible; Googlebot/2.1; +http://www.google.com/bot.html)"
66.249.79.73 - - [02/Sep/2025:14:51:44 -0400] "GET /q-~219hopjNqSFLkxDJc2UNCcjYaPwC1Zn9x44675/ HTTP/1.1" 404 1251 "-" "Mozilla/5.0 (Linux; Android 6.0.1; Nexus 5X Build/MMB29P) AppleWebKit/537.36 (KHTML, like Gecko) Chrome/138.0.7204.183 Mobile Safari/537.36 (compatible; Googlebot/2.1; +http://www.google.com/bot.html)"
66.249.79.72 - - [02/Sep/2025:14:51:44 -0400] "GET /m268034793?srsltid=AfmBOoBJQRZhmNRr6CYCgD_uPuIvDZ1IJ_Dv8bzyp8-B-7Gke37i0R HTTP/1.1" 404 1251 "-" "Mozilla/5.0 (Linux; Android 6.0.1; Nexus 5X Build/MMB29P) AppleWebKit/537.36 (KHTML, like Gecko) Chrome/138.0.7204.183 Mobile Safari/537.36 (compatible; Googlebot/2.1; +http://www.google.com/bot.html)"
66.249.79.69 - - [02/Sep/2025:14:44:46 -0400] "GET /?list=305120014 HTTP/1.1" 200 2334 "-" "Mozilla/5.0 (Linux; Android 6.0.1; Nexus 5X Build/MMB29P) AppleWebKit/537.36 (KHTML, like Gecko) Chrome/138.0.7204.183 Mobile Safari/537.36 (compatible; Googlebot/2.1; +http://www.google.com/bot.html)"
66.249.79.71 - - [02/Sep/2025:14:44:46 -0400] "GET /q-~42Z9USQfDRFn5PSqbvd6YgQJXdicrHwK7608/ HTTP/1.1" 404 1251 "-" "Mozilla/5.0 (Linux; Android 6.0.1; Nexus 5X Build/MMB29P) AppleWebKit/537.36 (KHTML, like Gecko) Chrome/138.0.7204.183 Mobile Safari/537.36 (compatible; Googlebot/2.1; +http://www.google.com/bot.html)"
45.227.253.15 - - [02/Sep/2025:14:46:12 -0400] "GET /?of=1 HTTP/1.1" 200 2334 "-" "Mozilla/5.0 (Windows NT 6.2; WOW64; rv:73.0) Gecko/20100101 Firefox/73.0"
66.249.79.69 - - [02/Sep/2025:14:46:13 -0400] "GET /q-~56B8lLsiK0h7O6lZkZiIZffdzmmoQoPa17098/ HTTP/1.1" 404 1251 "-" "Mozilla/5.0 (Linux; Android 6.0.1; Nexus 5X Build/MMB29P) AppleWebKit/537.36 (KHTML, like Gecko) Chrome/138.0.7204.183 Mobile Safari/537.36 (compatible; Googlebot/2.1; +http://www.google.com/bot.html)"
66.249.79.69 - - [02/Sep/2025:14:46:56 -0400] "GET /epicardia/414004828 HTTP/1.1" 404 1251 "-" "Mozilla/5.0 (Linux; Android 6.0.1; Nexus 5X Build/MMB29P) AppleWebKit/537.36 (KHTML, like Gecko) Chrome/138.0.7204.183 Mobile Safari/537.36 (compatible; Googlebot/2.1; +http://www.google.com/bot.html)"
66.249.79.72 - - [02/Sep/2025:14:52:12 -0400] "GET /q-~68iRikoJVn5LIpAxRfpz9kU1gKOzmyju20062/ HTTP/1.1" 404 1251 "-" "Mozilla/5.0 (Linux; Android 6.0.1; Nexus 5X Build/MMB29P) AppleWebKit/537.36 (KHTML, like Gecko) Chrome/138.0.7204.183 Mobile Safari/537.36 (compatible; Googlebot/2.1; +http://www.google.com/bot.html)"
66.249.79.74 - - [02/Sep/2025:14:52:12 -0400] "GET /m122021271?srsltid=AfmBOotmIETapGduIkSvNM_T1OmwE5G16_GHXgCBZG-Q-hcI6u7pXZ HTTP/1.1" 404 1251 "-" "Mozilla/5.0 (Linux; Android 6.0.1; Nexus 5X Build/MMB29P) AppleWebKit/537.36 (KHTML, like Gecko) Chrome/138.0.7204.183 Mobile Safari/537.36 (compatible; Googlebot/2.1; +http://www.google.com/bot.html)"
66.249.73.69 - - [02/Sep/2025:14:53:07 -0400] "GET /m231035190?srsltid=AfmBOoZxQKZTEtNcpqPNLf_T2IzoADelY_1AXR75oV-I-UzlbRvgZ0 HTTP/1.1" 404 1251 "-" "Mozilla/5.0 (Linux; Android 6.0.1; Nexus 5X Build/MMB29P) AppleWebKit/537.36 (KHTML, like Gecko) Chrome/138.0.7204.183 Mobile Safari/537.36 (compatible; Googlebot/2.1; +http://www.google.com/bot.html)"
