66.249.73.66 - - [02/Sep/2025:17:34:19 -0400] "GET /q-~286Q74NtM5iOSaXOeoGFvGA7Z02p4fktx22244/ HTTP/1.1" 404 1251 "-" "Mozilla/5.0 (Linux; Android 6.0.1; Nexus 5X Build/MMB29P) AppleWebKit/537.36 (KHTML, like Gecko) Chrome/138.0.7204.183 Mobile Safari/537.36 (compatible; Googlebot/2.1; +http://www.google.com/bot.html)"
66.249.73.65 - - [02/Sep/2025:17:34:45 -0400] "GET /m149045564?srsltid=AfmBOoTXKGhtfwBX4TOuol_TpgPZEWEnm_sK2WPcPI-L-gf0B047MH HTTP/1.1" 404 1251 "-" "Mozilla/5.0 (Linux; Android 6.0.1; Nexus 5X Build/MMB29P) AppleWebKit/537.36 (KHTML, like Gecko) Chrome/138.0.7204.183 Mobile Safari/537.36 (compatible; Googlebot/2.1; +http://www.google.com/bot.html)"
66.249.65.101 - - [02/Sep/2025:17:34:46 -0400] "GET /inearths441672353 HTTP/1.1" 404 1251 "-" "Mozilla/5.0 (Linux; Android 6.0.1; Nexus 5X Build/MMB29P) AppleWebKit/537.36 (KHTML, like Gecko) Chrome/138.0.7204.183 Mobile Safari/537.36 (compatible; Googlebot/2.1; +http://www.google.com/bot.html)"
66.249.73.66 - - [02/Sep/2025:17:36:01 -0400] "GET /q-~201zmBwqHqoJJHFIvXbZAHF9Gs8OEoXBT19549/ HTTP/1.1" 404 1251 "-" "Mozilla/5.0 (Linux; Android 6.0.1; Nexus 5X Build/MMB29P) AppleWebKit/537.36 (KHTML, like Gecko) Chrome/138.0.7204.183 Mobile Safari/537.36 (compatible; Googlebot/2.1; +http://www.google.com/bot.html)"
66.249.73.66 - - [02/Sep/2025:17:29:22 -0400] "GET /q-~274v86SXlbfMP9Oub3Hs8k7z1CNVwbnSZ30840/ HTTP/1.1" 404 1251 "-" "Mozilla/5.0 (Linux; Android 6.0.1; Nexus 5X Build/MMB29P) AppleWebKit/537.36 (KHTML, like Gecko) Chrome/138.0.7204.183 Mobile Safari/537.36 (compatible; Googlebot/2.1; +http://www.google.com/bot.html)"
66.249.73.65 - - [02/Sep/2025:17:30:17 -0400] "GET /m026001611?srsltid=AfmBOoAOHKnNCMVuxKMQcu_nImtgKscc3_A9nQ3Fbb-P-dH8wjjm10 HTTP/1.1" 404 1251 "-" "Mozilla/5.0 (Linux; Android 6.0.1; Nexus 5X Build/MMB29P) AppleWebKit/537.36 (KHTML, like Gecko) Chrome/138.0.7204.183 Mobile Safari/537.36 (compatible; Googlebot/2.1; +http://www.google.com/bot.html)"
66.249.73.65 - - [02/Sep/2025:17:31:40 -0400] "GET /m293041840?srsltid=AfmBOoppOrmepcqliGmP8h_T1zNLSR2HB_CAOozNXw-V-LvagbICir HTTP/1.1" 404 1251 "-" "Mozilla/5.0 (Linux; Android 6.0.1; Nexus 5X Build/MMB29P) AppleWebKit/537.36 (KHTML, like Gecko) Chrome/138.0.7204.183 Mobile Safari/537.36 (compatible; Googlebot/2.1; +http://www.google.com/bot.html)"
66.249.73.65 - - [02/Sep/2025:17:32:35 -0400] "GET /q-~236p3YjdmHGCyp2VQ7AmF3FyEBteJoDCP40416/ HTTP/1.1" 404 1251 "-" "Mozilla/5.0 (Linux; Android 6.0.1; Nexus 5X Build/MMB29P) AppleWebKit/537.36 (KHTML, like Gecko) Chrome/138.0.7204.183 Mobile Safari/537.36 (compatible; Googlebot/2.1; +http://www.google.com/bot.html)"
66.249.73.65 - - [02/Sep/2025:17:33:02 -0400] "GET /q-~7Te4l572bUEoSIeD1hFQzIjp0q6Mq5F41347/ HTTP/1.1" 404 1251 "-" "Mozilla/5.0 (Linux; Android 6.0.1; Nexus 5X Build/MMB29P) AppleWebKit/537.36 (KHTML, like Gecko) Chrome/138.0.7204.183 Mobile Safari/537.36 (compatible; Googlebot/2.1; +http://www.google.com/bot.html)"
66.249.73.65 - - [02/Sep/2025:17:33:30 -0400] "GET /q-~229Cj9tgoqj8fCYsxepX26dxGZukemoKv18843/ HTTP/1.1" 404 1251 "-" "Mozilla/5.0 (Linux; Android 6.0.1; Nexus 5X Build/MMB29P) AppleWebKit/537.36 (KHTML, like Gecko) Chrome/138.0.7204.183 Mobile Safari/537.36 (compatible; Googlebot/2.1; +http://www.google.com/bot.html)"
66.249.73.66 - - [02/Sep/2025:17:33:31 -0400] "GET /m189040998?srsltid=AfmBOoznTPqlymDqD7FnOo_inz0rFAVDb_E6mqOPzI-E-epZ8jvs9Q HTTP/1.1" 404 1251 "-" "Mozilla/5.0 (Linux; Android 6.0.1; Nexus 5X Build/MMB29P) AppleWebKit/537.36 (KHTML, like Gecko) Chrome/138.0.7204.183 Mobile Safari/537.36 (compatible; Googlebot/2.1; +http://www.google.com/bot.html)"
66.249.73.66 - - [02/Sep/2025:17:33:32 -0400] "GET /interlarding310873219 HTTP/1.1" 404 1251 "-" "Mozilla/5.0 (Linux; Android 6.0.1; Nexus 5X Build/MMB29P) AppleWebKit/537.36 (KHTML, like Gecko) Chrome/138.0.7204.183 Mobile Safari/537.36 (compatible; Googlebot/2.1; +http://www.google.com/bot.html)"
66.249.65.102 - - [02/Sep/2025:17:34:06 -0400] "GET /dl/sf/343878373 HTTP/1.1" 404 1251 "-" "Mozilla/5.0 (Linux; Android 6.0.1; Nexus 5X Build/MMB29P) AppleWebKit/537.36 (KHTML, like Gecko) Chrome/138.0.7204.183 Mobile Safari/537.36 (compatible; GoogleOther)"
66.249.73.65 - - [02/Sep/2025:17:35:01 -0400] "GET /m238007159?srsltid=AfmBOonTccqxxUnjZBcpXi_Ht0DN0JXer_kjoAjb5F-V-jxcpwb0tE HTTP/1.1" 404 1251 "-" "Mozilla/5.0 (Linux; Android 6.0.1; Nexus 5X Build/MMB29P) AppleWebKit/537.36 (KHTML, like Gecko) Chrome/138.0.7204.183 Mobile Safari/537.36 (compatible; Googlebot/2.1; +http://www.google.com/bot.html)"
66.249.73.66 - - [02/Sep/2025:17:35:29 -0400] "GET /q-~82Fss575KOZmeJE70X9kIjViysGIRPzx45792/ HTTP/1.1" 404 1251 "-" "Mozilla/5.0 (Linux; Android 6.0.1; Nexus 5X Build/MMB29P) AppleWebKit/537.36 (KHTML, like Gecko) Chrome/138.0.7204.183 Mobile Safari/537.36 (compatible; Googlebot/2.1; +http://www.google.com/bot.html)"
66.249.73.69 - - [02/Sep/2025:17:37:06 -0400] "GET /q-~182cWlonbc4z21pGprFwSVSYIvYBJ1rdg15648/ HTTP/1.1" 404 1251 "-" "Mozilla/5.0 (Linux; Android 6.0.1; Nexus 5X Build/MMB29P) AppleWebKit/537.36 (KHTML, like Gecko) Chrome/138.0.7204.183 Mobile Safari/537.36 (compatible; Googlebot/2.1; +http://www.google.com/bot.html)"
66.249.73.66 - - [02/Sep/2025:17:36:33 -0400] "GET /q-~110HcfJhi6Jt2nf2E2V3D81hIENVRKHPR24976/ HTTP/1.1" 404 1251 "-" "Mozilla/5.0 (Linux; Android 6.0.1; Nexus 5X Build/MMB29P) AppleWebKit/537.36 (KHTML, like Gecko) Chrome/138.0.7204.183 Mobile Safari/537.36 (compatible; Googlebot/2.1; +http://www.google.com/bot.html)"
208.110.64.178 - - [02/Sep/2025:17:36:47 -0400] "GET /wp-content/brf532c6/edit.php HTTP/1.1" 404 1251 "https://surewordglobalimpactministry.org/wp-content/brf532c6/edit.php" "Mozilla/5.0 (Windows NT 10.0; Win64; x64) AppleWebKit/537.36 (KHTML, like Gecko) Chrome/58.0.3029.110 Safari/537.3"
107.189.10.75 - - [02/Sep/2025:17:38:48 -0400] "POST /wp-login.php HTTP/1.1" 200 1875 "-" "Mozilla/5.0 (Macintosh; Intel Mac OS X 10_10_0) AppleWebKit/537.36 (KHTML, like Gecko) Chrome/36.0.1985.125 Safari/537.36"
66.249.65.101 - - [02/Sep/2025:17:39:00 -0400] "GET /robots.txt HTTP/1.1" 200 112 "-" "Mozilla/5.0 (compatible; Googlebot/2.1; +http://www.google.com/bot.html)"
66.249.73.69 - - [02/Sep/2025:17:39:15 -0400] "GET /m046025387?srsltid=AfmBOoZDzSiDTacDWUubQ8_tkRPhUW6wK_BDMiuxJp-D-W6JsDLhlq HTTP/1.1" 404 1251 "-" "Mozilla/5.0 (Linux; Android 6.0.1; Nexus 5X Build/MMB29P) AppleWebKit/537.36 (KHTML, like Gecko) Chrome/138.0.7204.183 Mobile Safari/537.36 (compatible; Googlebot/2.1; +http://www.google.com/bot.html)"
66.249.73.68 - - [02/Sep/2025:17:39:45 -0400] "GET /m215039884?srsltid=AfmBOoqRlRRPRhBJnZtc7c_MS7e7oqgyi_bcecNw8Z-Z-xBAMjJzaR HTTP/1.1" 404 1251 "-" "Mozilla/5.0 (Linux; Android 6.0.1; Nexus 5X Build/MMB29P) AppleWebKit/537.36 (KHTML, like Gecko) Chrome/138.0.7204.183 Mobile Safari/537.36 (compatible; Googlebot/2.1; +http://www.google.com/bot.html)"
66.249.73.68 - - [02/Sep/2025:17:40:17 -0400] "GET /q-~117FnWkLoyVcyJ2f5Q13dIZqc5AFgQuJl28331/ HTTP/1.1" 404 1251 "-" "Mozilla/5.0 (Linux; Android 6.0.1; Nexus 5X Build/MMB29P) AppleWebKit/537.36 (KHTML, like Gecko) Chrome/138.0.7204.183 Mobile Safari/537.36 (compatible; Googlebot/2.1; +http://www.google.com/bot.html)"
66.249.65.101 - - [02/Sep/2025:17:40:53 -0400] "GET /fbz/hett/dn435499153 HTTP/1.1" 404 1251 "-" "Mozilla/5.0 (Linux; Android 6.0.1; Nexus 5X Build/MMB29P) AppleWebKit/537.36 (KHTML, like Gecko) Chrome/138.0.7204.183 Mobile Safari/537.36 (compatible; GoogleOther)"
66.249.73.68 - - [02/Sep/2025:17:41:53 -0400] "GET /q-~231aLuifUtxcSicGeCFFV0NPB71MFOpGA18959/ HTTP/1.1" 404 1251 "-" "Mozilla/5.0 (Linux; Android 6.0.1; Nexus 5X Build/MMB29P) AppleWebKit/537.36 (KHTML, like Gecko) Chrome/138.0.7204.183 Mobile Safari/537.36 (compatible; Googlebot/2.1; +http://www.google.com/bot.html)"
66.249.73.68 - - [02/Sep/2025:17:43:29 -0400] "GET /q-~279BesDWeUuCAXuT0oW81xTMmhduRfd3P23517/ HTTP/1.1" 404 1251 "-" "Mozilla/5.0 (Linux; Android 6.0.1; Nexus 5X Build/MMB29P) AppleWebKit/537.36 (KHTML, like Gecko) Chrome/138.0.7204.183 Mobile Safari/537.36 (compatible; Googlebot/2.1; +http://www.google.com/bot.html)"
66.249.73.68 - - [02/Sep/2025:17:44:33 -0400] "GET /q-~176fZqwNuttmbikVRnYQmCp1uD6R8iwdq37552/ HTTP/1.1" 404 1251 "-" "Mozilla/5.0 (Linux; Android 6.0.1; Nexus 5X Build/MMB29P) AppleWebKit/537.36 (KHTML, like Gecko) Chrome/138.0.7204.183 Mobile Safari/537.36 (compatible; Googlebot/2.1; +http://www.google.com/bot.html)"
66.249.73.69 - - [02/Sep/2025:17:45:05 -0400] "GET /q-~74anr0m6hBOwV6OxZucqvKnr5QYytErU8902/ HTTP/1.1" 404 1251 "-" "Mozilla/5.0 (Linux; Android 6.0.1; Nexus 5X Build/MMB29P) AppleWebKit/537.36 (KHTML, like Gecko) Chrome/138.0.7204.183 Mobile Safari/537.36 (compatible; Googlebot/2.1; +http://www.google.com/bot.html)"
66.249.73.68 - - [02/Sep/2025:17:37:38 -0400] "GET /q-~266LZVXwIwNzfnc3JCxpqecbscptnU6Fl3404/ HTTP/1.1" 404 1251 "-" "Mozilla/5.0 (Linux; Android 6.0.1; Nexus 5X Build/MMB29P) AppleWebKit/537.36 (KHTML, like Gecko) Chrome/138.0.7204.183 Mobile Safari/537.36 (compatible; Googlebot/2.1; +http://www.google.com/bot.html)"
68.65.122.155 - - [02/Sep/2025:17:38:20 -0400] "POST /wp-cron.php?doing_wp_cron=1756849099.8527810573577880859375 HTTP/1.1" 403 1242 "-" "WordPress/6.8.2; https://surewordglobalimpactministry.org"
107.189.10.75 - - [02/Sep/2025:17:38:19 -0400] "GET /wp-login.php HTTP/1.1" 200 1711 "-" "Mozilla/5.0 (Macintosh; Intel Mac OS X 10_10_0) AppleWebKit/537.36 (KHTML, like Gecko) Chrome/36.0.1985.125 Safari/537.36"
66.249.73.69 - - [02/Sep/2025:17:38:32 -0400] "GET /m140022397?srsltid=AfmBOogdMAaBqzQlx1R8Qv_XKbt2M5xMm_wU18zVjz-O-0PWNYW681 HTTP/1.1" 404 1251 "-" "Mozilla/5.0 (Linux; Android 6.0.1; Nexus 5X Build/MMB29P) AppleWebKit/537.36 (KHTML, like Gecko) Chrome/138.0.7204.183 Mobile Safari/537.36 (compatible; Googlebot/2.1; +http://www.google.com/bot.html)"
66.249.73.68 - - [02/Sep/2025:17:38:59 -0400] "GET /m223049428?srsltid=AfmBOobhjrpnkCqQcjfZeP_T6Ql2IZXCN_odMAjswX-I-W1Dg2MrKI HTTP/1.1" 404 1251 "-" "Mozilla/5.0 (Linux; Android 6.0.1; Nexus 5X Build/MMB29P) AppleWebKit/537.36 (KHTML, like Gecko) Chrome/138.0.7204.183 Mobile Safari/537.36 (compatible; Googlebot/2.1; +http://www.google.com/bot.html)"
66.249.65.103 - - [02/Sep/2025:17:39:00 -0400] "GET /?_ga=2.198040047.1958808748.1721886654-862398307.1699453578&_bdsid=2ulvIJ.n~ZXCIW.1721886656070.1721886848&_bd_prev_page=https://www.surewordglobalimpactministry.org/detail.php?unrefined/khh/loveperforming371345819 HTTP/1.1" 200 2337 "-" "Mozilla/5.0 (Linux; Android 6.0.1; Nexus 5X Build/MMB29P) AppleWebKit/537.36 (KHTML, like Gecko) Chrome/138.0.7204.183 Mobile Safari/537.36 (compatible; Googlebot/2.1; +http://www.google.com/bot.html)"
66.249.73.69 - - [02/Sep/2025:17:40:49 -0400] "GET /q-~27ipaZe9pQTXn3uNRxImDsYliDb59Ruv15289/ HTTP/1.1" 404 1251 "-" "Mozilla/5.0 (Linux; Android 6.0.1; Nexus 5X Build/MMB29P) AppleWebKit/537.36 (KHTML, like Gecko) Chrome/138.0.7204.183 Mobile Safari/537.36 (compatible; Googlebot/2.1; +http://www.google.com/bot.html)"
66.249.73.69 - - [02/Sep/2025:17:41:21 -0400] "GET /q-~181cYuyY8ES4WFUbqWemNAl3QFGHQ0cSV14965/ HTTP/1.1" 404 1251 "-" "Mozilla/5.0 (Linux; Android 6.0.1; Nexus 5X Build/MMB29P) AppleWebKit/537.36 (KHTML, like Gecko) Chrome/138.0.7204.183 Mobile Safari/537.36 (compatible; Googlebot/2.1; +http://www.google.com/bot.html)"
66.249.65.102 - - [02/Sep/2025:17:42:25 -0400] "GET /?list=290763205 HTTP/1.1" 200 2337 "-" "Mozilla/5.0 (Linux; Android 6.0.1; Nexus 5X Build/MMB29P) AppleWebKit/537.36 (KHTML, like Gecko) Chrome/138.0.7204.183 Mobile Safari/537.36 (compatible; Googlebot/2.1; +http://www.google.com/bot.html)"
66.249.73.70 - - [02/Sep/2025:17:42:57 -0400] "GET /?list=305121056 HTTP/1.1" 200 2290 "-" "Mozilla/5.0 (Linux; Android 6.0.1; Nexus 5X Build/MMB29P) AppleWebKit/537.36 (KHTML, like Gecko) Chrome/138.0.7204.183 Mobile Safari/537.36 (compatible; Googlebot/2.1; +http://www.google.com/bot.html)"
66.249.73.68 - - [02/Sep/2025:17:44:01 -0400] "GET /q-~105ndW9ew5JN9IALwVIaMH1OiNem0Qewc13035/ HTTP/1.1" 404 1251 "-" "Mozilla/5.0 (Linux; Android 6.0.1; Nexus 5X Build/MMB29P) AppleWebKit/537.36 (KHTML, like Gecko) Chrome/138.0.7204.183 Mobile Safari/537.36 (compatible; Googlebot/2.1; +http://www.google.com/bot.html)"
66.249.73.68 - - [02/Sep/2025:17:45:37 -0400] "GET /q-~42ccMrhSUrtx7tSV2aeDb8WQJA9Zt3CJ29806/ HTTP/1.1" 404 1251 "-" "Mozilla/5.0 (Linux; Android 6.0.1; Nexus 5X Build/MMB29P) AppleWebKit/537.36 (KHTML, like Gecko) Chrome/138.0.7204.183 Mobile Safari/537.36 (compatible; Googlebot/2.1; +http://www.google.com/bot.html)"
66.249.73.68 - - [02/Sep/2025:17:46:44 -0400] "GET /q-~35rXLM15R1BO6WYNFwztIe4QuMyXkWaf1067/ HTTP/1.1" 404 1251 "-" "Mozilla/5.0 (Linux; Android 6.0.1; Nexus 5X Build/MMB29P) AppleWebKit/537.36 (KHTML, like Gecko) Chrome/138.0.7204.183 Mobile Safari/537.36 (compatible; Googlebot/2.1; +http://www.google.com/bot.html)"
66.249.73.69 - - [02/Sep/2025:17:46:44 -0400] "GET /m168034271?srsltid=AfmBOoWtdqUofgxw58PLpq_Ej1xtASVlA_efc2K9Js-W-JUzYLVz8I HTTP/1.1" 404 1251 "-" "Mozilla/5.0 (Linux; Android 6.0.1; Nexus 5X Build/MMB29P) AppleWebKit/537.36 (KHTML, like Gecko) Chrome/138.0.7204.183 Mobile Safari/537.36 (compatible; Googlebot/2.1; +http://www.google.com/bot.html)"
66.249.73.68 - - [02/Sep/2025:17:48:17 -0400] "GET /q-~274U5A0VcolZS8np6Apn1VP3bYSDGnEbb32264/ HTTP/1.1" 404 1251 "-" "Mozilla/5.0 (Linux; Android 6.0.1; Nexus 5X Build/MMB29P) AppleWebKit/537.36 (KHTML, like Gecko) Chrome/138.0.7204.183 Mobile Safari/537.36 (compatible; Googlebot/2.1; +http://www.google.com/bot.html)"
66.249.73.68 - - [02/Sep/2025:17:48:49 -0400] "GET /m179009868?srsltid=AfmBOofPyRTJeEZtC790ir_XH6iS88qHu_SCiGqqeS-U-b5ssGTNeB HTTP/1.1" 404 1251 "-" "Mozilla/5.0 (Linux; Android 6.0.1; Nexus 5X Build/MMB29P) AppleWebKit/537.36 (KHTML, like Gecko) Chrome/138.0.7204.183 Mobile Safari/537.36 (compatible; Googlebot/2.1; +http://www.google.com/bot.html)"
66.249.73.68 - - [02/Sep/2025:17:49:21 -0400] "GET /m021007684?srsltid=AfmBOovhYCklvUQghDvZG4_MN9UsR5nuT_Whnv3Bsz-V-eozEwHYNT HTTP/1.1" 404 1251 "-" "Mozilla/5.0 (Linux; Android 6.0.1; Nexus 5X Build/MMB29P) AppleWebKit/537.36 (KHTML, like Gecko) Chrome/138.0.7204.183 Mobile Safari/537.36 (compatible; Googlebot/2.1; +http://www.google.com/bot.html)"
66.249.73.69 - - [02/Sep/2025:17:50:29 -0400] "GET /m285015820?srsltid=AfmBOoxvFSjWSXqs8tHdWE_3TBy6Z7vfe_zKnrc31I-Y-iLPdW9FyP HTTP/1.1" 404 1251 "-" "Mozilla/5.0 (Linux; Android 6.0.1; Nexus 5X Build/MMB29P) AppleWebKit/537.36 (KHTML, like Gecko) Chrome/138.0.7204.183 Mobile Safari/537.36 (compatible; Googlebot/2.1; +http://www.google.com/bot.html)"
204.12.252.98 - - [02/Sep/2025:17:50:39 -0400] "GET /wp-content/brf532c6/edit.php HTTP/1.1" 404 1251 "https://surewordglobalimpactministry.org/wp-content/brf532c6/edit.php" "Mozilla/5.0 (Windows NT 10.0; Win64; x64) AppleWebKit/537.36 (KHTML, like Gecko) Chrome/58.0.3029.110 Safari/537.3"
2001:41d0:303:71ad::1 - - [02/Sep/2025:17:50:53 -0400] "GET /admin.php?path=/home/suregimv/public_html/wp-admin&edit=async-upload.php HTTP/1.1" 200 4341 "-" "Mozilla/5.0 (compatible; MJ12bot/v1.4.8; http://mj12bot.com/)"
2001:41d0:303:71ad::1 - - [02/Sep/2025:17:51:02 -0400] "GET /admin.php?path=/home/suregimv/public_html/wp-admin&edit=options-general.php HTTP/1.1" 200 9270 "-" "Mozilla/5.0 (compatible; MJ12bot/v1.4.8; http://mj12bot.com/)"
2001:41d0:303:71ad::1 - - [02/Sep/2025:17:51:04 -0400] "GET /admin.php?path=/home/suregimv/public_html/wp-admin&edit=options-permalink.php HTTP/1.1" 200 8330 "-" "Mozilla/5.0 (compatible; MJ12bot/v1.4.8; http://mj12bot.com/)"
2001:41d0:303:71ad::1 - - [02/Sep/2025:17:51:06 -0400] "GET /admin.php?path=/home/suregimv/public_html/wp-admin&edit=options-privacy.php HTTP/1.1" 200 5700 "-" "Mozilla/5.0 (compatible; MJ12bot/v1.4.8; http://mj12bot.com/)"
2001:41d0:303:71ad::1 - - [02/Sep/2025:17:51:12 -0400] "GET /admin.php?path=/home/suregimv/public_html/wp-admin&edit=plugin-editor.php HTTP/1.1" 200 7349 "-" "Mozilla/5.0 (compatible; MJ12bot/v1.4.8; http://mj12bot.com/)"
2001:41d0:303:71ad::1 - - [02/Sep/2025:17:51:16 -0400] "GET /admin.php?path=/home/suregimv/public_html/wp-admin&edit=plugins.php HTTP/1.1" 200 10326 "-" "Mozilla/5.0 (compatible; MJ12bot/v1.4.8; http://mj12bot.com/)"
2001:41d0:303:71ad::1 - - [02/Sep/2025:17:51:18 -0400] "GET /admin.php?path=/home/suregimv/public_html/wp-admin&edit=post-new.php HTTP/1.1" 200 3276 "-" "Mozilla/5.0 (compatible; MJ12bot/v1.4.8; http://mj12bot.com/)"
66.249.73.68 - - [02/Sep/2025:17:46:09 -0400] "GET /q-~79M8gDTLQZtgF7hbw4SyO8vSUVD8V6cM38679/ HTTP/1.1" 404 1251 "-" "Mozilla/5.0 (Linux; Android 6.0.1; Nexus 5X Build/MMB29P) AppleWebKit/537.36 (KHTML, like Gecko) Chrome/138.0.7204.183 Mobile Safari/537.36 (compatible; Googlebot/2.1; +http://www.google.com/bot.html)"
66.249.73.69 - - [02/Sep/2025:17:47:13 -0400] "GET /q-~239kXTDY4U3ZAUGbnctq0gnmqnkLVh3Qb8355/ HTTP/1.1" 404 1251 "-" "Mozilla/5.0 (Linux; Android 6.0.1; Nexus 5X Build/MMB29P) AppleWebKit/537.36 (KHTML, like Gecko) Chrome/138.0.7204.183 Mobile Safari/537.36 (compatible; Googlebot/2.1; +http://www.google.com/bot.html)"
66.249.73.68 - - [02/Sep/2025:17:47:45 -0400] "GET /m196034327?srsltid=AfmBOoZfVJAOkEYMTItOpe_wqUHG5kdh7_cRu0CILA-R-1ZIUclqSr HTTP/1.1" 404 1251 "-" "Mozilla/5.0 (Linux; Android 6.0.1; Nexus 5X Build/MMB29P) AppleWebKit/537.36 (KHTML, like Gecko) Chrome/138.0.7204.183 Mobile Safari/537.36 (compatible; Googlebot/2.1; +http://www.google.com/bot.html)"
66.249.73.69 - - [02/Sep/2025:17:50:03 -0400] "GET /m028026219?srsltid=AfmBOoZnyANdtXaEsmXLJn_LJPDcN15x6_J3lHyTxv-H-37EJxjHhA HTTP/1.1" 404 1251 "-" "Mozilla/5.0 (Linux; Android 6.0.1; Nexus 5X Build/MMB29P) AppleWebKit/537.36 (KHTML, like Gecko) Chrome/138.0.7204.183 Mobile Safari/537.36 (compatible; Googlebot/2.1; +http://www.google.com/bot.html)"
2001:41d0:303:71ad::1 - - [02/Sep/2025:17:50:55 -0400] "GET /admin.php?path=/home/suregimv/public_html/wp-admin&edit=link-parse-opml.php HTTP/1.1" 200 3217 "-" "Mozilla/5.0 (compatible; MJ12bot/v1.4.8; http://mj12bot.com/)"
2001:41d0:303:71ad::1 - - [02/Sep/2025:17:50:57 -0400] "GET /admin.php?path=/home/suregimv/public_html/wp-admin&edit=ms-upgrade-network.php HTTP/1.1" 200 2351 "-" "Mozilla/5.0 (compatible; MJ12bot/v1.4.8; http://mj12bot.com/)"
2001:41d0:303:71ad::1 - - [02/Sep/2025:17:50:59 -0400] "GET /admin.php?path=/home/suregimv/public_html/wp-admin&edit=ms-users.php HTTP/1.1" 200 2327 "-" "Mozilla/5.0 (compatible; MJ12bot/v1.4.8; http://mj12bot.com/)"
2001:41d0:303:71ad::1 - - [02/Sep/2025:17:51:00 -0400] "GET /admin.php?path=/home/suregimv/public_html/wp-admin&edit=network.php HTTP/1.1" 200 4437 "-" "Mozilla/5.0 (compatible; MJ12bot/v1.4.8; http://mj12bot.com/)"
2001:41d0:303:71ad::1 - - [02/Sep/2025:17:51:08 -0400] "GET /admin.php?path=/home/suregimv/public_html/wp-admin&edit=options-reading.php HTTP/1.1" 200 5494 "-" "Mozilla/5.0 (compatible; MJ12bot/v1.4.8; http://mj12bot.com/)"
2001:41d0:303:71ad::1 - - [02/Sep/2025:17:51:10 -0400] "GET /admin.php?path=/home/suregimv/public_html/wp-admin&edit=options-writing.php HTTP/1.1" 200 5411 "-" "Mozilla/5.0 (compatible; MJ12bot/v1.4.8; http://mj12bot.com/)"
2001:41d0:303:71ad::1 - - [02/Sep/2025:17:51:14 -0400] "GET /admin.php?path=/home/suregimv/public_html/wp-admin&edit=plugin-install.php HTTP/1.1" 200 4925 "-" "Mozilla/5.0 (compatible; MJ12bot/v1.4.8; http://mj12bot.com/)"
2001:41d0:303:71ad::1 - - [02/Sep/2025:17:51:21 -0400] "GET /admin.php?path=/home/suregimv/public_html/wp-admin&edit=post.php HTTP/1.1" 200 5432 "-" "Mozilla/5.0 (compatible; MJ12bot/v1.4.8; http://mj12bot.com/)"
2001:41d0:303:71ad::1 - - [02/Sep/2025:17:51:28 -0400] "GET /admin.php?path=/home/suregimv/public_html/wp-includes&edit=admin-bar.php HTTP/1.1" 200 14085 "-" "Mozilla/5.0 (compatible; MJ12bot/v1.4.8; http://mj12bot.com/)"
2001:41d0:303:71ad::1 - - [02/Sep/2025:17:51:31 -0400] "GET /admin.php?path=/home/suregimv/public_html/wp-includes&edit=class-simplepie.php HTTP/1.1" 200 5105 "-" "Mozilla/5.0 (compatible; MJ12bot/v1.4.8; http://mj12bot.com/)"
2001:41d0:303:71ad::1 - - [02/Sep/2025:17:51:43 -0400] "GET /wp-includes/sodium_compat/lib/ HTTP/1.1" 200 1189 "-" "Mozilla/5.0 (compatible; MJ12bot/v1.4.8; http://mj12bot.com/)"
2001:41d0:303:71ad::1 - - [02/Sep/2025:17:51:47 -0400] "GET /wp-includes/sodium_compat/src/ HTTP/1.1" 200 1167 "-" "Mozilla/5.0 (compatible; MJ12bot/v1.4.8; http://mj12bot.com/)"
66.249.73.70 - - [02/Sep/2025:17:51:21 -0400] "GET /q-~89TszMItoHtAHXOZhjm6yssPY8r2B2qz34101/ HTTP/1.1" 404 1251 "-" "Mozilla/5.0 (Linux; Android 6.0.1; Nexus 5X Build/MMB29P) AppleWebKit/537.36 (KHTML, like Gecko) Chrome/138.0.7204.183 Mobile Safari/537.36 (compatible; Googlebot/2.1; +http://www.google.com/bot.html)"
66.249.73.70 - - [02/Sep/2025:17:51:22 -0400] "GET /m125047338?srsltid=AfmBOopMbIACTkyDowfLeJ_CzHcYgIkec_ZEnDm0WC-P-ayZCzDar2 HTTP/1.1" 404 1251 "-" "Mozilla/5.0 (Linux; Android 6.0.1; Nexus 5X Build/MMB29P) AppleWebKit/537.36 (KHTML, like Gecko) Chrome/138.0.7204.183 Mobile Safari/537.36 (compatible; Googlebot/2.1; +http://www.google.com/bot.html)"
2001:41d0:303:71ad::1 - - [02/Sep/2025:17:51:23 -0400] "GET /admin.php?path=/home/suregimv/public_html/wp-admin&edit=press-this.php HTTP/1.1" 200 3210 "-" "Mozilla/5.0 (compatible; MJ12bot/v1.4.8; http://mj12bot.com/)"
2001:41d0:303:71ad::1 - - [02/Sep/2025:17:51:25 -0400] "GET /admin.php?path=/home/suregimv/public_html/wp-admin&edit=privacy.php HTTP/1.1" 200 3251 "-" "Mozilla/5.0 (compatible; MJ12bot/v1.4.8; http://mj12bot.com/)"
2001:41d0:303:71ad::1 - - [02/Sep/2025:17:51:27 -0400] "GET /admin.php?path=/home/suregimv/public_html/wp-admin&edit=profile.php HTTP/1.1" 200 2380 "-" "Mozilla/5.0 (compatible; MJ12bot/v1.4.8; http://mj12bot.com/)"
2001:41d0:303:71ad::1 - - [02/Sep/2025:17:51:33 -0400] "GET /wp-includes/SimplePie/library/ HTTP/1.1" 200 700 "-" "Mozilla/5.0 (compatible; MJ12bot/v1.4.8; http://mj12bot.com/)"
2001:41d0:303:71ad::1 - - [02/Sep/2025:17:51:35 -0400] "GET /wp-includes/rest-api/endpoints/ HTTP/1.1" 200 2341 "-" "Mozilla/5.0 (compatible; MJ12bot/v1.4.8; http://mj12bot.com/)"
2001:41d0:303:71ad::1 - - [02/Sep/2025:17:51:37 -0400] "GET /wp-includes/rest-api/fields/ HTTP/1.1" 200 766 "-" "Mozilla/5.0 (compatible; MJ12bot/v1.4.8; http://mj12bot.com/)"
66.249.73.68 - - [02/Sep/2025:17:51:37 -0400] "GET /m034009299?srsltid=AfmBOocBnafxzaojb1KrX4_VrlLFCx9X2_pceXOMhT-O-16W8Vz43o HTTP/1.1" 404 1251 "-" "Mozilla/5.0 (Linux; Android 6.0.1; Nexus 5X Build/MMB29P) AppleWebKit/537.36 (KHTML, like Gecko) Chrome/138.0.7204.183 Mobile Safari/537.36 (compatible; Googlebot/2.1; +http://www.google.com/bot.html)"
2001:41d0:303:71ad::1 - - [02/Sep/2025:17:51:39 -0400] "GET /wp-includes/rest-api/search/ HTTP/1.1" 200 777 "-" "Mozilla/5.0 (compatible; MJ12bot/v1.4.8; http://mj12bot.com/)"
2001:41d0:303:71ad::1 - - [02/Sep/2025:17:51:41 -0400] "GET /wp-includes/sitemaps/providers/ HTTP/1.1" 200 787 "-" "Mozilla/5.0 (compatible; MJ12bot/v1.4.8; http://mj12bot.com/)"
2001:41d0:303:71ad::1 - - [02/Sep/2025:17:51:45 -0400] "GET /wp-includes/sodium_compat/namespaced/ HTTP/1.1" 200 746 "-" "Mozilla/5.0 (compatible; MJ12bot/v1.4.8; http://mj12bot.com/)"
66.249.73.68 - - [02/Sep/2025:17:52:34 -0400] "GET /m020012527?srsltid=AfmBOokZWkWXJRQftIx62l_0o5Wuj0oSF_lTSgizlE-W-46aWSHPz4 HTTP/1.1" 404 1251 "-" "Mozilla/5.0 (Linux; Android 6.0.1; Nexus 5X Build/MMB29P) AppleWebKit/537.36 (KHTML, like Gecko) Chrome/138.0.7204.183 Mobile Safari/537.36 (compatible; Googlebot/2.1; +http://www.google.com/bot.html)"
66.249.73.67 - - [02/Sep/2025:17:53:27 -0400] "GET /m037005780?srsltid=AfmBOoCmvoZLDrfQa726jP_5lPIWkFt2b_N095VgWr-O-MiNxaeb9e HTTP/1.1" 404 1251 "-" "Mozilla/5.0 (Linux; Android 6.0.1; Nexus 5X Build/MMB29P) AppleWebKit/537.36 (KHTML, like Gecko) Chrome/138.0.7204.183 Mobile Safari/537.36 (compatible; Googlebot/2.1; +http://www.google.com/bot.html)"
66.249.73.66 - - [02/Sep/2025:17:53:53 -0400] "GET /m203024360?srsltid=AfmBOozngrPygfMKsZgB3C_yStXr1tCzf_KGFVLGuA-V-jqL68SKxR HTTP/1.1" 404 1251 "-" "Mozilla/5.0 (Linux; Android 6.0.1; Nexus 5X Build/MMB29P) AppleWebKit/537.36 (KHTML, like Gecko) Chrome/138.0.7204.183 Mobile Safari/537.36 (compatible; Googlebot/2.1; +http://www.google.com/bot.html)"
66.249.73.68 - - [02/Sep/2025:17:52:01 -0400] "GET /m242034121?srsltid=AfmBOoeYuWMJdYxZKWH3Re_szYvOZR2si_ba5ATZMr-B-2nZOLB96w HTTP/1.1" 404 1251 "-" "Mozilla/5.0 (Linux; Android 6.0.1; Nexus 5X Build/MMB29P) AppleWebKit/537.36 (KHTML, like Gecko) Chrome/138.0.7204.183 Mobile Safari/537.36 (compatible; Googlebot/2.1; +http://www.google.com/bot.html)"
66.249.73.65 - - [02/Sep/2025:17:54:57 -0400] "GET /m188045869?srsltid=AfmBOorzDraYBYcUJLTCzZ_Wvlp8huvF3_cOvjPTcQ-C-ZGJlfIPmn HTTP/1.1" 404 1251 "-" "Mozilla/5.0 (Linux; Android 6.0.1; Nexus 5X Build/MMB29P) AppleWebKit/537.36 (KHTML, like Gecko) Chrome/138.0.7204.183 Mobile Safari/537.36 (compatible; Googlebot/2.1; +http://www.google.com/bot.html)"
66.249.73.65 - - [02/Sep/2025:17:54:58 -0400] "GET /content.php?t=72583562917 HTTP/1.1" 404 1251 "-" "Mozilla/5.0 (Linux; Android 6.0.1; Nexus 5X Build/MMB29P) AppleWebKit/537.36 (KHTML, like Gecko) Chrome/138.0.7204.183 Mobile Safari/537.36 (compatible; Googlebot/2.1; +http://www.google.com/bot.html)"
20.240.93.60 - - [02/Sep/2025:17:55:13 -0400] "GET /about.php HTTP/1.1" 404 1251 "-" "-"
20.240.93.60 - - [02/Sep/2025:17:55:13 -0400] "GET /admin.php HTTP/1.1" 200 1477 "-" "-"
66.249.73.65 - - [02/Sep/2025:17:55:13 -0400] "GET /m241026498?srsltid=AfmBOolrfqCLuGyvqwwgUD_ddo7VlmhRQ_ndo1KxDl-I-gq8d9Muv4 HTTP/1.1" 404 1251 "-" "Mozilla/5.0 (Linux; Android 6.0.1; Nexus 5X Build/MMB29P) AppleWebKit/537.36 (KHTML, like Gecko) Chrome/138.0.7204.183 Mobile Safari/537.36 (compatible; Googlebot/2.1; +http://www.google.com/bot.html)"
20.240.93.60 - - [02/Sep/2025:17:55:14 -0400] "GET /asasx.php HTTP/1.1" 404 1251 "-" "-"
20.240.93.60 - - [02/Sep/2025:17:55:14 -0400] "GET /atomlib.php HTTP/1.1" 404 1251 "-" "-"
20.240.93.60 - - [02/Sep/2025:17:55:15 -0400] "GET /chosen.php HTTP/1.1" 404 1251 "-" "-"
20.240.93.60 - - [02/Sep/2025:17:55:15 -0400] "GET /cong.php HTTP/1.1" 404 1251 "-" "-"
20.240.93.60 - - [02/Sep/2025:17:55:15 -0400] "GET /edit.php HTTP/1.1" 404 1251 "-" "-"
20.240.93.60 - - [02/Sep/2025:17:55:16 -0400] "GET /file.php HTTP/1.1" 404 1251 "-" "-"
20.240.93.60 - - [02/Sep/2025:17:55:17 -0400] "GET /goat.php HTTP/1.1" 404 1251 "-" "-"
20.240.93.60 - - [02/Sep/2025:17:55:17 -0400] "GET /lock360.php HTTP/1.1" 404 1251 "-" "-"
20.240.93.60 - - [02/Sep/2025:17:55:18 -0400] "GET /makeasmtp.php HTTP/1.1" 404 1251 "-" "-"
20.240.93.60 - - [02/Sep/2025:17:55:18 -0400] "GET /tinyfilemanager.php HTTP/1.1" 404 1251 "-" "-"
20.240.93.60 - - [02/Sep/2025:17:55:18 -0400] "GET /users.php HTTP/1.1" 404 1251 "-" "-"
20.240.93.60 - - [02/Sep/2025:17:55:19 -0400] "GET /wp-login.php?redirect_to=https%3A%2F%2Fsurewordglobalimpactministry.org%2Fwp-admin%2F&reauth=1 HTTP/1.1" 200 1711 "-" "-"
20.240.93.60 - - [02/Sep/2025:17:55:20 -0400] "GET /wp-admin/css/colors/blue/index.php HTTP/1.1" 404 1251 "-" "-"
20.240.93.60 - - [02/Sep/2025:17:55:21 -0400] "GET /wp-admin/js/index.php HTTP/1.1" 404 1251 "-" "-"
20.240.93.60 - - [02/Sep/2025:17:55:21 -0400] "GET /wp-admin/setup-config.php HTTP/1.1" 403 1242 "-" "-"
20.240.93.60 - - [02/Sep/2025:17:55:21 -0400] "GET /wp-api.php HTTP/1.1" 404 1251 "-" "-"
20.240.93.60 - - [02/Sep/2025:17:55:22 -0400] "GET /wp-content/index.php HTTP/1.1" 200 0 "-" "-"
20.240.93.60 - - [02/Sep/2025:17:55:22 -0400] "GET /wp-includes/fonts/admin.php HTTP/1.1" 404 1251 "-" "-"
20.240.93.60 - - [02/Sep/2025:17:55:22 -0400] "GET /wp-setup.php HTTP/1.1" 404 1251 "-" "-"
66.249.73.66 - - [02/Sep/2025:17:55:45 -0400] "GET /m019006284?srsltid=AfmBOoPAtJunRNbClWwiIA_ubxqaTeUre_lhAgjNK8-N-sxdLrmLLx HTTP/1.1" 404 1251 "-" "Mozilla/5.0 (Linux; Android 6.0.1; Nexus 5X Build/MMB29P) AppleWebKit/537.36 (KHTML, like Gecko) Chrome/138.0.7204.183 Mobile Safari/537.36 (compatible; Googlebot/2.1; +http://www.google.com/bot.html)"
66.249.73.65 - - [02/Sep/2025:17:57:02 -0400] "GET /q-~199MZeZ5xcMdr8GCJaMinIo0KGtvm3Muy22785/ HTTP/1.1" 404 1251 "-" "Mozilla/5.0 (Linux; Android 6.0.1; Nexus 5X Build/MMB29P) AppleWebKit/537.36 (KHTML, like Gecko) Chrome/138.0.7204.183 Mobile Safari/537.36 (compatible; Googlebot/2.1; +http://www.google.com/bot.html)"
66.249.65.102 - - [02/Sep/2025:17:53:54 -0400] "GET /tk/cr/ie292509175 HTTP/1.1" 404 1251 "-" "Mozilla/5.0 (Linux; Android 6.0.1; Nexus 5X Build/MMB29P) AppleWebKit/537.36 (KHTML, like Gecko) Chrome/138.0.7204.183 Mobile Safari/537.36 (compatible; Googlebot/2.1; +http://www.google.com/bot.html)"
66.249.73.65 - - [02/Sep/2025:17:54:10 -0400] "GET /m143032496?srsltid=AfmBOotxYoiWfqEgXTe484_1dhOhJXMTO_JQcQ5uns-R-iTzI6cimd HTTP/1.1" 404 1251 "-" "Mozilla/5.0 (Linux; Android 6.0.1; Nexus 5X Build/MMB29P) AppleWebKit/537.36 (KHTML, like Gecko) Chrome/138.0.7204.183 Mobile Safari/537.36 (compatible; Googlebot/2.1; +http://www.google.com/bot.html)"
20.240.93.60 - - [02/Sep/2025:17:55:12 -0400] "GET /aa.php HTTP/1.1" 404 1251 "-" "-"
20.240.93.60 - - [02/Sep/2025:17:55:13 -0400] "GET /akc.php HTTP/1.1" 404 1251 "-" "-"
20.240.93.60 - - [02/Sep/2025:17:55:13 -0400] "GET /alfa.php HTTP/1.1" 404 1251 "-" "-"
20.240.93.60 - - [02/Sep/2025:17:55:14 -0400] "GET /autoload_classmap.php HTTP/1.1" 404 1251 "-" "-"
20.240.93.60 - - [02/Sep/2025:17:55:14 -0400] "GET /autoload_classmap/function.php HTTP/1.1" 404 1251 "-" "-"
20.240.93.60 - - [02/Sep/2025:17:55:14 -0400] "GET /buy.php HTTP/1.1" 404 1251 "-" "-"
20.240.93.60 - - [02/Sep/2025:17:55:15 -0400] "GET /classwithtostring.php HTTP/1.1" 404 1251 "-" "-"
20.240.93.60 - - [02/Sep/2025:17:55:16 -0400] "GET /file2.php HTTP/1.1" 404 1251 "-" "-"
20.240.93.60 - - [02/Sep/2025:17:55:16 -0400] "GET /flower.php HTTP/1.1" 404 1251 "-" "-"
20.240.93.60 - - [02/Sep/2025:17:55:17 -0400] "GET /gecko.php HTTP/1.1" 404 1251 "-" "-"
20.240.93.60 - - [02/Sep/2025:17:55:17 -0400] "GET /goods.php HTTP/1.1" 404 1251 "-" "-"
20.240.93.60 - - [02/Sep/2025:17:55:17 -0400] "GET /ioxi-o.php HTTP/1.1" 404 1251 "-" "-"
20.240.93.60 - - [02/Sep/2025:17:55:18 -0400] "GET /mm.php HTTP/1.1" 404 1251 "-" "-"
20.240.93.60 - - [02/Sep/2025:17:55:18 -0400] "GET /nc4.php HTTP/1.1" 404 1251 "-" "-"
20.240.93.60 - - [02/Sep/2025:17:55:19 -0400] "GET /w.php HTTP/1.1" 404 1251 "-" "-"
68.65.122.155 - - [02/Sep/2025:17:55:19 -0400] "POST /wp-cron.php?doing_wp_cron=1756850119.5974218845367431640625 HTTP/1.1" 403 1242 "-" "WordPress/6.8.2; https://surewordglobalimpactministry.org"
20.240.93.60 - - [02/Sep/2025:17:55:19 -0400] "GET /wp-admin/ HTTP/1.1" 302 0 "-" "-"
20.240.93.60 - - [02/Sep/2025:17:55:20 -0400] "GET /wp-admin/images/moon.php HTTP/1.1" 404 1251 "-" "-"
20.240.93.60 - - [02/Sep/2025:17:55:22 -0400] "GET /wp-content/wp-conflg.php HTTP/1.1" 404 1251 "-" "-"
20.240.93.60 - - [02/Sep/2025:17:55:22 -0400] "GET /wp-includes/IXR/autoload_classmap.php HTTP/1.1" 404 1251 "-" "-"
20.240.93.60 - - [02/Sep/2025:17:55:22 -0400] "GET /wp-includes/fonts/index.php HTTP/1.1" 404 1251 "-" "-"
20.240.93.60 - - [02/Sep/2025:17:55:23 -0400] "GET /wp.php HTTP/1.1" 404 1251 "-" "-"
20.240.93.60 - - [02/Sep/2025:17:55:23 -0400] "GET /wsa.php HTTP/1.1" 404 1251 "-" "-"
66.249.73.67 - - [02/Sep/2025:17:56:35 -0400] "GET /m138013741?srsltid=AfmBOoBYDJfYWESePpfKxm_3D8vb4dSDr_YT1I3BFY-K-MWlNhq6JK HTTP/1.1" 404 1251 "-" "Mozilla/5.0 (Linux; Android 6.0.1; Nexus 5X Build/MMB29P) AppleWebKit/537.36 (KHTML, like Gecko) Chrome/138.0.7204.183 Mobile Safari/537.36 (compatible; Googlebot/2.1; +http://www.google.com/bot.html)"
66.249.73.65 - - [02/Sep/2025:17:58:47 -0400] "GET /helloes/mpl414240739 HTTP/1.1" 404 1251 "-" "Mozilla/5.0 (Linux; Android 6.0.1; Nexus 5X Build/MMB29P) AppleWebKit/537.36 (KHTML, like Gecko) Chrome/138.0.7204.183 Mobile Safari/537.36 (compatible; Googlebot/2.1; +http://www.google.com/bot.html)"
66.249.73.66 - - [02/Sep/2025:17:59:13 -0400] "GET /q-~6wBMiBM0aoKfWyPfvxlSR1ay50k8m8k6054/ HTTP/1.1" 404 1251 "-" "Mozilla/5.0 (Linux; Android 6.0.1; Nexus 5X Build/MMB29P) AppleWebKit/537.36 (KHTML, like Gecko) Chrome/138.0.7204.183 Mobile Safari/537.36 (compatible; Googlebot/2.1; +http://www.google.com/bot.html)"
66.249.73.66 - - [02/Sep/2025:17:57:28 -0400] "GET /m154011403?srsltid=AfmBOoEumOCWQdZkU1XsxN_BT8iLzj9ee_xdC5Hwcu-L-FWE0L99DA HTTP/1.1" 404 1251 "-" "Mozilla/5.0 (Linux; Android 6.0.1; Nexus 5X Build/MMB29P) AppleWebKit/537.36 (KHTML, like Gecko) Chrome/138.0.7204.183 Mobile Safari/537.36 (compatible; Googlebot/2.1; +http://www.google.com/bot.html)"
66.249.73.65 - - [02/Sep/2025:17:57:54 -0400] "GET /q-~221pjG8s7dAsDFuJ4ZMYjgqUkPamfzGkB19155/ HTTP/1.1" 404 1251 "-" "Mozilla/5.0 (Linux; Android 6.0.1; Nexus 5X Build/MMB29P) AppleWebKit/537.36 (KHTML, like Gecko) Chrome/138.0.7204.183 Mobile Safari/537.36 (compatible; Googlebot/2.1; +http://www.google.com/bot.html)"
66.249.73.66 - - [02/Sep/2025:17:58:46 -0400] "GET /m113011684?srsltid=AfmBOoAmEnZGQwOuyPXRMF_oYdLRa10zR_xfePLVui-D-0nD8rCnlU HTTP/1.1" 404 1251 "-" "Mozilla/5.0 (Linux; Android 6.0.1; Nexus 5X Build/MMB29P) AppleWebKit/537.36 (KHTML, like Gecko) Chrome/138.0.7204.183 Mobile Safari/537.36 (compatible; Googlebot/2.1; +http://www.google.com/bot.html)"
66.249.73.65 - - [02/Sep/2025:17:58:47 -0400] "GET /ernesta/370158502 HTTP/1.1" 404 1251 "-" "Mozilla/5.0 (Linux; Android 6.0.1; Nexus 5X Build/MMB29P) AppleWebKit/537.36 (KHTML, like Gecko) Chrome/138.0.7204.183 Mobile Safari/537.36 (compatible; Googlebot/2.1; +http://www.google.com/bot.html)"
66.249.73.65 - - [02/Sep/2025:17:59:39 -0400] "GET /m294031191?srsltid=AfmBOoaYVvlTnltXWf7Lh9_Xa9vOddqBl_urb9EEVs-L-0DwwXKVDj HTTP/1.1" 404 1251 "-" "Mozilla/5.0 (Linux; Android 6.0.1; Nexus 5X Build/MMB29P) AppleWebKit/537.36 (KHTML, like Gecko) Chrome/138.0.7204.183 Mobile Safari/537.36 (compatible; Googlebot/2.1; +http://www.google.com/bot.html)"
66.249.73.66 - - [02/Sep/2025:18:02:19 -0400] "GET /m251016970?srsltid=AfmBOoQDYzqMRkNMUj98kd_phwRdvVtBW_cDLqXK6F-C-If7z6QAXO HTTP/1.1" 404 1251 "-" "Mozilla/5.0 (Linux; Android 6.0.1; Nexus 5X Build/MMB29P) AppleWebKit/537.36 (KHTML, like Gecko) Chrome/138.0.7204.183 Mobile Safari/537.36 (compatible; Googlebot/2.1; +http://www.google.com/bot.html)"
66.249.65.102 - - [02/Sep/2025:18:02:19 -0400] "GET /?list=290763960 HTTP/1.1" 200 2337 "-" "Mozilla/5.0 (Linux; Android 6.0.1; Nexus 5X Build/MMB29P) AppleWebKit/537.36 (KHTML, like Gecko) Chrome/138.0.7204.183 Mobile Safari/537.36 (compatible; Googlebot/2.1; +http://www.google.com/bot.html)"
68.65.122.155 - - [02/Sep/2025:18:02:40 -0400] "POST /wp-cron.php?doing_wp_cron=1756850560.0645060539245605468750 HTTP/1.1" 403 1242 "-" "WordPress/6.8.2; https://surewordglobalimpactministry.org"
190.2.72.120 - - [02/Sep/2025:18:02:44 -0400] "POST /wp-login.php?action=lostpassword HTTP/1.1" 200 1054 "-" "Mozilla/5.0 (Macintosh; Intel Mac OS X 10_15_7) AppleWebKit/537.36 (KHTML, like Gecko) Chrome/133.0.0.0 Safari/537.36"
208.110.64.178 - - [02/Sep/2025:17:59:56 -0400] "GET /wp-content/brf532c6/edit.php HTTP/1.1" 404 1251 "https://surewordglobalimpactministry.org/wp-content/brf532c6/edit.php" "Mozilla/5.0 (Windows NT 10.0; Win64; x64) AppleWebKit/537.36 (KHTML, like Gecko) Chrome/58.0.3029.110 Safari/537.3"
66.249.73.67 - - [02/Sep/2025:18:00:06 -0400] "GET /q-~76ZeFuNh9izjf4I3Fp6mSUPvDQCjxWTi1616/ HTTP/1.1" 404 1251 "-" "Mozilla/5.0 (Linux; Android 6.0.1; Nexus 5X Build/MMB29P) AppleWebKit/537.36 (KHTML, like Gecko) Chrome/138.0.7204.183 Mobile Safari/537.36 (compatible; Googlebot/2.1; +http://www.google.com/bot.html)"
66.249.73.65 - - [02/Sep/2025:18:00:07 -0400] "GET /content.php?t=43557036588 HTTP/1.1" 404 1251 "-" "Mozilla/5.0 (Linux; Android 6.0.1; Nexus 5X Build/MMB29P) AppleWebKit/537.36 (KHTML, like Gecko) Chrome/138.0.7204.183 Mobile Safari/537.36 (compatible; Googlebot/2.1; +http://www.google.com/bot.html)"
66.249.73.65 - - [02/Sep/2025:18:00:33 -0400] "GET /q-~49rzWacPQzE2khv8NnOhdUT2AAxaBb9D43461/ HTTP/1.1" 404 1251 "-" "Mozilla/5.0 (Linux; Android 6.0.1; Nexus 5X Build/MMB29P) AppleWebKit/537.36 (KHTML, like Gecko) Chrome/138.0.7204.183 Mobile Safari/537.36 (compatible; Googlebot/2.1; +http://www.google.com/bot.html)"
66.249.73.65 - - [02/Sep/2025:18:01:26 -0400] "GET /m130046069?srsltid=AfmBOoXqbWrtwdpc9WgXn8_vy7TaomqY0_IoJNuV4U-R-cZ4EO0SSQ HTTP/1.1" 404 1251 "-" "Mozilla/5.0 (Linux; Android 6.0.1; Nexus 5X Build/MMB29P) AppleWebKit/537.36 (KHTML, like Gecko) Chrome/138.0.7204.183 Mobile Safari/537.36 (compatible; Googlebot/2.1; +http://www.google.com/bot.html)"
66.249.73.65 - - [02/Sep/2025:18:01:52 -0400] "GET /m085001988?srsltid=AfmBOoJFtOxvLzwAeTR0Ia_AmoxjEzZJs_WX5Z9mGt-Y-2fUbh0Loz HTTP/1.1" 404 1251 "-" "Mozilla/5.0 (Linux; Android 6.0.1; Nexus 5X Build/MMB29P) AppleWebKit/537.36 (KHTML, like Gecko) Chrome/138.0.7204.183 Mobile Safari/537.36 (compatible; Googlebot/2.1; +http://www.google.com/bot.html)"
91.84.99.6 - - [02/Sep/2025:18:02:37 -0400] "GET / HTTP/1.1" 200 2334 "-" "Mozilla/5.0 (Macintosh; Intel Mac OS X 10_15_7) AppleWebKit/537.36 (KHTML, like Gecko) Chrome/133.0.0.0 Safari/537.36"
91.84.99.6 - - [02/Sep/2025:18:02:38 -0400] "GET /error_log HTTP/1.1" 403 1242 "-" "Mozilla/5.0 (Macintosh; Intel Mac OS X 10_15_7) AppleWebKit/537.36 (KHTML, like Gecko) Chrome/133.0.0.0 Safari/537.36"
91.84.99.6 - - [02/Sep/2025:18:02:38 -0400] "GET /wp-blog-header.php HTTP/1.1" 403 1242 "-" "Mozilla/5.0 (Macintosh; Intel Mac OS X 10_15_7) AppleWebKit/537.36 (KHTML, like Gecko) Chrome/133.0.0.0 Safari/537.36"
91.84.99.6 - - [02/Sep/2025:18:02:39 -0400] "GET /wp-comments-post.php HTTP/1.1" 403 1242 "-" "Mozilla/5.0 (Macintosh; Intel Mac OS X 10_15_7) AppleWebKit/537.36 (KHTML, like Gecko) Chrome/133.0.0.0 Safari/537.36"
91.84.99.6 - - [02/Sep/2025:18:02:39 -0400] "GET /wp-login.php HTTP/1.1" 200 1711 "-" "Mozilla/5.0 (Macintosh; Intel Mac OS X 10_15_7) AppleWebKit/537.36 (KHTML, like Gecko) Chrome/133.0.0.0 Safari/537.36"
91.84.99.6 - - [02/Sep/2025:18:02:41 -0400] "GET /wp-admin/load-styles.php?c=1&dir=ltr&load%5Bchunk_0%5D=dashicons,buttons,forms,l10n,login&ver=6.8.2 HTTP/1.1" 200 45454 "-" "Mozilla/5.0 (Macintosh; Intel Mac OS X 10_15_7) AppleWebKit/537.36 (KHTML, like Gecko) Chrome/133.0.0.0 Safari/537.36"
91.84.99.6 - - [02/Sep/2025:18:02:42 -0400] "GET /wp-login.php?action=lostpassword HTTP/1.1" 200 951 "-" "Mozilla/5.0 (Macintosh; Intel Mac OS X 10_15_7) AppleWebKit/537.36 (KHTML, like Gecko) Chrome/133.0.0.0 Safari/537.36"
66.249.73.65 - - [02/Sep/2025:18:02:45 -0400] "GET /m192007661?srsltid=AfmBOoFUxUTPTqUVKpwAhT_RyhbPAYfH4_ViSQFwRd-O-l3dWa8HL3 HTTP/1.1" 404 1251 "-" "Mozilla/5.0 (Linux; Android 6.0.1; Nexus 5X Build/MMB29P) AppleWebKit/537.36 (KHTML, like Gecko) Chrome/138.0.7204.183 Mobile Safari/537.36 (compatible; Googlebot/2.1; +http://www.google.com/bot.html)"
190.2.72.120 - - [02/Sep/2025:18:02:47 -0400] "POST /wp-login.php?action=lostpassword HTTP/1.1" 200 1025 "-" "Mozilla/5.0 (Windows NT 10.0; Win64; x64) AppleWebKit/537.36 (KHTML, like Gecko) Chrome/120.0.0.0 Safari/537.36"
66.249.73.68 - - [02/Sep/2025:18:04:56 -0400] "GET /m281001638?srsltid=AfmBOotOHwDTldpQ0BiYJU_Mhdze6jjIa_gdwBCyyW-H-Vf2ggM1hF HTTP/1.1" 404 1251 "-" "Mozilla/5.0 (Linux; Android 6.0.1; Nexus 5X Build/MMB29P) AppleWebKit/537.36 (KHTML, like Gecko) Chrome/138.0.7204.183 Mobile Safari/537.36 (compatible; Googlebot/2.1; +http://www.google.com/bot.html)"
66.249.73.69 - - [02/Sep/2025:18:05:22 -0400] "GET /w/ect358503367 HTTP/1.1" 404 1251 "-" "Mozilla/5.0 (Linux; Android 6.0.1; Nexus 5X Build/MMB29P) AppleWebKit/537.36 (KHTML, like Gecko) Chrome/138.0.7204.183 Mobile Safari/537.36 (compatible; Googlebot/2.1; +http://www.google.com/bot.html)"
66.249.73.68 - - [02/Sep/2025:18:05:22 -0400] "GET /q-~226XYrSpRLdQvpiXBnC82V3XrPy2yXUJC42462/ HTTP/1.1" 404 1251 "-" "Mozilla/5.0 (Linux; Android 6.0.1; Nexus 5X Build/MMB29P) AppleWebKit/537.36 (KHTML, like Gecko) Chrome/138.0.7204.183 Mobile Safari/537.36 (compatible; Googlebot/2.1; +http://www.google.com/bot.html)"
66.249.73.68 - - [02/Sep/2025:18:06:14 -0400] "GET /q-~146vguJ23n2YEzw3wmmhFtDtYZEAy5zkK986/ HTTP/1.1" 404 1251 "-" "Mozilla/5.0 (Linux; Android 6.0.1; Nexus 5X Build/MMB29P) AppleWebKit/537.36 (KHTML, like Gecko) Chrome/138.0.7204.183 Mobile Safari/537.36 (compatible; Googlebot/2.1; +http://www.google.com/bot.html)"
66.249.73.69 - - [02/Sep/2025:18:06:41 -0400] "GET /q-~243XPvTTAL8iueHAfD5WUt0z8SmYWNKEf19215/ HTTP/1.1" 404 1251 "-" "Mozilla/5.0 (Linux; Android 6.0.1; Nexus 5X Build/MMB29P) AppleWebKit/537.36 (KHTML, like Gecko) Chrome/138.0.7204.183 Mobile Safari/537.36 (compatible; Googlebot/2.1; +http://www.google.com/bot.html)"
66.249.73.69 - - [02/Sep/2025:18:07:33 -0400] "GET /q-~43OnIic83JxrWKllhRSPSQisvBkzdKRj30245/ HTTP/1.1" 404 1251 "-" "Mozilla/5.0 (Linux; Android 6.0.1; Nexus 5X Build/MMB29P) AppleWebKit/537.36 (KHTML, like Gecko) Chrome/138.0.7204.183 Mobile Safari/537.36 (compatible; Googlebot/2.1; +http://www.google.com/bot.html)"
66.249.73.69 - - [02/Sep/2025:18:08:51 -0400] "GET /m196005875?srsltid=AfmBOoLkiLrUDfwe2dqRoC_6rXcxnfygo_u9JqUB0O-O-86CgoxFXV HTTP/1.1" 404 1251 "-" "Mozilla/5.0 (Linux; Android 6.0.1; Nexus 5X Build/MMB29P) AppleWebKit/537.36 (KHTML, like Gecko) Chrome/138.0.7204.183 Mobile Safari/537.36 (compatible; Googlebot/2.1; +http://www.google.com/bot.html)"
66.249.73.67 - - [02/Sep/2025:18:10:10 -0400] "GET /m179040636?srsltid=AfmBOoimoeWwzPrVOHWaSM_hdj3WJsmgL_XN1UIcwh-R-Jp83hZXRU HTTP/1.1" 404 1251 "-" "Mozilla/5.0 (Linux; Android 6.0.1; Nexus 5X Build/MMB29P) AppleWebKit/537.36 (KHTML, like Gecko) Chrome/138.0.7204.183 Mobile Safari/537.36 (compatible; Googlebot/2.1; +http://www.google.com/bot.html)"
66.249.73.66 - - [02/Sep/2025:18:11:02 -0400] "GET /q-~275SxVimotmMWNoXAqaMehKIvBDmTiHuX2579/ HTTP/1.1" 404 1251 "-" "Mozilla/5.0 (Linux; Android 6.0.1; Nexus 5X Build/MMB29P) AppleWebKit/537.36 (KHTML, like Gecko) Chrome/138.0.7204.183 Mobile Safari/537.36 (compatible; Googlebot/2.1; +http://www.google.com/bot.html)"
66.249.73.65 - - [02/Sep/2025:18:11:03 -0400] "GET /m145038252?srsltid=AfmBOobqBJTdDitfLf2Jct_fd8JyKOrDS_gAR7jxE1-Q-V6iUp8foX HTTP/1.1" 404 1251 "-" "Mozilla/5.0 (Linux; Android 6.0.1; Nexus 5X Build/MMB29P) AppleWebKit/537.36 (KHTML, like Gecko) Chrome/138.0.7204.183 Mobile Safari/537.36 (compatible; Googlebot/2.1; +http://www.google.com/bot.html)"
66.249.73.65 - - [02/Sep/2025:18:11:18 -0400] "GET /m095012526?srsltid=AfmBOogvagZxNLws5O2p3T_nNQsEEgVPG_2lPppAvi-F-Xee3OWSeJ HTTP/1.1" 404 1251 "-" "Mozilla/5.0 (Linux; Android 6.0.1; Nexus 5X Build/MMB29P) AppleWebKit/537.36 (KHTML, like Gecko) Chrome/138.0.7204.183 Mobile Safari/537.36 (compatible; Googlebot/2.1; +http://www.google.com/bot.html)"
91.84.99.6 - - [02/Sep/2025:18:02:48 -0400] "GET /wp-signup.php HTTP/1.1" 403 1242 "-" "Mozilla/5.0 (Macintosh; Intel Mac OS X 10_15_7) AppleWebKit/537.36 (KHTML, like Gecko) Chrome/133.0.0.0 Safari/537.36"
66.249.73.66 - - [02/Sep/2025:18:03:37 -0400] "GET /m259044430?srsltid=AfmBOozOACYeFfExIS4xE2_xfA82mbNyl_hzVQ4ZBg-V-mX3tUaqnl HTTP/1.1" 404 1251 "-" "Mozilla/5.0 (Linux; Android 6.0.1; Nexus 5X Build/MMB29P) AppleWebKit/537.36 (KHTML, like Gecko) Chrome/138.0.7204.183 Mobile Safari/537.36 (compatible; Googlebot/2.1; +http://www.google.com/bot.html)"
66.249.73.67 - - [02/Sep/2025:18:03:37 -0400] "GET /m139016250?srsltid=AfmBOoAClpzeDvTsQOIpKw_Yka3fdk60T_BfSzsByI-W-jsgmdDln8 HTTP/1.1" 404 1251 "-" "Mozilla/5.0 (Linux; Android 6.0.1; Nexus 5X Build/MMB29P) AppleWebKit/537.36 (KHTML, like Gecko) Chrome/138.0.7204.183 Mobile Safari/537.36 (compatible; Googlebot/2.1; +http://www.google.com/bot.html)"
66.249.73.70 - - [02/Sep/2025:18:04:04 -0400] "GET /m247011570?srsltid=AfmBOowXZTLKDxKd5O4Fsw_DB2hG402uA_NHhacpHr-L-NmdvyjS7z HTTP/1.1" 404 1251 "-" "Mozilla/5.0 (Linux; Android 6.0.1; Nexus 5X Build/MMB29P) AppleWebKit/537.36 (KHTML, like Gecko) Chrome/138.0.7204.183 Mobile Safari/537.36 (compatible; Googlebot/2.1; +http://www.google.com/bot.html)"
66.249.73.68 - - [02/Sep/2025:18:04:30 -0400] "GET /m291035352?srsltid=AfmBOocpYDiCNDMG0WGNWX_Q20QFDRPJ2_gWCqelkB-Y-R9TSVQ6MW HTTP/1.1" 404 1251 "-" "Mozilla/5.0 (Linux; Android 6.0.1; Nexus 5X Build/MMB29P) AppleWebKit/537.36 (KHTML, like Gecko) Chrome/138.0.7204.183 Mobile Safari/537.36 (compatible; Googlebot/2.1; +http://www.google.com/bot.html)"
66.249.73.69 - - [02/Sep/2025:18:07:07 -0400] "GET /m290026467?srsltid=AfmBOoedHaPBunSa4Idvca_j46X8uYF4f_ZGBaTW7Z-D-2mHWXkSpn HTTP/1.1" 404 1251 "-" "Mozilla/5.0 (Linux; Android 6.0.1; Nexus 5X Build/MMB29P) AppleWebKit/537.36 (KHTML, like Gecko) Chrome/138.0.7204.183 Mobile Safari/537.36 (compatible; Googlebot/2.1; +http://www.google.com/bot.html)"
66.249.73.70 - - [02/Sep/2025:18:08:25 -0400] "GET /m170031087?srsltid=AfmBOoBfZIzKNyqLIFssfs_gAAiALXgkE_bbsbAxiz-L-Op4AdzKgX HTTP/1.1" 404 1251 "-" "Mozilla/5.0 (Linux; Android 6.0.1; Nexus 5X Build/MMB29P) AppleWebKit/537.36 (KHTML, like Gecko) Chrome/138.0.7204.183 Mobile Safari/537.36 (compatible; Googlebot/2.1; +http://www.google.com/bot.html)"
204.12.252.98 - - [02/Sep/2025:18:08:26 -0400] "GET /wp-content/brf532c6/edit.php HTTP/1.1" 404 1251 "https://surewordglobalimpactministry.org/wp-content/brf532c6/edit.php" "Mozilla/5.0 (Windows NT 10.0; Win64; x64) AppleWebKit/537.36 (KHTML, like Gecko) Chrome/58.0.3029.110 Safari/537.3"
66.249.73.66 - - [02/Sep/2025:18:09:17 -0400] "GET /m266008867?srsltid=AfmBOoJpGdrYlCHsWvQDQ0_fbKb58LJap_VbV5RCfX-E-W8DLB4qoW HTTP/1.1" 404 1251 "-" "Mozilla/5.0 (Linux; Android 6.0.1; Nexus 5X Build/MMB29P) AppleWebKit/537.36 (KHTML, like Gecko) Chrome/138.0.7204.183 Mobile Safari/537.36 (compatible; Googlebot/2.1; +http://www.google.com/bot.html)"
66.249.73.66 - - [02/Sep/2025:18:09:43 -0400] "GET /q-~249jadfeXsdZPl2NRVQIm6a2USepLxvgh29973/ HTTP/1.1" 404 1251 "-" "Mozilla/5.0 (Linux; Android 6.0.1; Nexus 5X Build/MMB29P) AppleWebKit/537.36 (KHTML, like Gecko) Chrome/138.0.7204.183 Mobile Safari/537.36 (compatible; Googlebot/2.1; +http://www.google.com/bot.html)"
66.249.73.66 - - [02/Sep/2025:18:12:23 -0400] "GET /controvertible/ia/lanfranc449131624 HTTP/1.1" 404 1251 "-" "Mozilla/5.0 (Linux; Android 6.0.1; Nexus 5X Build/MMB29P) AppleWebKit/537.36 (KHTML, like Gecko) Chrome/138.0.7204.183 Mobile Safari/537.36 (compatible; Googlebot/2.1; +http://www.google.com/bot.html)"
66.249.65.100 - - [02/Sep/2025:18:12:23 -0400] "GET /rerejection382040522 HTTP/1.1" 404 1251 "-" "Mozilla/5.0 (Linux; Android 6.0.1; Nexus 5X Build/MMB29P) AppleWebKit/537.36 (KHTML, like Gecko) Chrome/138.0.7204.183 Mobile Safari/537.36 (compatible; Googlebot/2.1; +http://www.google.com/bot.html)"
66.249.73.65 - - [02/Sep/2025:18:11:44 -0400] "GET /m215035670?srsltid=AfmBOorDIaSmfcnJmiQIQd_pwnw1i8rZh_owo0uS3p-I-jnbodc8HA HTTP/1.1" 404 1251 "-" "Mozilla/5.0 (Linux; Android 6.0.1; Nexus 5X Build/MMB29P) AppleWebKit/537.36 (KHTML, like Gecko) Chrome/138.0.7204.183 Mobile Safari/537.36 (compatible; Googlebot/2.1; +http://www.google.com/bot.html)"
66.249.73.67 - - [02/Sep/2025:18:13:42 -0400] "GET /?t=87214082903 HTTP/1.1" 200 2334 "-" "Mozilla/5.0 (Linux; Android 6.0.1; Nexus 5X Build/MMB29P) AppleWebKit/537.36 (KHTML, like Gecko) Chrome/138.0.7204.183 Mobile Safari/537.36 (compatible; Googlebot/2.1; +http://www.google.com/bot.html)"
66.249.65.101 - - [02/Sep/2025:18:14:24 -0400] "GET /vha411977553 HTTP/1.1" 404 1251 "-" "Mozilla/5.0 (Linux; Android 6.0.1; Nexus 5X Build/MMB29P) AppleWebKit/537.36 (KHTML, like Gecko) Chrome/138.0.7204.183 Mobile Safari/537.36 (compatible; Googlebot/2.1; +http://www.google.com/bot.html)"
66.249.65.101 - - [02/Sep/2025:18:15:04 -0400] "GET /u365299865 HTTP/1.1" 404 1251 "-" "Mozilla/5.0 (Linux; Android 6.0.1; Nexus 5X Build/MMB29P) AppleWebKit/537.36 (KHTML, like Gecko) Chrome/138.0.7204.183 Mobile Safari/537.36 (compatible; Googlebot/2.1; +http://www.google.com/bot.html)"
66.249.65.101 - - [02/Sep/2025:18:15:31 -0400] "GET /prods367213862 HTTP/1.1" 404 1251 "-" "Mozilla/5.0 (Linux; Android 6.0.1; Nexus 5X Build/MMB29P) AppleWebKit/537.36 (KHTML, like Gecko) Chrome/138.0.7204.183 Mobile Safari/537.36 (compatible; Googlebot/2.1; +http://www.google.com/bot.html)"
66.249.65.101 - - [02/Sep/2025:18:16:23 -0400] "GET /g404304729 HTTP/1.1" 404 1251 "-" "Mozilla/5.0 (Linux; Android 6.0.1; Nexus 5X Build/MMB29P) AppleWebKit/537.36 (KHTML, like Gecko) Chrome/138.0.7204.183 Mobile Safari/537.36 (compatible; Googlebot/2.1; +http://www.google.com/bot.html)"
66.249.73.66 - - [02/Sep/2025:18:16:24 -0400] "GET /q-~220uEmWmEAEZcTLvjOWbwAX0LmevIyJcG26180/ HTTP/1.1" 404 1251 "-" "Mozilla/5.0 (Linux; Android 6.0.1; Nexus 5X Build/MMB29P) AppleWebKit/537.36 (KHTML, like Gecko) Chrome/138.0.7204.183 Mobile Safari/537.36 (compatible; Googlebot/2.1; +http://www.google.com/bot.html)"
66.249.73.66 - - [02/Sep/2025:18:16:50 -0400] "GET /ukl/449226775 HTTP/1.1" 404 1251 "-" "Mozilla/5.0 (Linux; Android 6.0.1; Nexus 5X Build/MMB29P) AppleWebKit/537.36 (KHTML, like Gecko) Chrome/138.0.7204.183 Mobile Safari/537.36 (compatible; Googlebot/2.1; +http://www.google.com/bot.html)"
216.73.216.117 - - [02/Sep/2025:18:17:18 -0400] "GET /admin.php?edit=class-wp-block-styles-registry.php&path=%2Fhome%2Fsuregimv%2Fpublic_html%2Fwp-includes HTTP/1.1" 200 6638 "-" "Mozilla/5.0 AppleWebKit/537.36 (KHTML, like Gecko; compatible; ClaudeBot/1.0; +claudebot@anthropic.com)"
216.73.216.117 - - [02/Sep/2025:18:17:18 -0400] "GET /admin.php?edit=default-constants.php&path=%2Fhome%2Fsuregimv%2Fpublic_html%2Fwp-includes HTTP/1.1" 200 7966 "-" "Mozilla/5.0 AppleWebKit/537.36 (KHTML, like Gecko; compatible; ClaudeBot/1.0; +claudebot@anthropic.com)"
216.73.216.117 - - [02/Sep/2025:18:17:19 -0400] "GET /admin.php?edit=class-wp-customize-control.php&path=%2Fhome%2Fsuregimv%2Fpublic_html%2Fwp-includes HTTP/1.1" 200 11086 "-" "Mozilla/5.0 AppleWebKit/537.36 (KHTML, like Gecko; compatible; ClaudeBot/1.0; +claudebot@anthropic.com)"
216.73.216.117 - - [02/Sep/2025:18:17:20 -0400] "GET /admin.php?edit=class.wp-styles.php&path=%2Fhome%2Fsuregimv%2Fpublic_html%2Fwp-includes HTTP/1.1" 200 5016 "-" "Mozilla/5.0 AppleWebKit/537.36 (KHTML, like Gecko; compatible; ClaudeBot/1.0; +claudebot@anthropic.com)"
