2001:41d0:303:875e::1 - - [02/Sep/2025:20:02:30 -0400] "GET /wp-includes/js/wp-emoji.js HTTP/1.1" 200 3176 "-" "Mozilla/5.0 (compatible; MJ12bot/v1.4.8; http://mj12bot.com/)"
2001:41d0:303:875e::1 - - [02/Sep/2025:20:02:38 -0400] "GET /wp-includes/js/wp-lists.min.js HTTP/1.1" 200 2359 "-" "Mozilla/5.0 (compatible; MJ12bot/v1.4.8; http://mj12bot.com/)"
2001:41d0:303:875e::1 - - [02/Sep/2025:20:02:46 -0400] "GET /wp-includes/js/wp-sanitize.min.js HTTP/1.1" 200 236 "-" "Mozilla/5.0 (compatible; MJ12bot/v1.4.8; http://mj12bot.com/)"
2001:41d0:303:875e::1 - - [02/Sep/2025:20:02:52 -0400] "GET /wp-includes/js/wpdialog.js HTTP/1.1" 200 284 "-" "Mozilla/5.0 (compatible; MJ12bot/v1.4.8; http://mj12bot.com/)"
2001:41d0:303:875e::1 - - [02/Sep/2025:20:02:54 -0400] "GET /wp-includes/js/wpdialog.min.js HTTP/1.1" 200 281 "-" "Mozilla/5.0 (compatible; MJ12bot/v1.4.8; http://mj12bot.com/)"
2001:41d0:303:875e::1 - - [02/Sep/2025:20:03:00 -0400] "GET /wp-includes/js/zxcvbn.min.js HTTP/1.1" 200 389493 "-" "Mozilla/5.0 (compatible; MJ12bot/v1.4.8; http://mj12bot.com/)"
2001:41d0:303:875e::1 - - [02/Sep/2025:20:01:57 -0400] "GET /wp-includes/js/utils.js HTTP/1.1" 200 1549 "-" "Mozilla/5.0 (compatible; MJ12bot/v1.4.8; http://mj12bot.com/)"
2001:41d0:303:875e::1 - - [02/Sep/2025:20:01:59 -0400] "GET /wp-includes/js/utils.min.js HTTP/1.1" 200 756 "-" "Mozilla/5.0 (compatible; MJ12bot/v1.4.8; http://mj12bot.com/)"
66.249.73.70 - - [02/Sep/2025:20:02:07 -0400] "GET /esophagomalacia/classis/326664145 HTTP/1.1" 404 1251 "-" "Mozilla/5.0 (Linux; Android 6.0.1; Nexus 5X Build/MMB29P) AppleWebKit/537.36 (KHTML, like Gecko) Chrome/138.0.7204.183 Mobile Safari/537.36 (compatible; Googlebot/2.1; +http://www.google.com/bot.html)"
2001:41d0:303:875e::1 - - [02/Sep/2025:20:02:13 -0400] "GET /wp-includes/js/wp-backbone.js HTTP/1.1" 200 3462 "-" "Mozilla/5.0 (compatible; MJ12bot/v1.4.8; http://mj12bot.com/)"
2001:41d0:303:875e::1 - - [02/Sep/2025:20:02:19 -0400] "GET /wp-includes/js/wp-custom-header.min.js HTTP/1.1" 200 1502 "-" "Mozilla/5.0 (compatible; MJ12bot/v1.4.8; http://mj12bot.com/)"
2001:41d0:303:875e::1 - - [02/Sep/2025:20:02:21 -0400] "GET /wp-includes/js/wp-embed.js HTTP/1.1" 200 1183 "-" "Mozilla/5.0 (compatible; MJ12bot/v1.4.8; http://mj12bot.com/)"
2001:41d0:303:875e::1 - - [02/Sep/2025:20:02:22 -0400] "GET /wp-includes/js/wp-embed.min.js HTTP/1.1" 200 616 "-" "Mozilla/5.0 (compatible; MJ12bot/v1.4.8; http://mj12bot.com/)"
2001:41d0:303:875e::1 - - [02/Sep/2025:20:02:26 -0400] "GET /wp-includes/js/wp-emoji-loader.min.js HTTP/1.1" 200 1175 "-" "Mozilla/5.0 (compatible; MJ12bot/v1.4.8; http://mj12bot.com/)"
2001:41d0:303:875e::1 - - [02/Sep/2025:20:02:32 -0400] "GET /wp-includes/js/wp-emoji.min.js HTTP/1.1" 200 1329 "-" "Mozilla/5.0 (compatible; MJ12bot/v1.4.8; http://mj12bot.com/)"
2001:41d0:303:875e::1 - - [02/Sep/2025:20:02:34 -0400] "GET /wp-includes/js/wp-list-revisions.js HTTP/1.1" 200 379 "-" "Mozilla/5.0 (compatible; MJ12bot/v1.4.8; http://mj12bot.com/)"
2001:41d0:303:875e::1 - - [02/Sep/2025:20:02:36 -0400] "GET /wp-includes/js/wp-lists.js HTTP/1.1" 200 5138 "-" "Mozilla/5.0 (compatible; MJ12bot/v1.4.8; http://mj12bot.com/)"
2001:41d0:303:875e::1 - - [02/Sep/2025:20:02:40 -0400] "GET /wp-includes/js/wp-pointer.js HTTP/1.1" 200 2822 "-" "Mozilla/5.0 (compatible; MJ12bot/v1.4.8; http://mj12bot.com/)"
2001:41d0:303:875e::1 - - [02/Sep/2025:20:02:42 -0400] "GET /wp-includes/js/wp-pointer.min.js HTTP/1.1" 200 1221 "-" "Mozilla/5.0 (compatible; MJ12bot/v1.4.8; http://mj12bot.com/)"
2001:41d0:303:875e::1 - - [02/Sep/2025:20:02:44 -0400] "GET /wp-includes/js/wp-sanitize.js HTTP/1.1" 200 513 "-" "Mozilla/5.0 (compatible; MJ12bot/v1.4.8; http://mj12bot.com/)"
2001:41d0:303:875e::1 - - [02/Sep/2025:20:02:48 -0400] "GET /wp-includes/js/wp-util.js HTTP/1.1" 200 1581 "-" "Mozilla/5.0 (compatible; MJ12bot/v1.4.8; http://mj12bot.com/)"
2001:41d0:303:875e::1 - - [02/Sep/2025:20:02:50 -0400] "GET /wp-includes/js/wp-util.min.js HTTP/1.1" 200 690 "-" "Mozilla/5.0 (compatible; MJ12bot/v1.4.8; http://mj12bot.com/)"
2001:41d0:303:875e::1 - - [02/Sep/2025:20:02:56 -0400] "GET /wp-includes/js/wplink.js HTTP/1.1" 200 5763 "-" "Mozilla/5.0 (compatible; MJ12bot/v1.4.8; http://mj12bot.com/)"
2001:41d0:303:875e::1 - - [02/Sep/2025:20:02:58 -0400] "GET /wp-includes/js/zxcvbn-async.min.js HTTP/1.1" 200 187 "-" "Mozilla/5.0 (compatible; MJ12bot/v1.4.8; http://mj12bot.com/)"
52.167.144.17 - - [02/Sep/2025:20:03:20 -0400] "GET /singlemindedness/pk410464326 HTTP/1.1" 404 1251 "-" "Mozilla/5.0 AppleWebKit/537.36 (KHTML, like Gecko; compatible; bingbot/2.0; +http://www.bing.com/bingbot.htm) Chrome/116.0.1938.76 Safari/537.36"
52.167.144.203 - - [02/Sep/2025:20:05:48 -0400] "GET /nsf/patrogenesis/300594298 HTTP/1.1" 404 1251 "-" "Mozilla/5.0 AppleWebKit/537.36 (KHTML, like Gecko; compatible; bingbot/2.0; +http://www.bing.com/bingbot.htm) Chrome/116.0.1938.76 Safari/537.36"
52.167.144.19 - - [02/Sep/2025:20:06:32 -0400] "GET /callosity/w442359518 HTTP/1.1" 404 1251 "-" "Mozilla/5.0 AppleWebKit/537.36 (KHTML, like Gecko; compatible; bingbot/2.0; +http://www.bing.com/bingbot.htm) Chrome/116.0.1938.76 Safari/537.36"
66.249.73.68 - - [02/Sep/2025:20:07:58 -0400] "GET /m111000762?srsltid=AfmBOoYepfXyPuhlV0IqEH_RWgLejVAk3_b3WjVoqH-U-3FYVRfuGQ HTTP/1.1" 404 1251 "-" "Mozilla/5.0 (Linux; Android 6.0.1; Nexus 5X Build/MMB29P) AppleWebKit/537.36 (KHTML, like Gecko) Chrome/138.0.7204.183 Mobile Safari/537.36 (compatible; Googlebot/2.1; +http://www.google.com/bot.html)"
66.249.73.70 - - [02/Sep/2025:20:07:58 -0400] "GET /goularo/epagomenic/382978495 HTTP/1.1" 404 1251 "-" "Mozilla/5.0 (Linux; Android 6.0.1; Nexus 5X Build/MMB29P) AppleWebKit/537.36 (KHTML, like Gecko) Chrome/138.0.7204.183 Mobile Safari/537.36 (compatible; Googlebot/2.1; +http://www.google.com/bot.html)"
66.249.65.102 - - [02/Sep/2025:20:08:53 -0400] "GET /?_ga=2.198040047.1958808748.1721886654-862398307.1699453578&_bdsid=2ulvIJ.n~ZXCIW.1721886656070.1721886848&_bd_prev_page=https://www.surewordglobalimpactministry.org/detail.php?qjk/chylophyllously380976438 HTTP/1.1" 200 2337 "-" "Mozilla/5.0 (Linux; Android 6.0.1; Nexus 5X Build/MMB29P) AppleWebKit/537.36 (KHTML, like Gecko) Chrome/138.0.7204.183 Mobile Safari/537.36 (compatible; Googlebot/2.1; +http://www.google.com/bot.html)"
66.249.65.101 - - [02/Sep/2025:20:08:53 -0400] "GET /d/xgs426448095 HTTP/1.1" 404 1251 "-" "Mozilla/5.0 (Linux; Android 6.0.1; Nexus 5X Build/MMB29P) AppleWebKit/537.36 (KHTML, like Gecko) Chrome/138.0.7204.183 Mobile Safari/537.36 (compatible; Googlebot/2.1; +http://www.google.com/bot.html)"
52.167.144.21 - - [02/Sep/2025:20:11:19 -0400] "GET /sweatt/ziw328665007 HTTP/1.1" 404 1251 "-" "Mozilla/5.0 AppleWebKit/537.36 (KHTML, like Gecko; compatible; bingbot/2.0; +http://www.bing.com/bingbot.htm) Chrome/116.0.1938.76 Safari/537.36"
52.167.144.19 - - [02/Sep/2025:20:11:51 -0400] "GET /fse/imphees/394075822 HTTP/1.1" 404 1251 "-" "Mozilla/5.0 AppleWebKit/537.36 (KHTML, like Gecko; compatible; bingbot/2.0; +http://www.bing.com/bingbot.htm) Chrome/116.0.1938.76 Safari/537.36"
216.73.216.117 - - [02/Sep/2025:20:12:38 -0400] "GET /robots.txt HTTP/1.1" 304 0 "-" "Mozilla/5.0 AppleWebKit/537.36 (KHTML, like Gecko; compatible; ClaudeBot/1.0; +claudebot@anthropic.com)"
52.167.144.225 - - [02/Sep/2025:20:13:04 -0400] "GET /talents/hurrah/superqualify396404584 HTTP/1.1" 404 1251 "-" "Mozilla/5.0 AppleWebKit/537.36 (KHTML, like Gecko; compatible; bingbot/2.0; +http://www.bing.com/bingbot.htm) Chrome/116.0.1938.76 Safari/537.36"
52.167.144.225 - - [02/Sep/2025:20:13:41 -0400] "GET /formularistic/personages505858387 HTTP/1.1" 404 1251 "-" "Mozilla/5.0 AppleWebKit/537.36 (KHTML, like Gecko; compatible; bingbot/2.0; +http://www.bing.com/bingbot.htm) Chrome/116.0.1938.76 Safari/537.36"
52.167.144.21 - - [02/Sep/2025:20:14:18 -0400] "GET /ampersands/nonepicurean501542506 HTTP/1.1" 404 1251 "-" "Mozilla/5.0 AppleWebKit/537.36 (KHTML, like Gecko; compatible; bingbot/2.0; +http://www.bing.com/bingbot.htm) Chrome/116.0.1938.76 Safari/537.36"
66.249.65.103 - - [02/Sep/2025:20:14:44 -0400] "GET /sf376702656 HTTP/1.1" 404 1251 "-" "Mozilla/5.0 (Linux; Android 6.0.1; Nexus 5X Build/MMB29P) AppleWebKit/537.36 (KHTML, like Gecko) Chrome/138.0.7204.183 Mobile Safari/537.36 (compatible; Googlebot/2.1; +http://www.google.com/bot.html)"
66.249.73.68 - - [02/Sep/2025:20:04:19 -0400] "GET /vve/inoepithelioma345968275 HTTP/1.1" 404 1251 "-" "Mozilla/5.0 (Linux; Android 6.0.1; Nexus 5X Build/MMB29P) AppleWebKit/537.36 (KHTML, like Gecko) Chrome/138.0.7204.183 Mobile Safari/537.36 (compatible; Googlebot/2.1; +http://www.google.com/bot.html)"
66.249.73.70 - - [02/Sep/2025:20:05:14 -0400] "GET /m115043254?srsltid=AfmBOoqVIKXotUCe3evFBn_HdgIKXIKQ7_GDQhKQh7-X-y3Oy30YH1 HTTP/1.1" 404 1251 "-" "Mozilla/5.0 (Linux; Android 6.0.1; Nexus 5X Build/MMB29P) AppleWebKit/537.36 (KHTML, like Gecko) Chrome/138.0.7204.183 Mobile Safari/537.36 (compatible; Googlebot/2.1; +http://www.google.com/bot.html)"
66.249.65.101 - - [02/Sep/2025:20:06:09 -0400] "GET /plv/overblow/unearthly442006206 HTTP/1.1" 404 1251 "-" "Mozilla/5.0 (Linux; Android 6.0.1; Nexus 5X Build/MMB29P) AppleWebKit/537.36 (KHTML, like Gecko) Chrome/138.0.7204.183 Mobile Safari/537.36 (compatible; Googlebot/2.1; +http://www.google.com/bot.html)"
66.249.73.68 - - [02/Sep/2025:20:06:09 -0400] "GET /q-~31Go37wmKaXf1qutS2Ct7nEDvse9Rq8E22317/ HTTP/1.1" 404 1251 "-" "Mozilla/5.0 (Linux; Android 6.0.1; Nexus 5X Build/MMB29P) AppleWebKit/537.36 (KHTML, like Gecko) Chrome/138.0.7204.183 Mobile Safari/537.36 (compatible; Googlebot/2.1; +http://www.google.com/bot.html)"
52.167.144.225 - - [02/Sep/2025:20:09:04 -0400] "GET /dur/p/inferences509184739/ HTTP/1.1" 404 1251 "-" "Mozilla/5.0 AppleWebKit/537.36 (KHTML, like Gecko; compatible; bingbot/2.0; +http://www.bing.com/bingbot.htm) Chrome/116.0.1938.76 Safari/537.36"
40.77.167.123 - - [02/Sep/2025:20:10:39 -0400] "GET /rainproofer/do/shivah397196152 HTTP/1.1" 404 1251 "-" "Mozilla/5.0 AppleWebKit/537.36 (KHTML, like Gecko; compatible; bingbot/2.0; +http://www.bing.com/bingbot.htm) Chrome/116.0.1938.76 Safari/537.36"
66.249.73.67 - - [02/Sep/2025:20:10:42 -0400] "GET /fg/jcm/u/326117872 HTTP/1.1" 404 1251 "-" "Mozilla/5.0 (Linux; Android 6.0.1; Nexus 5X Build/MMB29P) AppleWebKit/537.36 (KHTML, like Gecko) Chrome/138.0.7204.183 Mobile Safari/537.36 (compatible; Googlebot/2.1; +http://www.google.com/bot.html)"
66.249.65.102 - - [02/Sep/2025:20:11:37 -0400] "GET /qf/310933920 HTTP/1.1" 404 1251 "-" "Mozilla/5.0 (Linux; Android 6.0.1; Nexus 5X Build/MMB29P) AppleWebKit/537.36 (KHTML, like Gecko) Chrome/138.0.7204.183 Mobile Safari/537.36 (compatible; Googlebot/2.1; +http://www.google.com/bot.html)"
216.73.216.117 - - [02/Sep/2025:20:12:38 -0400] "GET / HTTP/1.1" 200 2334 "-" "Mozilla/5.0 AppleWebKit/537.36 (KHTML, like Gecko; compatible; ClaudeBot/1.0; +claudebot@anthropic.com)"
66.249.65.101 - - [02/Sep/2025:20:12:54 -0400] "GET /overstrictly433681109 HTTP/1.1" 404 1251 "-" "Mozilla/5.0 (Linux; Android 6.0.1; Nexus 5X Build/MMB29P) AppleWebKit/537.36 (KHTML, like Gecko) Chrome/138.0.7204.183 Mobile Safari/537.36 (compatible; Googlebot/2.1; +http://www.google.com/bot.html)"
52.167.144.203 - - [02/Sep/2025:20:14:48 -0400] "GET /limetta/tactable/uncasing388168277 HTTP/1.1" 404 1251 "-" "Mozilla/5.0 AppleWebKit/537.36 (KHTML, like Gecko; compatible; bingbot/2.0; +http://www.bing.com/bingbot.htm) Chrome/116.0.1938.76 Safari/537.36"
66.249.65.101 - - [02/Sep/2025:20:15:38 -0400] "GET /pleuriseptate383139742 HTTP/1.1" 404 1251 "-" "Mozilla/5.0 (Linux; Android 6.0.1; Nexus 5X Build/MMB29P) AppleWebKit/537.36 (KHTML, like Gecko) Chrome/138.0.7204.183 Mobile Safari/537.36 (compatible; Googlebot/2.1; +http://www.google.com/bot.html)"
52.167.144.142 - - [02/Sep/2025:20:16:52 -0400] "GET /quickstepping/terebinthic/488259454 HTTP/1.1" 404 1251 "-" "Mozilla/5.0 AppleWebKit/537.36 (KHTML, like Gecko; compatible; bingbot/2.0; +http://www.bing.com/bingbot.htm) Chrome/116.0.1938.76 Safari/537.36"
43.154.250.181 - - [02/Sep/2025:20:17:23 -0400] "GET / HTTP/1.1" 200 2337 "http://www.surewordglobalimpactministry.org" "Mozilla/5.0 (iPhone; CPU iPhone OS 13_2_3 like Mac OS X) AppleWebKit/605.1.15 (KHTML, like Gecko) Version/13.0.3 Mobile/15E148 Safari/604.1"
52.167.144.214 - - [02/Sep/2025:20:16:28 -0400] "GET /trappings/z500994715 HTTP/1.1" 404 1251 "-" "Mozilla/5.0 AppleWebKit/537.36 (KHTML, like Gecko; compatible; bingbot/2.0; +http://www.bing.com/bingbot.htm) Chrome/116.0.1938.76 Safari/537.36"
52.167.144.196 - - [02/Sep/2025:20:16:40 -0400] "GET /retroalveolar/untoothed/unhugged389500099 HTTP/1.1" 404 1251 "-" "Mozilla/5.0 AppleWebKit/537.36 (KHTML, like Gecko; compatible; bingbot/2.0; +http://www.bing.com/bingbot.htm) Chrome/116.0.1938.76 Safari/537.36"
52.167.144.214 - - [02/Sep/2025:20:16:59 -0400] "GET /qnz/beiderbecke457956655 HTTP/1.1" 404 1251 "-" "Mozilla/5.0 AppleWebKit/537.36 (KHTML, like Gecko; compatible; bingbot/2.0; +http://www.bing.com/bingbot.htm) Chrome/116.0.1938.76 Safari/537.36"
188.130.137.28 - - [02/Sep/2025:20:18:05 -0400] "GET / HTTP/1.1" 200 2334 "-" "Mozilla/5.0 (Macintosh; Intel Mac OS X 10_15_7) AppleWebKit/537.36 (KHTML, like Gecko) Chrome/124.0.6367.61 Safari/537.36"
188.130.137.28 - - [02/Sep/2025:20:18:06 -0400] "GET /_autoindex/assets/js/tablesort.js HTTP/1.1" 200 2137 "https://surewordglobalimpactministry.org/" "Mozilla/5.0 (Macintosh; Intel Mac OS X 10_15_7) AppleWebKit/537.36 (KHTML, like Gecko) Chrome/124.0.6367.61 Safari/537.36"
188.130.137.28 - - [02/Sep/2025:20:18:06 -0400] "GET /_autoindex/assets/css/autoindex.css HTTP/1.1" 200 1170 "https://surewordglobalimpactministry.org/" "Mozilla/5.0 (Macintosh; Intel Mac OS X 10_15_7) AppleWebKit/537.36 (KHTML, like Gecko) Chrome/124.0.6367.61 Safari/537.36"
188.130.137.28 - - [02/Sep/2025:20:18:06 -0400] "GET /_autoindex/assets/icons/file-text.svg HTTP/1.1" 200 394 "https://surewordglobalimpactministry.org/" "Mozilla/5.0 (Macintosh; Intel Mac OS X 10_15_7) AppleWebKit/537.36 (KHTML, like Gecko) Chrome/124.0.6367.61 Safari/537.36"
188.130.137.28 - - [02/Sep/2025:20:18:07 -0400] "GET /_autoindex/assets/icons/file.svg HTTP/1.1" 200 354 "https://surewordglobalimpactministry.org/" "Mozilla/5.0 (Macintosh; Intel Mac OS X 10_15_7) AppleWebKit/537.36 (KHTML, like Gecko) Chrome/124.0.6367.61 Safari/537.36"
188.130.137.28 - - [02/Sep/2025:20:18:07 -0400] "GET /favicon.ico HTTP/1.1" 404 1251 "https://surewordglobalimpactministry.org/" "Mozilla/5.0 (Macintosh; Intel Mac OS X 10_15_7) AppleWebKit/537.36 (KHTML, like Gecko) Chrome/124.0.6367.61 Safari/537.36"
66.249.65.102 - - [02/Sep/2025:20:18:21 -0400] "GET /lix389405113 HTTP/1.1" 404 1251 "-" "Mozilla/5.0 (Linux; Android 6.0.1; Nexus 5X Build/MMB29P) AppleWebKit/537.36 (KHTML, like Gecko) Chrome/138.0.7204.183 Mobile Safari/537.36 (compatible; Googlebot/2.1; +http://www.google.com/bot.html)"
52.167.144.214 - - [02/Sep/2025:20:18:27 -0400] "GET /oxygenated/477845353 HTTP/1.1" 404 1251 "-" "Mozilla/5.0 AppleWebKit/537.36 (KHTML, like Gecko; compatible; bingbot/2.0; +http://www.bing.com/bingbot.htm) Chrome/116.0.1938.76 Safari/537.36"
188.130.137.28 - - [02/Sep/2025:20:18:38 -0400] "GET /wp-login.php HTTP/1.1" 200 1711 "https://surewordglobalimpactministry.org/" "Mozilla/5.0 (Macintosh; Intel Mac OS X 10_15_7) AppleWebKit/537.36 (KHTML, like Gecko) Chrome/124.0.6367.61 Safari/537.36"
188.130.137.28 - - [02/Sep/2025:20:18:40 -0400] "GET /wp-admin/load-styles.php?c=1&dir=ltr&load%5Bchunk_0%5D=dashicons,buttons,forms,l10n,login&ver=6.8.2 HTTP/1.1" 200 45454 "https://surewordglobalimpactministry.org/wp-login.php" "Mozilla/5.0 (Macintosh; Intel Mac OS X 10_15_7) AppleWebKit/537.36 (KHTML, like Gecko) Chrome/124.0.6367.61 Safari/537.36"
188.130.137.28 - - [02/Sep/2025:20:18:40 -0400] "GET /wp-includes/js/dist/dom-ready.min.js?ver=f77871ff7694fffea381 HTTP/1.1" 200 275 "https://surewordglobalimpactministry.org/wp-login.php" "Mozilla/5.0 (Macintosh; Intel Mac OS X 10_15_7) AppleWebKit/537.36 (KHTML, like Gecko) Chrome/124.0.6367.61 Safari/537.36"
188.130.137.28 - - [02/Sep/2025:20:18:40 -0400] "GET /wp-includes/js/underscore.min.js?ver=1.13.7 HTTP/1.1" 200 7185 "https://surewordglobalimpactministry.org/wp-login.php" "Mozilla/5.0 (Macintosh; Intel Mac OS X 10_15_7) AppleWebKit/537.36 (KHTML, like Gecko) Chrome/124.0.6367.61 Safari/537.36"
188.130.137.28 - - [02/Sep/2025:20:18:40 -0400] "GET /wp-includes/js/wp-util.min.js?ver=6.8.2 HTTP/1.1" 200 690 "https://surewordglobalimpactministry.org/wp-login.php" "Mozilla/5.0 (Macintosh; Intel Mac OS X 10_15_7) AppleWebKit/537.36 (KHTML, like Gecko) Chrome/124.0.6367.61 Safari/537.36"
52.167.144.196 - - [02/Sep/2025:20:18:41 -0400] "GET /wands/zl/v376151911 HTTP/1.1" 404 1251 "-" "Mozilla/5.0 AppleWebKit/537.36 (KHTML, like Gecko; compatible; bingbot/2.0; +http://www.bing.com/bingbot.htm) Chrome/116.0.1938.76 Safari/537.36"
188.130.137.28 - - [02/Sep/2025:20:18:41 -0400] "GET /wp-admin/images/wordpress-logo.svg?ver=20131107 HTTP/1.1" 200 759 "https://surewordglobalimpactministry.org/wp-admin/load-styles.php?c=1&dir=ltr&load%5Bchunk_0%5D=dashicons,buttons,forms,l10n,login&ver=6.8.2" "Mozilla/5.0 (Macintosh; Intel Mac OS X 10_15_7) AppleWebKit/537.36 (KHTML, like Gecko) Chrome/124.0.6367.61 Safari/537.36"
66.249.65.103 - - [02/Sep/2025:20:17:27 -0400] "GET /primeur430325499 HTTP/1.1" 404 1251 "-" "Mozilla/5.0 (Linux; Android 6.0.1; Nexus 5X Build/MMB29P) AppleWebKit/537.36 (KHTML, like Gecko) Chrome/138.0.7204.183 Mobile Safari/537.36 (compatible; Googlebot/2.1; +http://www.google.com/bot.html)"
188.130.137.28 - - [02/Sep/2025:20:18:06 -0400] "GET /_autoindex/assets/icons/folder-fill.svg HTTP/1.1" 200 333 "https://surewordglobalimpactministry.org/" "Mozilla/5.0 (Macintosh; Intel Mac OS X 10_15_7) AppleWebKit/537.36 (KHTML, like Gecko) Chrome/124.0.6367.61 Safari/537.36"
188.130.137.28 - - [02/Sep/2025:20:18:06 -0400] "GET /_autoindex/assets/js/tablesort.number.js HTTP/1.1" 200 322 "https://surewordglobalimpactministry.org/" "Mozilla/5.0 (Macintosh; Intel Mac OS X 10_15_7) AppleWebKit/537.36 (KHTML, like Gecko) Chrome/124.0.6367.61 Safari/537.36"
188.130.137.28 - - [02/Sep/2025:20:18:40 -0400] "GET /wp-admin/load-scripts.php?c=1&load%5Bchunk_0%5D=clipboard,jquery-core,jquery-migrate,zxcvbn-async,wp-hooks&ver=6.8.2 HTTP/1.1" 200 39842 "https://surewordglobalimpactministry.org/wp-login.php" "Mozilla/5.0 (Macintosh; Intel Mac OS X 10_15_7) AppleWebKit/537.36 (KHTML, like Gecko) Chrome/124.0.6367.61 Safari/537.36"
188.130.137.28 - - [02/Sep/2025:20:18:40 -0400] "GET /wp-admin/js/password-strength-meter.min.js?ver=6.8.2 HTTP/1.1" 200 558 "https://surewordglobalimpactministry.org/wp-login.php" "Mozilla/5.0 (Macintosh; Intel Mac OS X 10_15_7) AppleWebKit/537.36 (KHTML, like Gecko) Chrome/124.0.6367.61 Safari/537.36"
188.130.137.28 - - [02/Sep/2025:20:18:40 -0400] "GET /wp-includes/js/dist/a11y.min.js?ver=3156534cc54473497e14 HTTP/1.1" 200 827 "https://surewordglobalimpactministry.org/wp-login.php" "Mozilla/5.0 (Macintosh; Intel Mac OS X 10_15_7) AppleWebKit/537.36 (KHTML, like Gecko) Chrome/124.0.6367.61 Safari/537.36"
188.130.137.28 - - [02/Sep/2025:20:18:40 -0400] "GET /wp-admin/js/user-profile.min.js?ver=6.8.2 HTTP/1.1" 200 2388 "https://surewordglobalimpactministry.org/wp-login.php" "Mozilla/5.0 (Macintosh; Intel Mac OS X 10_15_7) AppleWebKit/537.36 (KHTML, like Gecko) Chrome/124.0.6367.61 Safari/537.36"
188.130.137.28 - - [02/Sep/2025:20:18:40 -0400] "GET /wp-includes/js/dist/i18n.min.js?ver=5e580eb46a90c2b997e6 HTTP/1.1" 200 3542 "https://surewordglobalimpactministry.org/wp-login.php" "Mozilla/5.0 (Macintosh; Intel Mac OS X 10_15_7) AppleWebKit/537.36 (KHTML, like Gecko) Chrome/124.0.6367.61 Safari/537.36"
188.130.137.28 - - [02/Sep/2025:20:18:42 -0400] "GET /wp-includes/js/zxcvbn.min.js HTTP/1.1" 200 389493 "https://surewordglobalimpactministry.org/wp-login.php" "Mozilla/5.0 (Macintosh; Intel Mac OS X 10_15_7) AppleWebKit/537.36 (KHTML, like Gecko) Chrome/124.0.6367.61 Safari/537.36"
52.167.144.236 - - [02/Sep/2025:20:19:38 -0400] "GET /duo/o453957143 HTTP/1.1" 404 1251 "-" "Mozilla/5.0 AppleWebKit/537.36 (KHTML, like Gecko; compatible; bingbot/2.0; +http://www.bing.com/bingbot.htm) Chrome/116.0.1938.76 Safari/537.36"
66.249.73.68 - - [02/Sep/2025:20:20:10 -0400] "GET /mc/cuffs420237805 HTTP/1.1" 404 1251 "-" "Mozilla/5.0 (Linux; Android 6.0.1; Nexus 5X Build/MMB29P) AppleWebKit/537.36 (KHTML, like Gecko) Chrome/138.0.7204.183 Mobile Safari/537.36 (compatible; Googlebot/2.1; +http://www.google.com/bot.html)"
66.249.73.69 - - [02/Sep/2025:20:21:05 -0400] "GET /k/ladakhi/448194742 HTTP/1.1" 404 1251 "-" "Mozilla/5.0 (Linux; Android 6.0.1; Nexus 5X Build/MMB29P) AppleWebKit/537.36 (KHTML, like Gecko) Chrome/138.0.7204.183 Mobile Safari/537.36 (compatible; Googlebot/2.1; +http://www.google.com/bot.html)"
66.249.73.69 - - [02/Sep/2025:20:21:05 -0400] "GET /vz/331930984 HTTP/1.1" 404 1251 "-" "Mozilla/5.0 (Linux; Android 6.0.1; Nexus 5X Build/MMB29P) AppleWebKit/537.36 (KHTML, like Gecko) Chrome/138.0.7204.183 Mobile Safari/537.36 (compatible; Googlebot/2.1; +http://www.google.com/bot.html)"
52.167.144.214 - - [02/Sep/2025:20:22:29 -0400] "GET /nonhypostatical/reviere/466458904 HTTP/1.1" 404 1251 "-" "Mozilla/5.0 AppleWebKit/537.36 (KHTML, like Gecko; compatible; bingbot/2.0; +http://www.bing.com/bingbot.htm) Chrome/116.0.1938.76 Safari/537.36"
52.167.144.142 - - [02/Sep/2025:20:22:33 -0400] "GET /voiceprint/349189678 HTTP/1.1" 404 1251 "-" "Mozilla/5.0 AppleWebKit/537.36 (KHTML, like Gecko; compatible; bingbot/2.0; +http://www.bing.com/bingbot.htm) Chrome/116.0.1938.76 Safari/537.36"
66.249.73.70 - - [02/Sep/2025:20:22:53 -0400] "GET /ij/hp310627786 HTTP/1.1" 404 1251 "-" "Mozilla/5.0 (Linux; Android 6.0.1; Nexus 5X Build/MMB29P) AppleWebKit/537.36 (KHTML, like Gecko) Chrome/138.0.7204.183 Mobile Safari/537.36 (compatible; Googlebot/2.1; +http://www.google.com/bot.html)"
66.249.73.69 - - [02/Sep/2025:20:23:48 -0400] "GET /truthrevealing/402898174 HTTP/1.1" 404 1251 "-" "Mozilla/5.0 (Linux; Android 6.0.1; Nexus 5X Build/MMB29P) AppleWebKit/537.36 (KHTML, like Gecko) Chrome/138.0.7204.183 Mobile Safari/537.36 (compatible; Googlebot/2.1; +http://www.google.com/bot.html)"
40.77.167.224 - - [02/Sep/2025:20:24:02 -0400] "GET /crj/i/444365625 HTTP/1.1" 404 1251 "-" "Mozilla/5.0 AppleWebKit/537.36 (KHTML, like Gecko; compatible; bingbot/2.0; +http://www.bing.com/bingbot.htm) Chrome/116.0.1938.76 Safari/537.36"
66.249.73.65 - - [02/Sep/2025:20:26:32 -0400] "GET /obrenovich/431909362 HTTP/1.1" 404 1251 "-" "Mozilla/5.0 (Linux; Android 6.0.1; Nexus 5X Build/MMB29P) AppleWebKit/537.36 (KHTML, like Gecko) Chrome/138.0.7204.183 Mobile Safari/537.36 (compatible; Googlebot/2.1; +http://www.google.com/bot.html)"
66.249.73.67 - - [02/Sep/2025:20:28:21 -0400] "GET /oologist/pi460351990 HTTP/1.1" 404 1251 "-" "Mozilla/5.0 (Linux; Android 6.0.1; Nexus 5X Build/MMB29P) AppleWebKit/537.36 (KHTML, like Gecko) Chrome/138.0.7204.183 Mobile Safari/537.36 (compatible; Googlebot/2.1; +http://www.google.com/bot.html)"
66.249.65.101 - - [02/Sep/2025:20:28:21 -0400] "GET /?list=290767140 HTTP/1.1" 200 2337 "-" "Mozilla/5.0 (Linux; Android 6.0.1; Nexus 5X Build/MMB29P) AppleWebKit/537.36 (KHTML, like Gecko) Chrome/138.0.7204.183 Mobile Safari/537.36 (compatible; Googlebot/2.1; +http://www.google.com/bot.html)"
66.249.73.65 - - [02/Sep/2025:20:29:15 -0400] "GET /bestpreserved/421209463 HTTP/1.1" 404 1251 "-" "Mozilla/5.0 (Linux; Android 6.0.1; Nexus 5X Build/MMB29P) AppleWebKit/537.36 (KHTML, like Gecko) Chrome/138.0.7204.183 Mobile Safari/537.36 (compatible; Googlebot/2.1; +http://www.google.com/bot.html)"
40.77.167.224 - - [02/Sep/2025:20:31:33 -0400] "GET /leukons/berdaches/dp/427945157 HTTP/1.1" 404 1251 "-" "Mozilla/5.0 AppleWebKit/537.36 (KHTML, like Gecko; compatible; bingbot/2.0; +http://www.bing.com/bingbot.htm) Chrome/116.0.1938.76 Safari/537.36"
66.249.73.65 - - [02/Sep/2025:20:32:56 -0400] "GET /singlebarreled439993747 HTTP/1.1" 404 1251 "-" "Mozilla/5.0 (Linux; Android 6.0.1; Nexus 5X Build/MMB29P) AppleWebKit/537.36 (KHTML, like Gecko) Chrome/138.0.7204.183 Mobile Safari/537.36 (compatible; Googlebot/2.1; +http://www.google.com/bot.html)"
52.167.144.142 - - [02/Sep/2025:20:19:52 -0400] "GET /angka/chairmen/ HTTP/1.1" 404 1251 "-" "Mozilla/5.0 AppleWebKit/537.36 (KHTML, like Gecko; compatible; bingbot/2.0; +http://www.bing.com/bingbot.htm) Chrome/116.0.1938.76 Safari/537.36"
66.249.73.66 - - [02/Sep/2025:20:25:37 -0400] "GET /q/jd480513307 HTTP/1.1" 404 1251 "-" "Mozilla/5.0 (Linux; Android 6.0.1; Nexus 5X Build/MMB29P) AppleWebKit/537.36 (KHTML, like Gecko) Chrome/138.0.7204.183 Mobile Safari/537.36 (compatible; Googlebot/2.1; +http://www.google.com/bot.html)"
208.110.64.178 - - [02/Sep/2025:20:25:50 -0400] "GET /wp-content/brf532c6/edit.php HTTP/1.1" 404 1251 "https://surewordglobalimpactministry.org/wp-content/brf532c6/edit.php" "Mozilla/5.0 (Windows NT 10.0; Win64; x64) AppleWebKit/537.36 (KHTML, like Gecko) Chrome/58.0.3029.110 Safari/537.3"
52.167.144.236 - - [02/Sep/2025:20:25:59 -0400] "GET /passados/nonindustrial300991408 HTTP/1.1" 404 1251 "-" "Mozilla/5.0 AppleWebKit/537.36 (KHTML, like Gecko; compatible; bingbot/2.0; +http://www.bing.com/bingbot.htm) Chrome/116.0.1938.76 Safari/537.36"
40.77.167.224 - - [02/Sep/2025:20:26:13 -0400] "GET /disattaint/rzh/mnm292372230 HTTP/1.1" 404 1251 "-" "Mozilla/5.0 AppleWebKit/537.36 (KHTML, like Gecko; compatible; bingbot/2.0; +http://www.bing.com/bingbot.htm) Chrome/116.0.1938.76 Safari/537.36"
66.249.73.66 - - [02/Sep/2025:20:29:16 -0400] "GET /c/siqueiros/317079631 HTTP/1.1" 404 1251 "-" "Mozilla/5.0 (Linux; Android 6.0.1; Nexus 5X Build/MMB29P) AppleWebKit/537.36 (KHTML, like Gecko) Chrome/138.0.7204.183 Mobile Safari/537.36 (compatible; Googlebot/2.1; +http://www.google.com/bot.html)"
66.249.73.66 - - [02/Sep/2025:20:30:11 -0400] "GET /polypragmonist/zi309693112 HTTP/1.1" 404 1251 "-" "Mozilla/5.0 (Linux; Android 6.0.1; Nexus 5X Build/MMB29P) AppleWebKit/537.36 (KHTML, like Gecko) Chrome/138.0.7204.183 Mobile Safari/537.36 (compatible; Googlebot/2.1; +http://www.google.com/bot.html)"
40.77.167.17 - - [02/Sep/2025:20:30:31 -0400] "GET /nomenclaturist/389716759 HTTP/1.1" 404 1251 "-" "Mozilla/5.0 AppleWebKit/537.36 (KHTML, like Gecko; compatible; bingbot/2.0; +http://www.bing.com/bingbot.htm) Chrome/116.0.1938.76 Safari/537.36"
66.249.73.66 - - [02/Sep/2025:20:31:06 -0400] "GET /d/dressed400093462 HTTP/1.1" 404 1251 "-" "Mozilla/5.0 (Linux; Android 6.0.1; Nexus 5X Build/MMB29P) AppleWebKit/537.36 (KHTML, like Gecko) Chrome/138.0.7204.183 Mobile Safari/537.36 (compatible; Googlebot/2.1; +http://www.google.com/bot.html)"
66.249.73.66 - - [02/Sep/2025:20:32:01 -0400] "GET /floydada/385672738 HTTP/1.1" 404 1251 "-" "Mozilla/5.0 (Linux; Android 6.0.1; Nexus 5X Build/MMB29P) AppleWebKit/537.36 (KHTML, like Gecko) Chrome/138.0.7204.183 Mobile Safari/537.36 (compatible; Googlebot/2.1; +http://www.google.com/bot.html)"
66.249.65.103 - - [02/Sep/2025:20:33:51 -0400] "GET /xerophily/achronical/e/432224856 HTTP/1.1" 404 1251 "-" "Mozilla/5.0 (Linux; Android 6.0.1; Nexus 5X Build/MMB29P) AppleWebKit/537.36 (KHTML, like Gecko) Chrome/138.0.7204.183 Mobile Safari/537.36 (compatible; Googlebot/2.1; +http://www.google.com/bot.html)"
66.249.73.67 - - [02/Sep/2025:20:34:46 -0400] "GET /noncollegiate314199847 HTTP/1.1" 404 1251 "-" "Mozilla/5.0 (Linux; Android 6.0.1; Nexus 5X Build/MMB29P) AppleWebKit/537.36 (KHTML, like Gecko) Chrome/138.0.7204.183 Mobile Safari/537.36 (compatible; Googlebot/2.1; +http://www.google.com/bot.html)"
52.167.144.157 - - [02/Sep/2025:20:33:52 -0400] "GET /egl/batfowl/tollent321446089 HTTP/1.1" 404 1251 "-" "Mozilla/5.0 AppleWebKit/537.36 (KHTML, like Gecko; compatible; bingbot/2.0; +http://www.bing.com/bingbot.htm) Chrome/116.0.1938.76 Safari/537.36"
52.167.144.21 - - [02/Sep/2025:20:35:29 -0400] "GET /mythiciser/unseared/mastwood428623782 HTTP/1.1" 404 1251 "-" "Mozilla/5.0 AppleWebKit/537.36 (KHTML, like Gecko; compatible; bingbot/2.0; +http://www.bing.com/bingbot.htm) Chrome/116.0.1938.76 Safari/537.36"
66.249.73.67 - - [02/Sep/2025:20:35:41 -0400] "GET /ha311182339 HTTP/1.1" 404 1251 "-" "Mozilla/5.0 (Linux; Android 6.0.1; Nexus 5X Build/MMB29P) AppleWebKit/537.36 (KHTML, like Gecko) Chrome/138.0.7204.183 Mobile Safari/537.36 (compatible; Googlebot/2.1; +http://www.google.com/bot.html)"
66.249.73.67 - - [02/Sep/2025:20:37:30 -0400] "GET /s370621354 HTTP/1.1" 404 1251 "-" "Mozilla/5.0 (Linux; Android 6.0.1; Nexus 5X Build/MMB29P) AppleWebKit/537.36 (KHTML, like Gecko) Chrome/138.0.7204.183 Mobile Safari/537.36 (compatible; Googlebot/2.1; +http://www.google.com/bot.html)"
66.249.73.66 - - [02/Sep/2025:20:37:31 -0400] "GET /m176034453?srsltid=AfmBOoYprVOchaeG4FThGR_WiEBOTsx3T_erhKzEXp-E-jp9ZQL9lj HTTP/1.1" 404 1251 "-" "Mozilla/5.0 (Linux; Android 6.0.1; Nexus 5X Build/MMB29P) AppleWebKit/537.36 (KHTML, like Gecko) Chrome/138.0.7204.183 Mobile Safari/537.36 (compatible; Googlebot/2.1; +http://www.google.com/bot.html)"
66.249.73.66 - - [02/Sep/2025:20:37:32 -0400] "GET /?list=305123308 HTTP/1.1" 200 2334 "-" "Mozilla/5.0 (Linux; Android 6.0.1; Nexus 5X Build/MMB29P) AppleWebKit/537.36 (KHTML, like Gecko) Chrome/138.0.7204.183 Mobile Safari/537.36 (compatible; Googlebot/2.1; +http://www.google.com/bot.html)"
66.249.73.66 - - [02/Sep/2025:20:37:32 -0400] "GET /q-~221ZOdoBivNPe20s9qySDKsl5lSTHlWud5247/ HTTP/1.1" 404 1251 "-" "Mozilla/5.0 (Linux; Android 6.0.1; Nexus 5X Build/MMB29P) AppleWebKit/537.36 (KHTML, like Gecko) Chrome/138.0.7204.183 Mobile Safari/537.36 (compatible; Googlebot/2.1; +http://www.google.com/bot.html)"
2604:4300:a:224:4ca1:5a08:f8a3:512a - - [02/Sep/2025:20:37:36 -0400] "GET /.env HTTP/1.1" 404 1251 "-" "python-requests/2.26.0"
2604:4300:a:224:4ca1:5a08:f8a3:512a - - [02/Sep/2025:20:37:36 -0400] "GET / HTTP/1.1" 200 2334 "-" "python-requests/2.26.0"
66.249.73.65 - - [02/Sep/2025:20:39:23 -0400] "GET /m296018027?srsltid=AfmBOoKyfwPMhuFeNAStNK_W87DvWRM6h_Poe1kQwf-S-lBDv5c0Xi HTTP/1.1" 404 1251 "-" "Mozilla/5.0 (Linux; Android 6.0.1; Nexus 5X Build/MMB29P) AppleWebKit/537.36 (KHTML, like Gecko) Chrome/138.0.7204.183 Mobile Safari/537.36 (compatible; Googlebot/2.1; +http://www.google.com/bot.html)"
66.249.73.66 - - [02/Sep/2025:20:40:52 -0400] "GET /tracheotomized471159805 HTTP/1.1" 404 1251 "-" "Mozilla/5.0 (Linux; Android 6.0.1; Nexus 5X Build/MMB29P) AppleWebKit/537.36 (KHTML, like Gecko) Chrome/138.0.7204.183 Mobile Safari/537.36 (compatible; Googlebot/2.1; +http://www.google.com/bot.html)"
52.167.144.20 - - [02/Sep/2025:20:42:04 -0400] "GET /spanishspeaking/befingers/a419668555 HTTP/1.1" 404 1251 "-" "Mozilla/5.0 AppleWebKit/537.36 (KHTML, like Gecko; compatible; bingbot/2.0; +http://www.bing.com/bingbot.htm) Chrome/116.0.1938.76 Safari/537.36"
40.77.167.241 - - [02/Sep/2025:20:42:42 -0400] "GET /subnotational/intervolution/347077701 HTTP/1.1" 404 1251 "-" "Mozilla/5.0 AppleWebKit/537.36 (KHTML, like Gecko; compatible; bingbot/2.0; +http://www.bing.com/bingbot.htm) Chrome/116.0.1938.76 Safari/537.36"
52.167.144.20 - - [02/Sep/2025:20:43:17 -0400] "GET /chacon/instigations/liftoff333811579 HTTP/1.1" 404 1251 "-" "Mozilla/5.0 AppleWebKit/537.36 (KHTML, like Gecko; compatible; bingbot/2.0; +http://www.bing.com/bingbot.htm) Chrome/116.0.1938.76 Safari/537.36"
66.249.73.69 - - [02/Sep/2025:20:43:32 -0400] "GET /evening358997890 HTTP/1.1" 404 1251 "-" "Mozilla/5.0 (Linux; Android 6.0.1; Nexus 5X Build/MMB29P) AppleWebKit/537.36 (KHTML, like Gecko) Chrome/138.0.7204.183 Mobile Safari/537.36 (compatible; Googlebot/2.1; +http://www.google.com/bot.html)"
52.167.144.20 - - [02/Sep/2025:20:44:14 -0400] "GET /tribase/mycobacteriaceae/dj/374179063 HTTP/1.1" 404 1251 "-" "Mozilla/5.0 AppleWebKit/537.36 (KHTML, like Gecko; compatible; bingbot/2.0; +http://www.bing.com/bingbot.htm) Chrome/116.0.1938.76 Safari/537.36"
52.167.144.211 - - [02/Sep/2025:20:45:14 -0400] "GET /foamiest/mtb/445226030 HTTP/1.1" 404 1251 "-" "Mozilla/5.0 AppleWebKit/537.36 (KHTML, like Gecko; compatible; bingbot/2.0; +http://www.bing.com/bingbot.htm) Chrome/116.0.1938.76 Safari/537.36"
66.249.73.69 - - [02/Sep/2025:20:45:29 -0400] "GET /dty351242290 HTTP/1.1" 404 1251 "-" "Mozilla/5.0 (Linux; Android 6.0.1; Nexus 5X Build/MMB29P) AppleWebKit/537.36 (KHTML, like Gecko) Chrome/138.0.7204.183 Mobile Safari/537.36 (compatible; Googlebot/2.1; +http://www.google.com/bot.html)"
66.249.73.67 - - [02/Sep/2025:20:37:31 -0400] "GET /coldchiseled407786755 HTTP/1.1" 404 1251 "-" "Mozilla/5.0 (Linux; Android 6.0.1; Nexus 5X Build/MMB29P) AppleWebKit/537.36 (KHTML, like Gecko) Chrome/138.0.7204.183 Mobile Safari/537.36 (compatible; Googlebot/2.1; +http://www.google.com/bot.html)"
66.249.65.102 - - [02/Sep/2025:20:37:33 -0400] "GET /?list=290765695 HTTP/1.1" 200 2337 "-" "Mozilla/5.0 (Linux; Android 6.0.1; Nexus 5X Build/MMB29P) AppleWebKit/537.36 (KHTML, like Gecko) Chrome/138.0.7204.183 Mobile Safari/537.36 (compatible; Googlebot/2.1; +http://www.google.com/bot.html)"
66.249.73.67 - - [02/Sep/2025:20:38:27 -0400] "GET /wickedly339054337 HTTP/1.1" 404 1251 "-" "Mozilla/5.0 (Linux; Android 6.0.1; Nexus 5X Build/MMB29P) AppleWebKit/537.36 (KHTML, like Gecko) Chrome/138.0.7204.183 Mobile Safari/537.36 (compatible; Googlebot/2.1; +http://www.google.com/bot.html)"
66.249.73.65 - - [02/Sep/2025:20:39:32 -0400] "GET /unfluently433695703 HTTP/1.1" 404 1251 "-" "Mozilla/5.0 (Linux; Android 6.0.1; Nexus 5X Build/MMB29P) AppleWebKit/537.36 (KHTML, like Gecko) Chrome/138.0.7204.183 Mobile Safari/537.36 (compatible; Googlebot/2.1; +http://www.google.com/bot.html)"
66.249.65.101 - - [02/Sep/2025:20:40:53 -0400] "GET /xylotrya/ahm/ambiences/345537329 HTTP/1.1" 404 1251 "-" "Mozilla/5.0 (Linux; Android 6.0.1; Nexus 5X Build/MMB29P) AppleWebKit/537.36 (KHTML, like Gecko) Chrome/138.0.7204.183 Mobile Safari/537.36 (compatible; GoogleOther)"
66.249.73.65 - - [02/Sep/2025:20:42:12 -0400] "GET /morrison331722604 HTTP/1.1" 404 1251 "-" "Mozilla/5.0 (Linux; Android 6.0.1; Nexus 5X Build/MMB29P) AppleWebKit/537.36 (KHTML, like Gecko) Chrome/138.0.7204.183 Mobile Safari/537.36 (compatible; Googlebot/2.1; +http://www.google.com/bot.html)"
40.77.167.35 - - [02/Sep/2025:20:43:13 -0400] "GET /uranostaphylorrhaphy/375380905 HTTP/1.1" 404 1251 "-" "Mozilla/5.0 AppleWebKit/537.36 (KHTML, like Gecko; compatible; bingbot/2.0; +http://www.bing.com/bingbot.htm) Chrome/116.0.1938.76 Safari/537.36"
40.77.167.35 - - [02/Sep/2025:20:44:53 -0400] "GET /overcropping/405917890 HTTP/1.1" 404 1251 "-" "Mozilla/5.0 AppleWebKit/537.36 (KHTML, like Gecko; compatible; bingbot/2.0; +http://www.bing.com/bingbot.htm) Chrome/116.0.1938.76 Safari/537.36"
40.77.167.35 - - [02/Sep/2025:20:45:23 -0400] "GET /imu/disman/linie310036387 HTTP/1.1" 404 1251 "-" "Mozilla/5.0 AppleWebKit/537.36 (KHTML, like Gecko; compatible; bingbot/2.0; +http://www.bing.com/bingbot.htm) Chrome/116.0.1938.76 Safari/537.36"
15.235.171.173 - - [02/Sep/2025:20:45:40 -0400] "GET /?author=1 HTTP/1.1" 200 2334 "-" "Mozilla/5.0 (X11; Ubuntu; Linux i686; rv:28.0) Gecko/20100101 Firefox/28.0"
66.249.73.69 - - [02/Sep/2025:20:46:23 -0400] "GET /x362296090 HTTP/1.1" 404 1251 "-" "Mozilla/5.0 (Linux; Android 6.0.1; Nexus 5X Build/MMB29P) AppleWebKit/537.36 (KHTML, like Gecko) Chrome/138.0.7204.183 Mobile Safari/537.36 (compatible; Googlebot/2.1; +http://www.google.com/bot.html)"
66.249.73.68 - - [02/Sep/2025:20:46:23 -0400] "GET /ci/tunnelling370167610 HTTP/1.1" 404 1251 "-" "Mozilla/5.0 (Linux; Android 6.0.1; Nexus 5X Build/MMB29P) AppleWebKit/537.36 (KHTML, like Gecko) Chrome/138.0.7204.183 Mobile Safari/537.36 (compatible; Googlebot/2.1; +http://www.google.com/bot.html)"
52.167.144.20 - - [02/Sep/2025:20:47:24 -0400] "GET /wellwooded/tamms/septogloeum492559948 HTTP/1.1" 404 1251 "-" "Mozilla/5.0 AppleWebKit/537.36 (KHTML, like Gecko; compatible; bingbot/2.0; +http://www.bing.com/bingbot.htm) Chrome/116.0.1938.76 Safari/537.36"
40.77.167.25 - - [02/Sep/2025:20:47:40 -0400] "GET /souchie/twicecensured312983791 HTTP/1.1" 404 1251 "-" "Mozilla/5.0 AppleWebKit/537.36 (KHTML, like Gecko; compatible; bingbot/2.0; +http://www.bing.com/bingbot.htm) Chrome/116.0.1938.76 Safari/537.36"
40.77.167.60 - - [02/Sep/2025:20:48:33 -0400] "GET /dng/ HTTP/1.1" 404 1251 "-" "Mozilla/5.0 AppleWebKit/537.36 (KHTML, like Gecko; compatible; bingbot/2.0; +http://www.bing.com/bingbot.htm) Chrome/116.0.1938.76 Safari/537.36"
15.235.171.173 - - [02/Sep/2025:20:45:36 -0400] "GET /wp-json/wp/v2/users/1 HTTP/1.1" 404 1251 "-" "Mozilla/5.0 (X11; Ubuntu; Linux i686; rv:28.0) Gecko/20100101 Firefox/28.0"
15.235.171.173 - - [02/Sep/2025:20:45:48 -0400] "GET / HTTP/1.1" 200 2334 "-" "Mozilla/5.0 (X11; Ubuntu; Linux i686; rv:28.0) Gecko/20100101 Firefox/28.0"
66.249.73.70 - - [02/Sep/2025:20:47:33 -0400] "GET /warori404130307 HTTP/1.1" 404 1251 "-" "Mozilla/5.0 (Linux; Android 6.0.1; Nexus 5X Build/MMB29P) AppleWebKit/537.36 (KHTML, like Gecko) Chrome/138.0.7204.183 Mobile Safari/537.36 (compatible; Googlebot/2.1; +http://www.google.com/bot.html)"
52.167.144.56 - - [02/Sep/2025:20:50:26 -0400] "GET /robots.txt HTTP/1.1" 304 0 "-" "Mozilla/5.0 AppleWebKit/537.36 (KHTML, like Gecko; compatible; bingbot/2.0; +http://www.bing.com/bingbot.htm) Chrome/116.0.1938.76 Safari/537.36"
52.167.144.186 - - [02/Sep/2025:20:50:31 -0400] "GET /antisceptical/p/tungstenic/328112179 HTTP/1.1" 404 1251 "-" "Mozilla/5.0 AppleWebKit/537.36 (KHTML, like Gecko; compatible; bingbot/2.0; +http://www.bing.com/bingbot.htm) Chrome/116.0.1938.76 Safari/537.36"
66.249.73.65 - - [02/Sep/2025:20:51:42 -0400] "GET /em477947749 HTTP/1.1" 404 1251 "-" "Mozilla/5.0 (Linux; Android 6.0.1; Nexus 5X Build/MMB29P) AppleWebKit/537.36 (KHTML, like Gecko) Chrome/138.0.7204.183 Mobile Safari/537.36 (compatible; Googlebot/2.1; +http://www.google.com/bot.html)"
40.77.167.151 - - [02/Sep/2025:20:52:52 -0400] "GET /overplus/periplast/cv/393529384 HTTP/1.1" 404 1251 "-" "Mozilla/5.0 AppleWebKit/537.36 (KHTML, like Gecko; compatible; bingbot/2.0; +http://www.bing.com/bingbot.htm) Chrome/116.0.1938.76 Safari/537.36"
66.249.73.66 - - [02/Sep/2025:20:48:53 -0400] "GET /nek408660019 HTTP/1.1" 404 1251 "-" "Mozilla/5.0 (Linux; Android 6.0.1; Nexus 5X Build/MMB29P) AppleWebKit/537.36 (KHTML, like Gecko) Chrome/138.0.7204.183 Mobile Safari/537.36 (compatible; Googlebot/2.1; +http://www.google.com/bot.html)"
66.249.73.65 - - [02/Sep/2025:20:50:14 -0400] "GET /erinys455255167 HTTP/1.1" 404 1251 "-" "Mozilla/5.0 (Linux; Android 6.0.1; Nexus 5X Build/MMB29P) AppleWebKit/537.36 (KHTML, like Gecko) Chrome/138.0.7204.183 Mobile Safari/537.36 (compatible; Googlebot/2.1; +http://www.google.com/bot.html)"
40.77.167.17 - - [02/Sep/2025:20:51:15 -0400] "GET /billeter/tk/ceibo481351933 HTTP/1.1" 404 1251 "-" "Mozilla/5.0 AppleWebKit/537.36 (KHTML, like Gecko; compatible; bingbot/2.0; +http://www.bing.com/bingbot.htm) Chrome/116.0.1938.76 Safari/537.36"
66.249.73.65 - - [02/Sep/2025:20:51:43 -0400] "GET /q-~52i0wL57mCwCGoWIdu2EyZUGuROuuHlZ45400/ HTTP/1.1" 404 1251 "-" "Mozilla/5.0 (Linux; Android 6.0.1; Nexus 5X Build/MMB29P) AppleWebKit/537.36 (KHTML, like Gecko) Chrome/138.0.7204.183 Mobile Safari/537.36 (compatible; Googlebot/2.1; +http://www.google.com/bot.html)"
66.249.73.67 - - [02/Sep/2025:20:53:02 -0400] "GET /magnetite308850760 HTTP/1.1" 404 1251 "-" "Mozilla/5.0 (Linux; Android 6.0.1; Nexus 5X Build/MMB29P) AppleWebKit/537.36 (KHTML, like Gecko) Chrome/138.0.7204.183 Mobile Safari/537.36 (compatible; Googlebot/2.1; +http://www.google.com/bot.html)"
204.12.252.98 - - [02/Sep/2025:20:53:31 -0400] "GET /wp-content/brf532c6/edit.php HTTP/1.1" 404 1251 "https://surewordglobalimpactministry.org/wp-content/brf532c6/edit.php" "Mozilla/5.0 (Windows NT 10.0; Win64; x64) AppleWebKit/537.36 (KHTML, like Gecko) Chrome/58.0.3029.110 Safari/537.3"
52.167.144.186 - - [02/Sep/2025:20:54:12 -0400] "GET /mds/debutante467668750 HTTP/1.1" 404 1251 "-" "Mozilla/5.0 AppleWebKit/537.36 (KHTML, like Gecko; compatible; bingbot/2.0; +http://www.bing.com/bingbot.htm) Chrome/116.0.1938.76 Safari/537.36"
40.77.167.20 - - [02/Sep/2025:20:54:14 -0400] "GET /warratau/voiders457645142 HTTP/1.1" 404 1251 "-" "Mozilla/5.0 AppleWebKit/537.36 (KHTML, like Gecko; compatible; bingbot/2.0; +http://www.bing.com/bingbot.htm) Chrome/116.0.1938.76 Safari/537.36"
66.249.73.67 - - [02/Sep/2025:20:54:51 -0400] "GET /k426282412 HTTP/1.1" 404 1251 "-" "Mozilla/5.0 (Linux; Android 6.0.1; Nexus 5X Build/MMB29P) AppleWebKit/537.36 (KHTML, like Gecko) Chrome/138.0.7204.183 Mobile Safari/537.36 (compatible; Googlebot/2.1; +http://www.google.com/bot.html)"
40.113.8.22 - - [02/Sep/2025:20:54:54 -0400] "GET /aa.php HTTP/1.1" 404 1251 "-" "-"
40.113.8.22 - - [02/Sep/2025:20:54:54 -0400] "GET /about.php HTTP/1.1" 404 1251 "-" "-"
40.113.8.22 - - [02/Sep/2025:20:54:54 -0400] "GET /admin.php HTTP/1.1" 200 1477 "-" "-"
40.113.8.22 - - [02/Sep/2025:20:54:54 -0400] "GET /akc.php HTTP/1.1" 404 1251 "-" "-"
40.113.8.22 - - [02/Sep/2025:20:54:55 -0400] "GET /alfa.php HTTP/1.1" 404 1251 "-" "-"
40.113.8.22 - - [02/Sep/2025:20:54:55 -0400] "GET /atomlib.php HTTP/1.1" 404 1251 "-" "-"
40.113.8.22 - - [02/Sep/2025:20:54:55 -0400] "GET /autoload_classmap.php HTTP/1.1" 404 1251 "-" "-"
40.113.8.22 - - [02/Sep/2025:20:54:56 -0400] "GET /classwithtostring.php HTTP/1.1" 404 1251 "-" "-"
40.113.8.22 - - [02/Sep/2025:20:54:56 -0400] "GET /cong.php HTTP/1.1" 404 1251 "-" "-"
40.113.8.22 - - [02/Sep/2025:20:54:56 -0400] "GET /file.php HTTP/1.1" 404 1251 "-" "-"
40.113.8.22 - - [02/Sep/2025:20:54:56 -0400] "GET /file2.php HTTP/1.1" 404 1251 "-" "-"
40.113.8.22 - - [02/Sep/2025:20:54:56 -0400] "GET /flower.php HTTP/1.1" 404 1251 "-" "-"
40.113.8.22 - - [02/Sep/2025:20:54:57 -0400] "GET /ioxi-o.php HTTP/1.1" 404 1251 "-" "-"
40.113.8.22 - - [02/Sep/2025:20:54:57 -0400] "GET /lock360.php HTTP/1.1" 404 1251 "-" "-"
40.113.8.22 - - [02/Sep/2025:20:54:58 -0400] "GET /mm.php HTTP/1.1" 404 1251 "-" "-"
40.113.8.22 - - [02/Sep/2025:20:54:58 -0400] "GET /tinyfilemanager.php HTTP/1.1" 404 1251 "-" "-"
40.113.8.22 - - [02/Sep/2025:20:54:58 -0400] "GET /w.php HTTP/1.1" 404 1251 "-" "-"
68.65.122.155 - - [02/Sep/2025:20:54:59 -0400] "POST /wp-cron.php?doing_wp_cron=1756860899.0990860462188720703125 HTTP/1.1" 403 1242 "-" "WordPress/6.8.2; https://surewordglobalimpactministry.org"
40.113.8.22 - - [02/Sep/2025:20:54:58 -0400] "GET /wp-admin/ HTTP/1.1" 302 0 "-" "-"
40.113.8.22 - - [02/Sep/2025:20:54:59 -0400] "GET /wp-admin/images/moon.php HTTP/1.1" 404 1251 "-" "-"
40.113.8.22 - - [02/Sep/2025:20:55:00 -0400] "GET /wp-admin/js/index.php HTTP/1.1" 404 1251 "-" "-"
40.113.8.22 - - [02/Sep/2025:20:55:00 -0400] "GET /wp-admin/setup-config.php HTTP/1.1" 403 1242 "-" "-"
40.113.8.22 - - [02/Sep/2025:20:55:00 -0400] "GET /wp-api.php HTTP/1.1" 404 1251 "-" "-"
40.113.8.22 - - [02/Sep/2025:20:55:00 -0400] "GET /wp-content/index.php HTTP/1.1" 200 0 "-" "-"
40.113.8.22 - - [02/Sep/2025:20:55:01 -0400] "GET /wp-includes/fonts/index.php HTTP/1.1" 404 1251 "-" "-"
40.113.8.22 - - [02/Sep/2025:20:55:01 -0400] "GET /wsa.php HTTP/1.1" 404 1251 "-" "-"
66.249.73.67 - - [02/Sep/2025:20:55:46 -0400] "GET /lipochondroma377768581 HTTP/1.1" 404 1251 "-" "Mozilla/5.0 (Linux; Android 6.0.1; Nexus 5X Build/MMB29P) AppleWebKit/537.36 (KHTML, like Gecko) Chrome/138.0.7204.183 Mobile Safari/537.36 (compatible; Googlebot/2.1; +http://www.google.com/bot.html)"
40.77.167.151 - - [02/Sep/2025:20:54:31 -0400] "GET /carinated/quoniam330925145 HTTP/1.1" 404 1251 "-" "Mozilla/5.0 AppleWebKit/537.36 (KHTML, like Gecko; compatible; bingbot/2.0; +http://www.bing.com/bingbot.htm) Chrome/116.0.1938.76 Safari/537.36"
66.249.73.67 - - [02/Sep/2025:20:54:51 -0400] "GET /m025013784?srsltid=AfmBOoSluSIYTCgHOoHOqj_WIKF80qLx7_XaZICpnu-O-StZCYe9Fg HTTP/1.1" 404 1251 "-" "Mozilla/5.0 (Linux; Android 6.0.1; Nexus 5X Build/MMB29P) AppleWebKit/537.36 (KHTML, like Gecko) Chrome/138.0.7204.183 Mobile Safari/537.36 (compatible; Googlebot/2.1; +http://www.google.com/bot.html)"
40.113.8.22 - - [02/Sep/2025:20:54:55 -0400] "GET /asasx.php HTTP/1.1" 404 1251 "-" "-"
40.113.8.22 - - [02/Sep/2025:20:54:55 -0400] "GET /autoload_classmap/function.php HTTP/1.1" 404 1251 "-" "-"
40.113.8.22 - - [02/Sep/2025:20:54:55 -0400] "GET /buy.php HTTP/1.1" 404 1251 "-" "-"
40.113.8.22 - - [02/Sep/2025:20:54:55 -0400] "GET /chosen.php HTTP/1.1" 404 1251 "-" "-"
40.113.8.22 - - [02/Sep/2025:20:54:56 -0400] "GET /edit.php HTTP/1.1" 404 1251 "-" "-"
40.113.8.22 - - [02/Sep/2025:20:54:57 -0400] "GET /gecko.php HTTP/1.1" 404 1251 "-" "-"
40.113.8.22 - - [02/Sep/2025:20:54:57 -0400] "GET /goat.php HTTP/1.1" 404 1251 "-" "-"
40.113.8.22 - - [02/Sep/2025:20:54:57 -0400] "GET /goods.php HTTP/1.1" 404 1251 "-" "-"
40.113.8.22 - - [02/Sep/2025:20:54:57 -0400] "GET /makeasmtp.php HTTP/1.1" 404 1251 "-" "-"
40.113.8.22 - - [02/Sep/2025:20:54:58 -0400] "GET /nc4.php HTTP/1.1" 404 1251 "-" "-"
40.113.8.22 - - [02/Sep/2025:20:54:58 -0400] "GET /users.php HTTP/1.1" 404 1251 "-" "-"
40.113.8.22 - - [02/Sep/2025:20:54:59 -0400] "GET /wp-login.php?redirect_to=https%3A%2F%2Fsurewordglobalimpactministry.org%2Fwp-admin%2F&reauth=1 HTTP/1.1" 200 1711 "-" "-"
40.113.8.22 - - [02/Sep/2025:20:54:59 -0400] "GET /wp-admin/css/colors/blue/index.php HTTP/1.1" 404 1251 "-" "-"
40.113.8.22 - - [02/Sep/2025:20:55:00 -0400] "GET /wp-content/wp-conflg.php HTTP/1.1" 404 1251 "-" "-"
40.113.8.22 - - [02/Sep/2025:20:55:00 -0400] "GET /wp-includes/IXR/autoload_classmap.php HTTP/1.1" 404 1251 "-" "-"
40.113.8.22 - - [02/Sep/2025:20:55:01 -0400] "GET /wp-includes/fonts/admin.php HTTP/1.1" 404 1251 "-" "-"
40.113.8.22 - - [02/Sep/2025:20:55:01 -0400] "GET /wp-setup.php HTTP/1.1" 404 1251 "-" "-"
40.113.8.22 - - [02/Sep/2025:20:55:01 -0400] "GET /wp.php HTTP/1.1" 404 1251 "-" "-"
40.77.167.20 - - [02/Sep/2025:20:56:04 -0400] "GET /zhg/diastatic317059479 HTTP/1.1" 404 1251 "-" "Mozilla/5.0 AppleWebKit/537.36 (KHTML, like Gecko; compatible; bingbot/2.0; +http://www.bing.com/bingbot.htm) Chrome/116.0.1938.76 Safari/537.36"
66.249.73.66 - - [02/Sep/2025:20:58:29 -0400] "GET /strepitation420146587 HTTP/1.1" 404 1251 "-" "Mozilla/5.0 (Linux; Android 6.0.1; Nexus 5X Build/MMB29P) AppleWebKit/537.36 (KHTML, like Gecko) Chrome/138.0.7204.183 Mobile Safari/537.36 (compatible; Googlebot/2.1; +http://www.google.com/bot.html)"
40.77.167.151 - - [02/Sep/2025:20:59:23 -0400] "GET /stoory/lividness443292513 HTTP/1.1" 404 1251 "-" "Mozilla/5.0 AppleWebKit/537.36 (KHTML, like Gecko; compatible; bingbot/2.0; +http://www.bing.com/bingbot.htm) Chrome/116.0.1938.76 Safari/537.36"
66.249.73.67 - - [02/Sep/2025:20:59:24 -0400] "GET /predicament/467220250 HTTP/1.1" 404 1251 "-" "Mozilla/5.0 (Linux; Android 6.0.1; Nexus 5X Build/MMB29P) AppleWebKit/537.36 (KHTML, like Gecko) Chrome/138.0.7204.183 Mobile Safari/537.36 (compatible; Googlebot/2.1; +http://www.google.com/bot.html)"
66.249.73.66 - - [02/Sep/2025:21:00:19 -0400] "GET /content.php?t=33482435395 HTTP/1.1" 404 1251 "-" "Mozilla/5.0 (Linux; Android 6.0.1; Nexus 5X Build/MMB29P) AppleWebKit/537.36 (KHTML, like Gecko) Chrome/138.0.7204.183 Mobile Safari/537.36 (compatible; Googlebot/2.1; +http://www.google.com/bot.html)"
52.167.144.232 - - [02/Sep/2025:21:01:46 -0400] "GET /musicography/boucherism/i445612831 HTTP/1.1" 404 1251 "-" "Mozilla/5.0 AppleWebKit/537.36 (KHTML, like Gecko; compatible; bingbot/2.0; +http://www.bing.com/bingbot.htm) Chrome/116.0.1938.76 Safari/537.36"
52.167.144.232 - - [02/Sep/2025:20:56:58 -0400] "GET /tangos/b333767745 HTTP/1.1" 404 1251 "-" "Mozilla/5.0 AppleWebKit/537.36 (KHTML, like Gecko; compatible; bingbot/2.0; +http://www.bing.com/bingbot.htm) Chrome/116.0.1938.76 Safari/537.36"
66.249.73.65 - - [02/Sep/2025:20:57:35 -0400] "GET /ocy312738910 HTTP/1.1" 404 1251 "-" "Mozilla/5.0 (Linux; Android 6.0.1; Nexus 5X Build/MMB29P) AppleWebKit/537.36 (KHTML, like Gecko) Chrome/138.0.7204.183 Mobile Safari/537.36 (compatible; Googlebot/2.1; +http://www.google.com/bot.html)"
66.249.73.66 - - [02/Sep/2025:20:58:29 -0400] "GET /circar411125320 HTTP/1.1" 404 1251 "-" "Mozilla/5.0 (Linux; Android 6.0.1; Nexus 5X Build/MMB29P) AppleWebKit/537.36 (KHTML, like Gecko) Chrome/138.0.7204.183 Mobile Safari/537.36 (compatible; Googlebot/2.1; +http://www.google.com/bot.html)"
194.141.86.36 - - [02/Sep/2025:20:58:41 -0400] "GET /blog-verify HTTP/1.1" 404 1251 "-" "Mozilla/5.0 (Windows NT 10.0; Win64; x64) AppleWebKit/537.36 (KHTML, like Gecko) Chrome/127.0.0.0 Safari/537.36"
66.249.73.66 - - [02/Sep/2025:21:00:19 -0400] "GET /rudesby449262172 HTTP/1.1" 404 1251 "-" "Mozilla/5.0 (Linux; Android 6.0.1; Nexus 5X Build/MMB29P) AppleWebKit/537.36 (KHTML, like Gecko) Chrome/138.0.7204.183 Mobile Safari/537.36 (compatible; Googlebot/2.1; +http://www.google.com/bot.html)"
66.249.73.65 - - [02/Sep/2025:21:01:14 -0400] "GET /seashells468485572 HTTP/1.1" 404 1251 "-" "Mozilla/5.0 (Linux; Android 6.0.1; Nexus 5X Build/MMB29P) AppleWebKit/537.36 (KHTML, like Gecko) Chrome/138.0.7204.183 Mobile Safari/537.36 (compatible; Googlebot/2.1; +http://www.google.com/bot.html)"
40.77.167.152 - - [02/Sep/2025:21:01:14 -0400] "GET /armbrust/zb423986562 HTTP/1.1" 404 1251 "-" "Mozilla/5.0 AppleWebKit/537.36 (KHTML, like Gecko; compatible; bingbot/2.0; +http://www.bing.com/bingbot.htm) Chrome/116.0.1938.76 Safari/537.36"
2001:41d0:303:34e2::1 - - [02/Sep/2025:21:03:46 -0400] "GET /robots.txt HTTP/1.1" 304 0 "-" "Mozilla/5.0 (compatible; MJ12bot/v1.4.8; http://mj12bot.com/)"
2001:41d0:303:34e2::1 - - [02/Sep/2025:21:03:48 -0400] "GET /107b04/?path=/etc&edit=at.deny HTTP/1.1" 200 1716 "-" "Mozilla/5.0 (compatible; MJ12bot/v1.4.8; http://mj12bot.com/)"
40.77.167.5 - - [02/Sep/2025:21:03:51 -0400] "GET /sealy/hydrographer/kekulmula360007291 HTTP/1.1" 404 1251 "-" "Mozilla/5.0 AppleWebKit/537.36 (KHTML, like Gecko; compatible; bingbot/2.0; +http://www.bing.com/bingbot.htm) Chrome/116.0.1938.76 Safari/537.36"
