68.65.122.155 - - [02/Sep/2025:21:32:06 -0400] "POST /wp-cron.php?doing_wp_cron=1756863126.0579259395599365234375 HTTP/1.1" 403 1242 "-" "WordPress/6.8.2; https://surewordglobalimpactministry.org"
52.169.141.253 - - [02/Sep/2025:21:32:07 -0400] "GET /wp-login.php?redirect_to=https%3A%2F%2Fsurewordglobalimpactministry.org%2Fwp-admin%2F&reauth=1 HTTP/1.1" 200 1711 "-" "-"
52.169.141.253 - - [02/Sep/2025:21:32:07 -0400] "GET /wp-admin/images/moon.php HTTP/1.1" 404 1251 "-" "-"
52.169.141.253 - - [02/Sep/2025:21:32:08 -0400] "GET /wp-admin/js/index.php HTTP/1.1" 404 1251 "-" "-"
52.169.141.253 - - [02/Sep/2025:21:32:08 -0400] "GET /wp-includes/IXR/autoload_classmap.php HTTP/1.1" 404 1251 "-" "-"
52.169.141.253 - - [02/Sep/2025:21:32:09 -0400] "GET /wp-includes/fonts/admin.php HTTP/1.1" 404 1251 "-" "-"
52.169.141.253 - - [02/Sep/2025:21:32:09 -0400] "GET /wp-includes/fonts/index.php HTTP/1.1" 404 1251 "-" "-"
52.169.141.253 - - [02/Sep/2025:21:32:09 -0400] "GET /wsa.php HTTP/1.1" 404 1251 "-" "-"
66.249.73.68 - - [02/Sep/2025:21:30:21 -0400] "GET /m192025047?srsltid=AfmBOoDVDYZylkMc11xEay_Nsp31II1wl_1pPgqqgb-N-fk44krDMi HTTP/1.1" 404 1251 "-" "Mozilla/5.0 (Linux; Android 6.0.1; Nexus 5X Build/MMB29P) AppleWebKit/537.36 (KHTML, like Gecko) Chrome/138.0.7204.183 Mobile Safari/537.36 (compatible; Googlebot/2.1; +http://www.google.com/bot.html)"
52.169.141.253 - - [02/Sep/2025:21:32:00 -0400] "GET /file.php HTTP/1.1" 404 1251 "-" "-"
52.169.141.253 - - [02/Sep/2025:21:32:01 -0400] "GET /aa.php HTTP/1.1" 404 1251 "-" "-"
52.169.141.253 - - [02/Sep/2025:21:32:01 -0400] "GET /admin.php HTTP/1.1" 200 1477 "-" "-"
52.169.141.253 - - [02/Sep/2025:21:32:02 -0400] "GET /alfa.php HTTP/1.1" 404 1251 "-" "-"
52.169.141.253 - - [02/Sep/2025:21:32:02 -0400] "GET /asasx.php HTTP/1.1" 404 1251 "-" "-"
52.169.141.253 - - [02/Sep/2025:21:32:02 -0400] "GET /buy.php HTTP/1.1" 404 1251 "-" "-"
52.169.141.253 - - [02/Sep/2025:21:32:03 -0400] "GET /edit.php HTTP/1.1" 404 1251 "-" "-"
52.169.141.253 - - [02/Sep/2025:21:32:03 -0400] "GET /flower.php HTTP/1.1" 404 1251 "-" "-"
52.169.141.253 - - [02/Sep/2025:21:32:04 -0400] "GET /goods.php HTTP/1.1" 404 1251 "-" "-"
52.169.141.253 - - [02/Sep/2025:21:32:04 -0400] "GET /ioxi-o.php HTTP/1.1" 404 1251 "-" "-"
52.169.141.253 - - [02/Sep/2025:21:32:04 -0400] "GET /lock360.php HTTP/1.1" 404 1251 "-" "-"
52.169.141.253 - - [02/Sep/2025:21:32:05 -0400] "GET /nc4.php HTTP/1.1" 404 1251 "-" "-"
52.169.141.253 - - [02/Sep/2025:21:32:05 -0400] "GET /users.php HTTP/1.1" 404 1251 "-" "-"
52.169.141.253 - - [02/Sep/2025:21:32:05 -0400] "GET /wp-admin/ HTTP/1.1" 302 0 "-" "-"
52.169.141.253 - - [02/Sep/2025:21:32:07 -0400] "GET /wp-admin/css/colors/blue/index.php HTTP/1.1" 404 1251 "-" "-"
52.169.141.253 - - [02/Sep/2025:21:32:08 -0400] "GET /wp-admin/setup-config.php HTTP/1.1" 403 1242 "-" "-"
52.169.141.253 - - [02/Sep/2025:21:32:08 -0400] "GET /wp-api.php HTTP/1.1" 404 1251 "-" "-"
52.169.141.253 - - [02/Sep/2025:21:32:08 -0400] "GET /wp-content/index.php HTTP/1.1" 200 0 "-" "-"
52.169.141.253 - - [02/Sep/2025:21:32:08 -0400] "GET /wp-content/wp-conflg.php HTTP/1.1" 404 1251 "-" "-"
52.169.141.253 - - [02/Sep/2025:21:32:09 -0400] "GET /wp-setup.php HTTP/1.1" 404 1251 "-" "-"
52.169.141.253 - - [02/Sep/2025:21:32:09 -0400] "GET /wp.php HTTP/1.1" 404 1251 "-" "-"
40.77.167.35 - - [02/Sep/2025:21:33:05 -0400] "GET /ggr/jxb/comburendo390560560 HTTP/1.1" 404 1251 "-" "Mozilla/5.0 AppleWebKit/537.36 (KHTML, like Gecko; compatible; bingbot/2.0; +http://www.bing.com/bingbot.htm) Chrome/116.0.1938.76 Safari/537.36"
66.249.73.70 - - [02/Sep/2025:21:33:05 -0400] "GET /q-~280o4Kgm5iHqfqtpq34C7aGjAKn3u7LGR4748/ HTTP/1.1" 404 1251 "-" "Mozilla/5.0 (Linux; Android 6.0.1; Nexus 5X Build/MMB29P) AppleWebKit/537.36 (KHTML, like Gecko) Chrome/138.0.7204.183 Mobile Safari/537.36 (compatible; Googlebot/2.1; +http://www.google.com/bot.html)"
66.249.73.70 - - [02/Sep/2025:21:33:05 -0400] "GET /comment.php?m=85468120332 HTTP/1.1" 404 1251 "-" "Mozilla/5.0 (Linux; Android 6.0.1; Nexus 5X Build/MMB29P) AppleWebKit/537.36 (KHTML, like Gecko) Chrome/138.0.7204.183 Mobile Safari/537.36 (compatible; Googlebot/2.1; +http://www.google.com/bot.html)"
66.249.73.68 - - [02/Sep/2025:21:33:05 -0400] "GET /comment.php?m=67958595840 HTTP/1.1" 404 1251 "-" "Mozilla/5.0 (Linux; Android 6.0.1; Nexus 5X Build/MMB29P) AppleWebKit/537.36 (KHTML, like Gecko) Chrome/138.0.7204.183 Mobile Safari/537.36 (compatible; Googlebot/2.1; +http://www.google.com/bot.html)"
66.249.73.66 - - [02/Sep/2025:21:34:54 -0400] "GET /grubstreet401174278 HTTP/1.1" 404 1251 "-" "Mozilla/5.0 (Linux; Android 6.0.1; Nexus 5X Build/MMB29P) AppleWebKit/537.36 (KHTML, like Gecko) Chrome/138.0.7204.183 Mobile Safari/537.36 (compatible; Googlebot/2.1; +http://www.google.com/bot.html)"
66.249.73.67 - - [02/Sep/2025:21:35:49 -0400] "GET /cheerleaders322952014 HTTP/1.1" 404 1251 "-" "Mozilla/5.0 (Linux; Android 6.0.1; Nexus 5X Build/MMB29P) AppleWebKit/537.36 (KHTML, like Gecko) Chrome/138.0.7204.183 Mobile Safari/537.36 (compatible; Googlebot/2.1; +http://www.google.com/bot.html)"
66.249.73.69 - - [02/Sep/2025:21:45:04 -0400] "GET /tx/j459684346 HTTP/1.1" 404 1251 "-" "Mozilla/5.0 (Linux; Android 6.0.1; Nexus 5X Build/MMB29P) AppleWebKit/537.36 (KHTML, like Gecko) Chrome/138.0.7204.183 Mobile Safari/537.36 (compatible; Googlebot/2.1; +http://www.google.com/bot.html)"
52.167.144.199 - - [02/Sep/2025:21:44:31 -0400] "GET /ptk/466771267 HTTP/1.1" 404 1251 "-" "Mozilla/5.0 AppleWebKit/537.36 (KHTML, like Gecko; compatible; bingbot/2.0; +http://www.bing.com/bingbot.htm) Chrome/116.0.1938.76 Safari/537.36"
66.249.73.68 - - [02/Sep/2025:21:32:10 -0400] "GET /raymond360425707 HTTP/1.1" 404 1251 "-" "Mozilla/5.0 (Linux; Android 6.0.1; Nexus 5X Build/MMB29P) AppleWebKit/537.36 (KHTML, like Gecko) Chrome/138.0.7204.183 Mobile Safari/537.36 (compatible; Googlebot/2.1; +http://www.google.com/bot.html)"
40.77.167.32 - - [02/Sep/2025:21:32:48 -0400] "GET /chamberwoman/xenomaniac/nxz464099918 HTTP/1.1" 404 1251 "-" "Mozilla/5.0 AppleWebKit/537.36 (KHTML, like Gecko; compatible; bingbot/2.0; +http://www.bing.com/bingbot.htm) Chrome/116.0.1938.76 Safari/537.36"
66.249.73.68 - - [02/Sep/2025:21:33:05 -0400] "GET /catechizes384485593 HTTP/1.1" 404 1251 "-" "Mozilla/5.0 (Linux; Android 6.0.1; Nexus 5X Build/MMB29P) AppleWebKit/537.36 (KHTML, like Gecko) Chrome/138.0.7204.183 Mobile Safari/537.36 (compatible; Googlebot/2.1; +http://www.google.com/bot.html)"
66.249.73.66 - - [02/Sep/2025:21:37:38 -0400] "GET /grh420255331 HTTP/1.1" 404 1251 "-" "Mozilla/5.0 (Linux; Android 6.0.1; Nexus 5X Build/MMB29P) AppleWebKit/537.36 (KHTML, like Gecko) Chrome/138.0.7204.183 Mobile Safari/537.36 (compatible; Googlebot/2.1; +http://www.google.com/bot.html)"
2a03:2880:f800:24:: - - [02/Sep/2025:21:38:08 -0400] "GET /sitemap-1.xml HTTP/1.1" 404 1251 "-" "meta-externalagent/1.1 (+https://developers.facebook.com/docs/sharing/webmasters/crawler)"
66.249.73.66 - - [02/Sep/2025:21:38:33 -0400] "GET /h456578863 HTTP/1.1" 404 1251 "-" "Mozilla/5.0 (Linux; Android 6.0.1; Nexus 5X Build/MMB29P) AppleWebKit/537.36 (KHTML, like Gecko) Chrome/138.0.7204.183 Mobile Safari/537.36 (compatible; Googlebot/2.1; +http://www.google.com/bot.html)"
51.210.112.19 - - [02/Sep/2025:21:39:29 -0400] "GET / HTTP/1.1" 200 2334 "https://surewordglobalimpactministry.org/" "Mozilla/5.0 (Windows NT 10.0; Win64; x64) AppleWebKit/537.36 (KHTML, like Gecko) Chrome/130.0.0.0 Safari/537.36 CCleaner/130.0.0.0"
66.249.73.69 - - [02/Sep/2025:21:40:22 -0400] "GET /effulged504381649 HTTP/1.1" 404 1251 "-" "Mozilla/5.0 (Linux; Android 6.0.1; Nexus 5X Build/MMB29P) AppleWebKit/537.36 (KHTML, like Gecko) Chrome/138.0.7204.183 Mobile Safari/537.36 (compatible; Googlebot/2.1; +http://www.google.com/bot.html)"
52.167.144.19 - - [02/Sep/2025:21:42:07 -0400] "GET /cerambycid/unfretting/364941067 HTTP/1.1" 404 1251 "-" "Mozilla/5.0 AppleWebKit/537.36 (KHTML, like Gecko; compatible; bingbot/2.0; +http://www.bing.com/bingbot.htm) Chrome/116.0.1938.76 Safari/537.36"
66.249.73.69 - - [02/Sep/2025:21:42:21 -0400] "GET /m284039899?srsltid=AfmBOobhGdBwagnchxqwoF_RCurqtukpN_CzlXLzVB-F-sQPt0Nh8R HTTP/1.1" 404 1251 "-" "Mozilla/5.0 (Linux; Android 6.0.1; Nexus 5X Build/MMB29P) AppleWebKit/537.36 (KHTML, like Gecko) Chrome/138.0.7204.183 Mobile Safari/537.36 (compatible; Googlebot/2.1; +http://www.google.com/bot.html)"
52.167.144.167 - - [02/Sep/2025:21:42:51 -0400] "GET /disembogue/ljq/fusels354676972 HTTP/1.1" 404 1251 "-" "Mozilla/5.0 AppleWebKit/537.36 (KHTML, like Gecko; compatible; bingbot/2.0; +http://www.bing.com/bingbot.htm) Chrome/116.0.1938.76 Safari/537.36"
66.249.73.70 - - [02/Sep/2025:21:43:15 -0400] "GET /ets/t346497367 HTTP/1.1" 404 1251 "-" "Mozilla/5.0 (Linux; Android 6.0.1; Nexus 5X Build/MMB29P) AppleWebKit/537.36 (KHTML, like Gecko) Chrome/138.0.7204.183 Mobile Safari/537.36 (compatible; Googlebot/2.1; +http://www.google.com/bot.html)"
66.249.73.69 - - [02/Sep/2025:21:44:10 -0400] "GET /uy/overlaud333547033 HTTP/1.1" 404 1251 "-" "Mozilla/5.0 (Linux; Android 6.0.1; Nexus 5X Build/MMB29P) AppleWebKit/537.36 (KHTML, like Gecko) Chrome/138.0.7204.183 Mobile Safari/537.36 (compatible; Googlebot/2.1; +http://www.google.com/bot.html)"
52.167.144.197 - - [02/Sep/2025:21:36:18 -0400] "GET /moseley/d335140184 HTTP/1.1" 404 1251 "-" "Mozilla/5.0 AppleWebKit/537.36 (KHTML, like Gecko; compatible; bingbot/2.0; +http://www.bing.com/bingbot.htm) Chrome/116.0.1938.76 Safari/537.36"
2a03:2880:f800:: - - [02/Sep/2025:21:36:56 -0400] "GET /sitemap-3.xml HTTP/1.1" 404 1251 "-" "meta-externalagent/1.1 (+https://developers.facebook.com/docs/sharing/webmasters/crawler)"
52.167.144.196 - - [02/Sep/2025:21:36:58 -0400] "GET /tkl/caddisfly410328163 HTTP/1.1" 404 1251 "-" "Mozilla/5.0 AppleWebKit/537.36 (KHTML, like Gecko; compatible; bingbot/2.0; +http://www.bing.com/bingbot.htm) Chrome/116.0.1938.76 Safari/537.36"
2a03:2880:f800:35:: - - [02/Sep/2025:21:37:10 -0400] "GET /sitemap-4.xml HTTP/1.1" 404 1251 "-" "meta-externalagent/1.1 (+https://developers.facebook.com/docs/sharing/webmasters/crawler)"
52.167.144.19 - - [02/Sep/2025:21:38:27 -0400] "GET /ttp/plasmaphaeresis/310723972 HTTP/1.1" 404 1251 "-" "Mozilla/5.0 AppleWebKit/537.36 (KHTML, like Gecko; compatible; bingbot/2.0; +http://www.bing.com/bingbot.htm) Chrome/116.0.1938.76 Safari/537.36"
66.249.73.69 - - [02/Sep/2025:21:41:17 -0400] "GET /he385516039 HTTP/1.1" 404 1251 "-" "Mozilla/5.0 (Linux; Android 6.0.1; Nexus 5X Build/MMB29P) AppleWebKit/537.36 (KHTML, like Gecko) Chrome/138.0.7204.183 Mobile Safari/537.36 (compatible; Googlebot/2.1; +http://www.google.com/bot.html)"
66.249.73.69 - - [02/Sep/2025:21:43:15 -0400] "GET /myersville/unformalised400091047 HTTP/1.1" 404 1251 "-" "Mozilla/5.0 (Linux; Android 6.0.1; Nexus 5X Build/MMB29P) AppleWebKit/537.36 (KHTML, like Gecko) Chrome/138.0.7204.183 Mobile Safari/537.36 (compatible; Googlebot/2.1; +http://www.google.com/bot.html)"
66.249.73.65 - - [02/Sep/2025:21:46:54 -0400] "GET /m184013137?srsltid=AfmBOomehfEaJsiUYzzSbF_ggC6ho1txL_ZcRQH17k-B-mlFGUfbTq HTTP/1.1" 404 1251 "-" "Mozilla/5.0 (Linux; Android 6.0.1; Nexus 5X Build/MMB29P) AppleWebKit/537.36 (KHTML, like Gecko) Chrome/138.0.7204.183 Mobile Safari/537.36 (compatible; Googlebot/2.1; +http://www.google.com/bot.html)"
40.77.167.143 - - [02/Sep/2025:21:47:09 -0400] "GET /moorlipped/aut372664237 HTTP/1.1" 404 1251 "-" "Mozilla/5.0 AppleWebKit/537.36 (KHTML, like Gecko; compatible; bingbot/2.0; +http://www.bing.com/bingbot.htm) Chrome/116.0.1938.76 Safari/537.36"
66.249.73.65 - - [02/Sep/2025:21:47:48 -0400] "GET /nairobi481998187 HTTP/1.1" 404 1251 "-" "Mozilla/5.0 (Linux; Android 6.0.1; Nexus 5X Build/MMB29P) AppleWebKit/537.36 (KHTML, like Gecko) Chrome/138.0.7204.183 Mobile Safari/537.36 (compatible; Googlebot/2.1; +http://www.google.com/bot.html)"
52.167.144.199 - - [02/Sep/2025:21:48:40 -0400] "GET /ovopyriform/ry414459538 HTTP/1.1" 404 1251 "-" "Mozilla/5.0 AppleWebKit/537.36 (KHTML, like Gecko; compatible; bingbot/2.0; +http://www.bing.com/bingbot.htm) Chrome/116.0.1938.76 Safari/537.36"
40.77.167.143 - - [02/Sep/2025:21:49:19 -0400] "GET /argilloarenaceous/ HTTP/1.1" 404 1251 "-" "Mozilla/5.0 AppleWebKit/537.36 (KHTML, like Gecko; compatible; bingbot/2.0; +http://www.bing.com/bingbot.htm) Chrome/116.0.1938.76 Safari/537.36"
52.167.144.180 - - [02/Sep/2025:21:49:57 -0400] "GET /henandchickens/gasaliers335326612 HTTP/1.1" 404 1251 "-" "Mozilla/5.0 AppleWebKit/537.36 (KHTML, like Gecko; compatible; bingbot/2.0; +http://www.bing.com/bingbot.htm) Chrome/116.0.1938.76 Safari/537.36"
204.12.252.98 - - [02/Sep/2025:21:50:27 -0400] "GET /wp-content/brf532c6/edit.php HTTP/1.1" 404 1251 "https://surewordglobalimpactministry.org/wp-content/brf532c6/edit.php" "Mozilla/5.0 (Windows NT 10.0; Win64; x64) AppleWebKit/537.36 (KHTML, like Gecko) Chrome/58.0.3029.110 Safari/537.3"
52.167.144.19 - - [02/Sep/2025:21:50:31 -0400] "GET /charlesworth/cs326376741 HTTP/1.1" 404 1251 "-" "Mozilla/5.0 AppleWebKit/537.36 (KHTML, like Gecko; compatible; bingbot/2.0; +http://www.bing.com/bingbot.htm) Chrome/116.0.1938.76 Safari/537.36"
66.249.65.102 - - [02/Sep/2025:21:50:31 -0400] "GET /robots.txt HTTP/1.1" 304 0 "-" "Mozilla/5.0 (compatible; Googlebot/2.1; +http://www.google.com/bot.html)"
40.77.167.143 - - [02/Sep/2025:21:52:18 -0400] "GET /tritriacontane/sermons418727395 HTTP/1.1" 404 1251 "-" "Mozilla/5.0 AppleWebKit/537.36 (KHTML, like Gecko; compatible; bingbot/2.0; +http://www.bing.com/bingbot.htm) Chrome/116.0.1938.76 Safari/537.36"
66.249.73.67 - - [02/Sep/2025:21:52:20 -0400] "GET /wbe307505881 HTTP/1.1" 404 1251 "-" "Mozilla/5.0 (Linux; Android 6.0.1; Nexus 5X Build/MMB29P) AppleWebKit/537.36 (KHTML, like Gecko) Chrome/138.0.7204.183 Mobile Safari/537.36 (compatible; Googlebot/2.1; +http://www.google.com/bot.html)"
66.249.73.67 - - [02/Sep/2025:21:53:15 -0400] "GET /q-~141BEFaoq3rjll8JIlAlZW5sSgKZGIJTZ12815/ HTTP/1.1" 404 1251 "-" "Mozilla/5.0 (Linux; Android 6.0.1; Nexus 5X Build/MMB29P) AppleWebKit/537.36 (KHTML, like Gecko) Chrome/138.0.7204.183 Mobile Safari/537.36 (compatible; Googlebot/2.1; +http://www.google.com/bot.html)"
52.167.144.199 - - [02/Sep/2025:21:53:30 -0400] "GET /ramin/partcreated/505541056 HTTP/1.1" 404 1251 "-" "Mozilla/5.0 AppleWebKit/537.36 (KHTML, like Gecko; compatible; bingbot/2.0; +http://www.bing.com/bingbot.htm) Chrome/116.0.1938.76 Safari/537.36"
52.167.144.180 - - [02/Sep/2025:21:54:17 -0400] "GET /intercessional/nicads466742356 HTTP/1.1" 404 1251 "-" "Mozilla/5.0 AppleWebKit/537.36 (KHTML, like Gecko; compatible; bingbot/2.0; +http://www.bing.com/bingbot.htm) Chrome/116.0.1938.76 Safari/537.36"
66.249.73.67 - - [02/Sep/2025:21:54:23 -0400] "GET /dju424646077 HTTP/1.1" 404 1251 "-" "Mozilla/5.0 (Linux; Android 6.0.1; Nexus 5X Build/MMB29P) AppleWebKit/537.36 (KHTML, like Gecko) Chrome/138.0.7204.183 Mobile Safari/537.36 (compatible; Googlebot/2.1; +http://www.google.com/bot.html)"
40.77.167.152 - - [02/Sep/2025:21:55:10 -0400] "GET /tadpoles/si462892225 HTTP/1.1" 404 1251 "-" "Mozilla/5.0 AppleWebKit/537.36 (KHTML, like Gecko; compatible; bingbot/2.0; +http://www.bing.com/bingbot.htm) Chrome/116.0.1938.76 Safari/537.36"
66.249.73.67 - - [02/Sep/2025:21:46:53 -0400] "GET /collocutory/zaw455620522 HTTP/1.1" 404 1251 "-" "Mozilla/5.0 (Linux; Android 6.0.1; Nexus 5X Build/MMB29P) AppleWebKit/537.36 (KHTML, like Gecko) Chrome/138.0.7204.183 Mobile Safari/537.36 (compatible; Googlebot/2.1; +http://www.google.com/bot.html)"
40.77.167.57 - - [02/Sep/2025:21:47:08 -0400] "GET /urination/443206259 HTTP/1.1" 404 1251 "-" "Mozilla/5.0 AppleWebKit/537.36 (KHTML, like Gecko; compatible; bingbot/2.0; +http://www.bing.com/bingbot.htm) Chrome/116.0.1938.76 Safari/537.36"
40.77.167.143 - - [02/Sep/2025:21:47:12 -0400] "GET /partible/cz313398381 HTTP/1.1" 404 1251 "-" "Mozilla/5.0 AppleWebKit/537.36 (KHTML, like Gecko; compatible; bingbot/2.0; +http://www.bing.com/bingbot.htm) Chrome/116.0.1938.76 Safari/537.36"
2a03:2880:f800:33:: - - [02/Sep/2025:21:47:15 -0400] "GET /sitemap-5.xml HTTP/1.1" 404 1251 "-" "meta-externalagent/1.1 (+https://developers.facebook.com/docs/sharing/webmasters/crawler)"
204.12.208.18 - - [02/Sep/2025:21:48:15 -0400] "GET /wp-content/brf532c6/edit.php HTTP/1.1" 404 1251 "https://surewordglobalimpactministry.org/wp-content/brf532c6/edit.php" "Mozilla/5.0 (Windows NT 6.1; WOW64; rv:5.0) Gecko/20100101 Firefox/5.0"
66.249.73.67 - - [02/Sep/2025:21:49:37 -0400] "GET /kaaawa442985173 HTTP/1.1" 404 1251 "-" "Mozilla/5.0 (Linux; Android 6.0.1; Nexus 5X Build/MMB29P) AppleWebKit/537.36 (KHTML, like Gecko) Chrome/138.0.7204.183 Mobile Safari/537.36 (compatible; Googlebot/2.1; +http://www.google.com/bot.html)"
66.249.73.66 - - [02/Sep/2025:21:50:31 -0400] "GET /milktested342760051 HTTP/1.1" 404 1251 "-" "Mozilla/5.0 (Linux; Android 6.0.1; Nexus 5X Build/MMB29P) AppleWebKit/537.36 (KHTML, like Gecko) Chrome/138.0.7204.183 Mobile Safari/537.36 (compatible; Googlebot/2.1; +http://www.google.com/bot.html)"
66.249.65.102 - - [02/Sep/2025:21:50:31 -0400] "GET /rjq/counterfeitness/ax431196579 HTTP/1.1" 404 1251 "-" "Mozilla/5.0 (Linux; Android 6.0.1; Nexus 5X Build/MMB29P) AppleWebKit/537.36 (KHTML, like Gecko) Chrome/138.0.7204.183 Mobile Safari/537.36 (compatible; Googlebot/2.1; +http://www.google.com/bot.html)"
40.77.167.143 - - [02/Sep/2025:21:51:50 -0400] "GET /pollam/guilloche/ HTTP/1.1" 404 1251 "-" "Mozilla/5.0 AppleWebKit/537.36 (KHTML, like Gecko; compatible; bingbot/2.0; +http://www.bing.com/bingbot.htm) Chrome/116.0.1938.76 Safari/537.36"
40.77.167.143 - - [02/Sep/2025:21:52:20 -0400] "GET /windmaking/icccm/doubleornothing476835055 HTTP/1.1" 404 1251 "-" "Mozilla/5.0 AppleWebKit/537.36 (KHTML, like Gecko; compatible; bingbot/2.0; +http://www.bing.com/bingbot.htm) Chrome/116.0.1938.76 Safari/537.36"
66.249.73.66 - - [02/Sep/2025:21:53:15 -0400] "GET /ethnologist459265309 HTTP/1.1" 404 1251 "-" "Mozilla/5.0 (Linux; Android 6.0.1; Nexus 5X Build/MMB29P) AppleWebKit/537.36 (KHTML, like Gecko) Chrome/138.0.7204.183 Mobile Safari/537.36 (compatible; Googlebot/2.1; +http://www.google.com/bot.html)"
216.73.216.117 - - [02/Sep/2025:21:53:34 -0400] "GET /robots.txt HTTP/1.1" 200 112 "-" "Mozilla/5.0 AppleWebKit/537.36 (KHTML, like Gecko; compatible; ClaudeBot/1.0; +claudebot@anthropic.com)"
216.73.216.117 - - [02/Sep/2025:21:53:34 -0400] "GET / HTTP/1.1" 200 2334 "-" "Mozilla/5.0 AppleWebKit/537.36 (KHTML, like Gecko; compatible; ClaudeBot/1.0; +claudebot@anthropic.com)"
52.167.144.180 - - [02/Sep/2025:21:54:17 -0400] "GET /vaporised/unintermittent/onc432637795 HTTP/1.1" 404 1251 "-" "Mozilla/5.0 AppleWebKit/537.36 (KHTML, like Gecko; compatible; bingbot/2.0; +http://www.bing.com/bingbot.htm) Chrome/116.0.1938.76 Safari/537.36"
52.167.144.163 - - [02/Sep/2025:21:57:30 -0400] "GET /nsz/es/h/360749204 HTTP/1.1" 404 1251 "-" "Mozilla/5.0 AppleWebKit/537.36 (KHTML, like Gecko; compatible; bingbot/2.0; +http://www.bing.com/bingbot.htm) Chrome/116.0.1938.76 Safari/537.36"
66.249.73.65 - - [02/Sep/2025:21:58:13 -0400] "GET /?list=305118826 HTTP/1.1" 200 2290 "-" "Mozilla/5.0 (Linux; Android 6.0.1; Nexus 5X Build/MMB29P) AppleWebKit/537.36 (KHTML, like Gecko) Chrome/138.0.7204.183 Mobile Safari/537.36 (compatible; Googlebot/2.1; +http://www.google.com/bot.html)"
89.110.103.94 - - [02/Sep/2025:21:58:57 -0400] "GET /error_log HTTP/1.1" 403 1242 "-" "Mozilla/5.0 (Macintosh; Intel Mac OS X 10_15_7) AppleWebKit/537.36 (KHTML, like Gecko) Chrome/133.0.0.0 Safari/537.36"
89.110.103.94 - - [02/Sep/2025:21:58:57 -0400] "GET /wp-blog-header.php HTTP/1.1" 403 1242 "-" "Mozilla/5.0 (Macintosh; Intel Mac OS X 10_15_7) AppleWebKit/537.36 (KHTML, like Gecko) Chrome/133.0.0.0 Safari/537.36"
89.110.103.94 - - [02/Sep/2025:21:58:57 -0400] "GET /wp-comments-post.php HTTP/1.1" 403 1242 "-" "Mozilla/5.0 (Macintosh; Intel Mac OS X 10_15_7) AppleWebKit/537.36 (KHTML, like Gecko) Chrome/133.0.0.0 Safari/537.36"
45.231.89.88 - - [02/Sep/2025:21:59:01 -0400] "POST /wp-login.php?action=lostpassword HTTP/1.1" 200 1054 "-" "Mozilla/5.0 (Macintosh; Intel Mac OS X 10_15_7) AppleWebKit/537.36 (KHTML, like Gecko) Chrome/133.0.0.0 Safari/537.36"
45.231.89.88 - - [02/Sep/2025:21:59:03 -0400] "POST /wp-login.php?action=lostpassword HTTP/1.1" 200 1025 "-" "Mozilla/5.0 (Windows NT 10.0; Win64; x64) AppleWebKit/537.36 (KHTML, like Gecko) Chrome/120.0.0.0 Safari/537.36"
89.110.103.94 - - [02/Sep/2025:21:59:04 -0400] "GET /wp-signup.php HTTP/1.1" 403 1242 "-" "Mozilla/5.0 (Macintosh; Intel Mac OS X 10_15_7) AppleWebKit/537.36 (KHTML, like Gecko) Chrome/133.0.0.0 Safari/537.36"
66.249.73.66 - - [02/Sep/2025:21:59:07 -0400] "GET /?list=305119900 HTTP/1.1" 200 2334 "-" "Mozilla/5.0 (Linux; Android 6.0.1; Nexus 5X Build/MMB29P) AppleWebKit/537.36 (KHTML, like Gecko) Chrome/138.0.7204.183 Mobile Safari/537.36 (compatible; Googlebot/2.1; +http://www.google.com/bot.html)"
66.249.73.66 - - [02/Sep/2025:22:00:02 -0400] "GET /?list=305117935 HTTP/1.1" 200 2334 "-" "Mozilla/5.0 (Linux; Android 6.0.1; Nexus 5X Build/MMB29P) AppleWebKit/537.36 (KHTML, like Gecko) Chrome/138.0.7204.183 Mobile Safari/537.36 (compatible; Googlebot/2.1; +http://www.google.com/bot.html)"
66.249.73.65 - - [02/Sep/2025:22:01:51 -0400] "GET /m148044461?srsltid=AfmBOozpPBOfQWvAB013bw_uJhPiSInQA_xSQCinTA-Y-uP8Y5Wi3U HTTP/1.1" 404 1251 "-" "Mozilla/5.0 (Linux; Android 6.0.1; Nexus 5X Build/MMB29P) AppleWebKit/537.36 (KHTML, like Gecko) Chrome/138.0.7204.183 Mobile Safari/537.36 (compatible; Googlebot/2.1; +http://www.google.com/bot.html)"
40.77.167.35 - - [02/Sep/2025:22:02:33 -0400] "GET /chamos/333734439 HTTP/1.1" 404 1251 "-" "Mozilla/5.0 AppleWebKit/537.36 (KHTML, like Gecko; compatible; bingbot/2.0; +http://www.bing.com/bingbot.htm) Chrome/116.0.1938.76 Safari/537.36"
66.249.73.65 - - [02/Sep/2025:22:02:46 -0400] "GET /m010031471?srsltid=AfmBOoBKtOkBVmKHmlJluL_p4pskHUIQF_o4TRpcNh-T-Wf7Lh9BBu HTTP/1.1" 404 1251 "-" "Mozilla/5.0 (Linux; Android 6.0.1; Nexus 5X Build/MMB29P) AppleWebKit/537.36 (KHTML, like Gecko) Chrome/138.0.7204.183 Mobile Safari/537.36 (compatible; Googlebot/2.1; +http://www.google.com/bot.html)"
66.249.65.100 - - [02/Sep/2025:22:02:46 -0400] "GET /martha/quasimoralistic388040055 HTTP/1.1" 404 1251 "-" "Mozilla/5.0 (Linux; Android 6.0.1; Nexus 5X Build/MMB29P) AppleWebKit/537.36 (KHTML, like Gecko) Chrome/138.0.7204.183 Mobile Safari/537.36 (compatible; Googlebot/2.1; +http://www.google.com/bot.html)"
66.249.73.66 - - [02/Sep/2025:22:02:46 -0400] "GET /m134021545?srsltid=AfmBOoDtSrVjSNhDxPrCoM_YQHXBzw5X7_lOhTz03h-G-dMHlrd6VN HTTP/1.1" 404 1251 "-" "Mozilla/5.0 (Linux; Android 6.0.1; Nexus 5X Build/MMB29P) AppleWebKit/537.36 (KHTML, like Gecko) Chrome/138.0.7204.183 Mobile Safari/537.36 (compatible; Googlebot/2.1; +http://www.google.com/bot.html)"
66.249.73.65 - - [02/Sep/2025:21:56:24 -0400] "GET /coolung420794290 HTTP/1.1" 404 1251 "-" "Mozilla/5.0 (Linux; Android 6.0.1; Nexus 5X Build/MMB29P) AppleWebKit/537.36 (KHTML, like Gecko) Chrome/138.0.7204.183 Mobile Safari/537.36 (compatible; Googlebot/2.1; +http://www.google.com/bot.html)"
66.249.73.65 - - [02/Sep/2025:21:57:18 -0400] "GET /?t=89154372216 HTTP/1.1" 200 2334 "-" "Mozilla/5.0 (Linux; Android 6.0.1; Nexus 5X Build/MMB29P) AppleWebKit/537.36 (KHTML, like Gecko) Chrome/138.0.7204.183 Mobile Safari/537.36 (compatible; Googlebot/2.1; +http://www.google.com/bot.html)"
216.73.216.117 - - [02/Sep/2025:21:57:27 -0400] "GET / HTTP/1.1" 200 2334 "-" "Mozilla/5.0 AppleWebKit/537.36 (KHTML, like Gecko; compatible; ClaudeBot/1.0; +claudebot@anthropic.com)"
2001:4ba0:cafe:b2c::1 - - [02/Sep/2025:21:58:16 -0400] "GET / HTTP/1.1" 200 2334 "-" "Mozilla/5.0 (Windows NT 10.0; Win64; x64) AppleWebKit/537.36 (KHTML, like Gecko) Chrome/91.0.4472.114 Safari/537.36 Edg/91.0.864.54"
89.110.103.94 - - [02/Sep/2025:21:58:56 -0400] "GET / HTTP/1.1" 200 2334 "-" "Mozilla/5.0 (Macintosh; Intel Mac OS X 10_15_7) AppleWebKit/537.36 (KHTML, like Gecko) Chrome/133.0.0.0 Safari/537.36"
68.65.122.155 - - [02/Sep/2025:21:58:59 -0400] "POST /wp-cron.php?doing_wp_cron=1756864738.6985020637512207031250 HTTP/1.1" 403 1242 "-" "WordPress/6.8.2; https://surewordglobalimpactministry.org"
89.110.103.94 - - [02/Sep/2025:21:58:58 -0400] "GET /wp-login.php HTTP/1.1" 200 1711 "-" "Mozilla/5.0 (Macintosh; Intel Mac OS X 10_15_7) AppleWebKit/537.36 (KHTML, like Gecko) Chrome/133.0.0.0 Safari/537.36"
89.110.103.94 - - [02/Sep/2025:21:58:59 -0400] "GET /wp-admin/load-styles.php?c=1&dir=ltr&load%5Bchunk_0%5D=dashicons,buttons,forms,l10n,login&ver=6.8.2 HTTP/1.1" 200 45454 "-" "Mozilla/5.0 (Macintosh; Intel Mac OS X 10_15_7) AppleWebKit/537.36 (KHTML, like Gecko) Chrome/133.0.0.0 Safari/537.36"
89.110.103.94 - - [02/Sep/2025:21:59:00 -0400] "GET /wp-login.php?action=lostpassword HTTP/1.1" 200 951 "-" "Mozilla/5.0 (Macintosh; Intel Mac OS X 10_15_7) AppleWebKit/537.36 (KHTML, like Gecko) Chrome/133.0.0.0 Safari/537.36"
66.249.73.67 - - [02/Sep/2025:21:59:07 -0400] "GET /m126048695?srsltid=AfmBOonvMAuRUOSgOQ4KkR_G8vmRS8mq2_dlTHkdT6-A-rsoBrqGJ1 HTTP/1.1" 404 1251 "-" "Mozilla/5.0 (Linux; Android 6.0.1; Nexus 5X Build/MMB29P) AppleWebKit/537.36 (KHTML, like Gecko) Chrome/138.0.7204.183 Mobile Safari/537.36 (compatible; Googlebot/2.1; +http://www.google.com/bot.html)"
40.77.167.48 - - [02/Sep/2025:22:00:52 -0400] "GET /kwi/c414235564 HTTP/1.1" 404 1251 "-" "Mozilla/5.0 AppleWebKit/537.36 (KHTML, like Gecko; compatible; bingbot/2.0; +http://www.bing.com/bingbot.htm) Chrome/116.0.1938.76 Safari/537.36"
66.249.73.65 - - [02/Sep/2025:22:01:52 -0400] "GET /lesko318474604 HTTP/1.1" 404 1251 "-" "Mozilla/5.0 (Linux; Android 6.0.1; Nexus 5X Build/MMB29P) AppleWebKit/537.36 (KHTML, like Gecko) Chrome/138.0.7204.183 Mobile Safari/537.36 (compatible; Googlebot/2.1; +http://www.google.com/bot.html)"
43.135.142.7 - - [02/Sep/2025:22:02:30 -0400] "GET / HTTP/1.1" 200 2334 "http://surewordglobalimpactministry.org" "Mozilla/5.0 (iPhone; CPU iPhone OS 13_2_3 like Mac OS X) AppleWebKit/605.1.15 (KHTML, like Gecko) Version/13.0.3 Mobile/15E148 Safari/604.1"
66.249.73.65 - - [02/Sep/2025:22:02:46 -0400] "GET /m270010429?srsltid=AfmBOozrcFvPsZkytg3aYS_xPq4aAv027_ybfKN5no-J-T8ctw1mZk HTTP/1.1" 404 1251 "-" "Mozilla/5.0 (Linux; Android 6.0.1; Nexus 5X Build/MMB29P) AppleWebKit/537.36 (KHTML, like Gecko) Chrome/138.0.7204.183 Mobile Safari/537.36 (compatible; Googlebot/2.1; +http://www.google.com/bot.html)"
100.25.120.246 - - [02/Sep/2025:22:03:36 -0400] "GET /robots.txt HTTP/1.1" 304 0 "-" "Mozilla/5.0 AppleWebKit/537.36 (KHTML, like Gecko; compatible; Amazonbot/0.1; +https://developer.amazon.com/support/amazonbot) Chrome/119.0.6045.214 Safari/537.36"
66.249.73.70 - - [02/Sep/2025:22:04:00 -0400] "GET /m179043034?srsltid=AfmBOomxLsIbweKReRoQWB_xdNLRtOYu4_p06UXVAk-Q-EymopbQWc HTTP/1.1" 404 1251 "-" "Mozilla/5.0 (Linux; Android 6.0.1; Nexus 5X Build/MMB29P) AppleWebKit/537.36 (KHTML, like Gecko) Chrome/138.0.7204.183 Mobile Safari/537.36 (compatible; Googlebot/2.1; +http://www.google.com/bot.html)"
66.249.73.69 - - [02/Sep/2025:22:05:49 -0400] "GET /m202035693?srsltid=AfmBOojbLaSbKNdimKlfc5_G5vSCxffZw_LkyYU22H-N-xEuppcTLf HTTP/1.1" 404 1251 "-" "Mozilla/5.0 (Linux; Android 6.0.1; Nexus 5X Build/MMB29P) AppleWebKit/537.36 (KHTML, like Gecko) Chrome/138.0.7204.183 Mobile Safari/537.36 (compatible; Googlebot/2.1; +http://www.google.com/bot.html)"
40.77.167.60 - - [02/Sep/2025:22:06:38 -0400] "GET /jonati/pia/undimmed303014168 HTTP/1.1" 404 1251 "-" "Mozilla/5.0 AppleWebKit/537.36 (KHTML, like Gecko; compatible; bingbot/2.0; +http://www.bing.com/bingbot.htm) Chrome/116.0.1938.76 Safari/537.36"
40.77.167.60 - - [02/Sep/2025:22:06:39 -0400] "GET /whaups/o/ikt/405122800 HTTP/1.1" 404 1251 "-" "Mozilla/5.0 AppleWebKit/537.36 (KHTML, like Gecko; compatible; bingbot/2.0; +http://www.bing.com/bingbot.htm) Chrome/116.0.1938.76 Safari/537.36"
66.249.73.70 - - [02/Sep/2025:22:06:44 -0400] "GET /q-~117Lod6Yr2MtnJioBUJmB8yPq9b99fIfx39809/ HTTP/1.1" 404 1251 "-" "Mozilla/5.0 (Linux; Android 6.0.1; Nexus 5X Build/MMB29P) AppleWebKit/537.36 (KHTML, like Gecko) Chrome/138.0.7204.183 Mobile Safari/537.36 (compatible; Googlebot/2.1; +http://www.google.com/bot.html)"
66.249.73.68 - - [02/Sep/2025:22:06:45 -0400] "GET /q-~36AiOZFnAkyopN64Qo8RFMHUumGafUZf49086/ HTTP/1.1" 404 1251 "-" "Mozilla/5.0 (Linux; Android 6.0.1; Nexus 5X Build/MMB29P) AppleWebKit/537.36 (KHTML, like Gecko) Chrome/138.0.7204.183 Mobile Safari/537.36 (compatible; Googlebot/2.1; +http://www.google.com/bot.html)"
66.249.73.68 - - [02/Sep/2025:22:08:34 -0400] "GET /q-~35qGofrkN5IUuHux2XHiQlZhoJsxXJVU85/ HTTP/1.1" 404 1251 "-" "Mozilla/5.0 (Linux; Android 6.0.1; Nexus 5X Build/MMB29P) AppleWebKit/537.36 (KHTML, like Gecko) Chrome/138.0.7204.183 Mobile Safari/537.36 (compatible; Googlebot/2.1; +http://www.google.com/bot.html)"
68.65.122.155 - - [02/Sep/2025:22:08:47 -0400] "POST /wp-cron.php?doing_wp_cron=1756865327.0503480434417724609375 HTTP/1.1" 403 1242 "-" "WordPress/6.8.2; https://surewordglobalimpactministry.org"
107.189.31.215 - - [02/Sep/2025:22:08:46 -0400] "GET /wp-login.php HTTP/1.1" 200 1711 "-" "Mozilla/5.0 (iPhone; CPU iPhone OS 7_1_2 like Mac OS X) AppleWebKit/537.51.2 (KHTML, like Gecko) Version/7.0 Mobile/11D257 Safari/9537.53"
216.73.216.117 - - [02/Sep/2025:22:09:26 -0400] "GET / HTTP/1.1" 200 2334 "-" "Mozilla/5.0 AppleWebKit/537.36 (KHTML, like Gecko; compatible; ClaudeBot/1.0; +claudebot@anthropic.com)"
66.249.73.68 - - [02/Sep/2025:22:11:17 -0400] "GET /m095006760?srsltid=AfmBOoyPORqsuKLbFfy1qh_AaiWRakK7B_hsJGhAod-T-p8oxah3HC HTTP/1.1" 404 1251 "-" "Mozilla/5.0 (Linux; Android 6.0.1; Nexus 5X Build/MMB29P) AppleWebKit/537.36 (KHTML, like Gecko) Chrome/138.0.7204.183 Mobile Safari/537.36 (compatible; Googlebot/2.1; +http://www.google.com/bot.html)"
40.77.167.45 - - [02/Sep/2025:22:11:42 -0400] "GET /fidalgo/ HTTP/1.1" 404 1251 "-" "Mozilla/5.0 AppleWebKit/537.36 (KHTML, like Gecko; compatible; bingbot/2.0; +http://www.bing.com/bingbot.htm) Chrome/116.0.1938.76 Safari/537.36"
66.249.73.69 - - [02/Sep/2025:22:12:02 -0400] "GET /?list=305118559 HTTP/1.1" 200 2334 "-" "Mozilla/5.0 (Linux; Android 6.0.1; Nexus 5X Build/MMB29P) AppleWebKit/537.36 (KHTML, like Gecko) Chrome/138.0.7204.183 Mobile Safari/537.36 (compatible; Googlebot/2.1; +http://www.google.com/bot.html)"
66.249.73.68 - - [02/Sep/2025:22:12:03 -0400] "GET /comment.php?m=21277092302 HTTP/1.1" 404 1251 "-" "Mozilla/5.0 (Linux; Android 6.0.1; Nexus 5X Build/MMB29P) AppleWebKit/537.36 (KHTML, like Gecko) Chrome/138.0.7204.183 Mobile Safari/537.36 (compatible; Googlebot/2.1; +http://www.google.com/bot.html)"
66.249.73.68 - - [02/Sep/2025:22:13:05 -0400] "GET /iwwood/506388790 HTTP/1.1" 404 1251 "-" "Mozilla/5.0 (Linux; Android 6.0.1; Nexus 5X Build/MMB29P) AppleWebKit/537.36 (KHTML, like Gecko) Chrome/138.0.7204.183 Mobile Safari/537.36 (compatible; Googlebot/2.1; +http://www.google.com/bot.html)"
40.77.167.143 - - [02/Sep/2025:22:13:53 -0400] "GET /aumous/327606135 HTTP/1.1" 404 1251 "-" "Mozilla/5.0 AppleWebKit/537.36 (KHTML, like Gecko; compatible; bingbot/2.0; +http://www.bing.com/bingbot.htm) Chrome/116.0.1938.76 Safari/537.36"
66.249.73.70 - - [02/Sep/2025:22:14:26 -0400] "GET /xv/449470759 HTTP/1.1" 404 1251 "-" "Mozilla/5.0 (Linux; Android 6.0.1; Nexus 5X Build/MMB29P) AppleWebKit/537.36 (KHTML, like Gecko) Chrome/138.0.7204.183 Mobile Safari/537.36 (compatible; Googlebot/2.1; +http://www.google.com/bot.html)"
66.249.73.70 - - [02/Sep/2025:22:16:30 -0400] "GET /k/xre316385491 HTTP/1.1" 404 1251 "-" "Mozilla/5.0 (Linux; Android 6.0.1; Nexus 5X Build/MMB29P) AppleWebKit/537.36 (KHTML, like Gecko) Chrome/138.0.7204.183 Mobile Safari/537.36 (compatible; Googlebot/2.1; +http://www.google.com/bot.html)"
40.77.167.150 - - [02/Sep/2025:22:17:03 -0400] "GET /unzipping/sy313028779 HTTP/1.1" 404 1251 "-" "Mozilla/5.0 AppleWebKit/537.36 (KHTML, like Gecko; compatible; bingbot/2.0; +http://www.bing.com/bingbot.htm) Chrome/116.0.1938.76 Safari/537.36"
3.225.45.252 - - [02/Sep/2025:22:03:40 -0400] "GET /google3da38097a4b91538.html HTTP/1.1" 200 53 "-" "Mozilla/5.0 AppleWebKit/537.36 (KHTML, like Gecko; compatible; Amazonbot/0.1; +https://developer.amazon.com/support/amazonbot) Chrome/119.0.6045.214 Safari/537.36"
40.77.167.1 - - [02/Sep/2025:22:04:09 -0400] "GET /nonentities/alcaides/boated469883236 HTTP/1.1" 404 1251 "-" "Mozilla/5.0 AppleWebKit/537.36 (KHTML, like Gecko; compatible; bingbot/2.0; +http://www.bing.com/bingbot.htm) Chrome/116.0.1938.76 Safari/537.36"
66.249.73.68 - - [02/Sep/2025:22:05:50 -0400] "GET /q-~149YzuOxSy0t9nU0WWaPlNF0P6j9nIYha11813/ HTTP/1.1" 404 1251 "-" "Mozilla/5.0 (Linux; Android 6.0.1; Nexus 5X Build/MMB29P) AppleWebKit/537.36 (KHTML, like Gecko) Chrome/138.0.7204.183 Mobile Safari/537.36 (compatible; Googlebot/2.1; +http://www.google.com/bot.html)"
66.249.73.68 - - [02/Sep/2025:22:08:34 -0400] "GET /m160033813?srsltid=AfmBOoHxWBPYhWvuBkberw_jPt8z75UbO_b8J74yFx-Z-rdgm18a8X HTTP/1.1" 404 1251 "-" "Mozilla/5.0 (Linux; Android 6.0.1; Nexus 5X Build/MMB29P) AppleWebKit/537.36 (KHTML, like Gecko) Chrome/138.0.7204.183 Mobile Safari/537.36 (compatible; Googlebot/2.1; +http://www.google.com/bot.html)"
66.249.73.70 - - [02/Sep/2025:22:09:29 -0400] "GET /m080039139?srsltid=AfmBOoqgqpNhdIKK9UgFDt_sY5VurP2p4_0pCzDmNE-J-QsWK80YEt HTTP/1.1" 404 1251 "-" "Mozilla/5.0 (Linux; Android 6.0.1; Nexus 5X Build/MMB29P) AppleWebKit/537.36 (KHTML, like Gecko) Chrome/138.0.7204.183 Mobile Safari/537.36 (compatible; Googlebot/2.1; +http://www.google.com/bot.html)"
52.167.144.199 - - [02/Sep/2025:22:09:29 -0400] "GET /tmc/444127468 HTTP/1.1" 404 1251 "-" "Mozilla/5.0 AppleWebKit/537.36 (KHTML, like Gecko; compatible; bingbot/2.0; +http://www.bing.com/bingbot.htm) Chrome/116.0.1938.76 Safari/537.36"
52.167.144.145 - - [02/Sep/2025:22:12:31 -0400] "GET /conduplicated/364550320 HTTP/1.1" 404 1251 "-" "Mozilla/5.0 AppleWebKit/537.36 (KHTML, like Gecko; compatible; bingbot/2.0; +http://www.bing.com/bingbot.htm) Chrome/116.0.1938.76 Safari/537.36"
40.77.167.143 - - [02/Sep/2025:22:13:52 -0400] "GET /ilium/e/falterers460220196 HTTP/1.1" 404 1251 "-" "Mozilla/5.0 AppleWebKit/537.36 (KHTML, like Gecko; compatible; bingbot/2.0; +http://www.bing.com/bingbot.htm) Chrome/116.0.1938.76 Safari/537.36"
40.77.167.60 - - [02/Sep/2025:22:14:59 -0400] "GET /costumier/jitter365440653 HTTP/1.1" 404 1251 "-" "Mozilla/5.0 AppleWebKit/537.36 (KHTML, like Gecko; compatible; bingbot/2.0; +http://www.bing.com/bingbot.htm) Chrome/116.0.1938.76 Safari/537.36"
52.167.144.24 - - [02/Sep/2025:22:16:22 -0400] "GET /myasis/483540820 HTTP/1.1" 404 1251 "-" "Mozilla/5.0 AppleWebKit/537.36 (KHTML, like Gecko; compatible; bingbot/2.0; +http://www.bing.com/bingbot.htm) Chrome/116.0.1938.76 Safari/537.36"
66.249.73.68 - - [02/Sep/2025:22:17:24 -0400] "GET /fy/h340712200 HTTP/1.1" 404 1251 "-" "Mozilla/5.0 (Linux; Android 6.0.1; Nexus 5X Build/MMB29P) AppleWebKit/537.36 (KHTML, like Gecko) Chrome/138.0.7204.183 Mobile Safari/537.36 (compatible; Googlebot/2.1; +http://www.google.com/bot.html)"
66.249.73.69 - - [02/Sep/2025:22:19:13 -0400] "GET /peruvian/e462905611 HTTP/1.1" 404 1251 "-" "Mozilla/5.0 (Linux; Android 6.0.1; Nexus 5X Build/MMB29P) AppleWebKit/537.36 (KHTML, like Gecko) Chrome/138.0.7204.183 Mobile Safari/537.36 (compatible; Googlebot/2.1; +http://www.google.com/bot.html)"
66.249.73.70 - - [02/Sep/2025:22:19:13 -0400] "GET /m030006547?srsltid=AfmBOohpKpPTPjCmFh6Zgn_0W21A0FoxF_YnB12C5R-J-2qhjg4jzm HTTP/1.1" 404 1251 "-" "Mozilla/5.0 (Linux; Android 6.0.1; Nexus 5X Build/MMB29P) AppleWebKit/537.36 (KHTML, like Gecko) Chrome/138.0.7204.183 Mobile Safari/537.36 (compatible; Googlebot/2.1; +http://www.google.com/bot.html)"
66.249.73.68 - - [02/Sep/2025:22:20:08 -0400] "GET /solanines423056593 HTTP/1.1" 404 1251 "-" "Mozilla/5.0 (Linux; Android 6.0.1; Nexus 5X Build/MMB29P) AppleWebKit/537.36 (KHTML, like Gecko) Chrome/138.0.7204.183 Mobile Safari/537.36 (compatible; Googlebot/2.1; +http://www.google.com/bot.html)"
66.249.73.69 - - [02/Sep/2025:22:21:57 -0400] "GET /q450089551 HTTP/1.1" 404 1251 "-" "Mozilla/5.0 (Linux; Android 6.0.1; Nexus 5X Build/MMB29P) AppleWebKit/537.36 (KHTML, like Gecko) Chrome/138.0.7204.183 Mobile Safari/537.36 (compatible; Googlebot/2.1; +http://www.google.com/bot.html)"
52.167.144.24 - - [02/Sep/2025:22:22:02 -0400] "GET /benzoquinoxaline/nu/dp477353521 HTTP/1.1" 404 1251 "-" "Mozilla/5.0 AppleWebKit/537.36 (KHTML, like Gecko; compatible; bingbot/2.0; +http://www.bing.com/bingbot.htm) Chrome/116.0.1938.76 Safari/537.36"
196.251.72.221 - - [02/Sep/2025:22:22:22 -0400] "HEAD / HTTP/1.1" 200 0 "-" "python-requests/2.32.4"
68.65.122.155 - - [02/Sep/2025:22:22:23 -0400] "POST /wp-cron.php?doing_wp_cron=1756866143.7167689800262451171875 HTTP/1.1" 403 1242 "-" "WordPress/6.8.2; https://surewordglobalimpactministry.org"
196.251.72.221 - - [02/Sep/2025:22:22:23 -0400] "GET /wp-admin/ HTTP/1.1" 302 0 "-" "Mozilla/5.0 (Macintosh; Intel Mac OS X 14_2) AppleWebKit/537.36 (KHTML, like Gecko) Chrome/120.0.0.0 Safari/537.36"
66.249.73.70 - - [02/Sep/2025:22:24:40 -0400] "GET /t314811394 HTTP/1.1" 404 1251 "-" "Mozilla/5.0 (Linux; Android 6.0.1; Nexus 5X Build/MMB29P) AppleWebKit/537.36 (KHTML, like Gecko) Chrome/138.0.7204.183 Mobile Safari/537.36 (compatible; Googlebot/2.1; +http://www.google.com/bot.html)"
66.249.73.69 - - [02/Sep/2025:22:25:35 -0400] "GET /m122019831?srsltid=AfmBOoWYPPQKKlfmOld7yR_ouxN1mkyOK_NnB5HDmc-C-mRPWIcZy2 HTTP/1.1" 404 1251 "-" "Mozilla/5.0 (Linux; Android 6.0.1; Nexus 5X Build/MMB29P) AppleWebKit/537.36 (KHTML, like Gecko) Chrome/138.0.7204.183 Mobile Safari/537.36 (compatible; Googlebot/2.1; +http://www.google.com/bot.html)"
66.249.65.102 - - [02/Sep/2025:22:26:29 -0400] "GET /zc342025620 HTTP/1.1" 404 1251 "-" "Mozilla/5.0 (Linux; Android 6.0.1; Nexus 5X Build/MMB29P) AppleWebKit/537.36 (KHTML, like Gecko) Chrome/138.0.7204.183 Mobile Safari/537.36 (compatible; Googlebot/2.1; +http://www.google.com/bot.html)"
52.167.144.206 - - [02/Sep/2025:22:28:12 -0400] "GET /ptb/electrogasdynamics/344985853 HTTP/1.1" 404 1251 "-" "Mozilla/5.0 AppleWebKit/537.36 (KHTML, like Gecko; compatible; bingbot/2.0; +http://www.bing.com/bingbot.htm) Chrome/116.0.1938.76 Safari/537.36"
66.249.73.67 - - [02/Sep/2025:22:28:29 -0400] "GET /m060010689?srsltid=AfmBOoXXrglgcGFIdGrHlp_EOzmRFP0ir_cUPNbH8O-S-XjHf1kgxA HTTP/1.1" 404 1251 "-" "Mozilla/5.0 (Linux; Android 6.0.1; Nexus 5X Build/MMB29P) AppleWebKit/537.36 (KHTML, like Gecko) Chrome/138.0.7204.183 Mobile Safari/537.36 (compatible; Googlebot/2.1; +http://www.google.com/bot.html)"
52.167.144.206 - - [02/Sep/2025:22:30:44 -0400] "GET /scripturiency/outflame/unwallet387052324 HTTP/1.1" 404 1251 "-" "Mozilla/5.0 AppleWebKit/537.36 (KHTML, like Gecko; compatible; bingbot/2.0; +http://www.bing.com/bingbot.htm) Chrome/116.0.1938.76 Safari/537.36"
216.73.216.117 - - [02/Sep/2025:22:32:08 -0400] "GET /admin.php?edit=class-wp-customize-cropped-image-control.php&path=%2Fhome%2Fsuregimv%2Fpublic_html%2Fwp-includes%2Fcustomize HTTP/1.1" 200 1871 "-" "Mozilla/5.0 AppleWebKit/537.36 (KHTML, like Gecko; compatible; ClaudeBot/1.0; +claudebot@anthropic.com)"
216.73.216.117 - - [02/Sep/2025:22:32:08 -0400] "GET /107b04/?edit=class-wp-http-requests-response.php&path=%2Fhome%2Fsuregimv%2Fpublic_html%2Fwp-includes HTTP/1.1" 200 6145 "-" "Mozilla/5.0 AppleWebKit/537.36 (KHTML, like Gecko; compatible; ClaudeBot/1.0; +claudebot@anthropic.com)"
216.73.216.117 - - [02/Sep/2025:22:32:10 -0400] "GET /107b04/?edit=class.wp-dependencies.php&path=%2Fhome%2Fsuregimv%2Fpublic_html%2Fwp-includes HTTP/1.1" 200 5020 "-" "Mozilla/5.0 AppleWebKit/537.36 (KHTML, like Gecko; compatible; ClaudeBot/1.0; +claudebot@anthropic.com)"
216.73.216.117 - - [02/Sep/2025:22:32:11 -0400] "GET /admin.php?edit=post-terms.php&path=%2Fhome%2Fsuregimv%2Fpublic_html%2Fwp-includes%2Fblocks HTTP/1.1" 200 4101 "-" "Mozilla/5.0 AppleWebKit/537.36 (KHTML, like Gecko; compatible; ClaudeBot/1.0; +claudebot@anthropic.com)"
52.167.144.196 - - [02/Sep/2025:22:21:31 -0400] "GET /bqm/dioxins/390041343 HTTP/1.1" 404 1251 "-" "Mozilla/5.0 AppleWebKit/537.36 (KHTML, like Gecko; compatible; bingbot/2.0; +http://www.bing.com/bingbot.htm) Chrome/116.0.1938.76 Safari/537.36"
196.251.72.221 - - [02/Sep/2025:22:22:24 -0400] "GET /wp-login.php?redirect_to=https%3A%2F%2Fsurewordglobalimpactministry.org%2Fwp-admin%2F&reauth=1 HTTP/1.1" 200 1711 "-" "Mozilla/5.0 (Macintosh; Intel Mac OS X 14_2) AppleWebKit/537.36 (KHTML, like Gecko) Chrome/120.0.0.0 Safari/537.36"
66.249.73.68 - - [02/Sep/2025:22:22:51 -0400] "GET /luz484371166 HTTP/1.1" 404 1251 "-" "Mozilla/5.0 (Linux; Android 6.0.1; Nexus 5X Build/MMB29P) AppleWebKit/537.36 (KHTML, like Gecko) Chrome/138.0.7204.183 Mobile Safari/537.36 (compatible; Googlebot/2.1; +http://www.google.com/bot.html)"
52.167.144.171 - - [02/Sep/2025:22:25:10 -0400] "GET /wcs/361622724 HTTP/1.1" 404 1251 "-" "Mozilla/5.0 AppleWebKit/537.36 (KHTML, like Gecko; compatible; bingbot/2.0; +http://www.bing.com/bingbot.htm) Chrome/116.0.1938.76 Safari/537.36"
66.249.73.70 - - [02/Sep/2025:22:25:34 -0400] "GET /unbonnets464975404 HTTP/1.1" 404 1251 "-" "Mozilla/5.0 (Linux; Android 6.0.1; Nexus 5X Build/MMB29P) AppleWebKit/537.36 (KHTML, like Gecko) Chrome/138.0.7204.183 Mobile Safari/537.36 (compatible; Googlebot/2.1; +http://www.google.com/bot.html)"
52.167.144.23 - - [02/Sep/2025:22:28:33 -0400] "GET /plattsburgh/habab/prothesis412794844 HTTP/1.1" 404 1251 "-" "Mozilla/5.0 AppleWebKit/537.36 (KHTML, like Gecko; compatible; bingbot/2.0; +http://www.bing.com/bingbot.htm) Chrome/116.0.1938.76 Safari/537.36"
52.167.144.146 - - [02/Sep/2025:22:29:31 -0400] "GET /aep/345347620 HTTP/1.1" 404 1251 "-" "Mozilla/5.0 AppleWebKit/537.36 (KHTML, like Gecko; compatible; bingbot/2.0; +http://www.bing.com/bingbot.htm) Chrome/116.0.1938.76 Safari/537.36"
216.73.216.117 - - [02/Sep/2025:22:32:09 -0400] "GET /107b04/?path=%2Fhome%2Fsuregimv%2Fpublic_html%2Fwp-includes%2Fhtml-api HTTP/1.1" 200 967 "-" "Mozilla/5.0 AppleWebKit/537.36 (KHTML, like Gecko; compatible; ClaudeBot/1.0; +claudebot@anthropic.com)"
216.73.216.117 - - [02/Sep/2025:22:32:09 -0400] "GET /admin.php?edit=ajax-actions.php&path=%2Fhome%2Fsuregimv%2Fpublic_html%2Fwp-admin%2Fincludes HTTP/1.1" 200 36903 "-" "Mozilla/5.0 AppleWebKit/537.36 (KHTML, like Gecko; compatible; ClaudeBot/1.0; +claudebot@anthropic.com)"
216.73.216.117 - - [02/Sep/2025:22:32:10 -0400] "GET /107b04/?edit=script-modules.php&path=%2Fhome%2Fsuregimv%2Fpublic_html%2Fwp-includes HTTP/1.1" 200 6505 "-" "Mozilla/5.0 AppleWebKit/537.36 (KHTML, like Gecko; compatible; ClaudeBot/1.0; +claudebot@anthropic.com)"
216.73.216.117 - - [02/Sep/2025:22:32:11 -0400] "GET /admin.php?edit=legacy-widget.php&path=%2Fhome%2Fsuregimv%2Fpublic_html%2Fwp-includes%2Fblocks HTTP/1.1" 200 4321 "-" "Mozilla/5.0 AppleWebKit/537.36 (KHTML, like Gecko; compatible; ClaudeBot/1.0; +claudebot@anthropic.com)"
216.73.216.117 - - [02/Sep/2025:22:32:12 -0400] "GET /admin.php?edit=privacy-tools.js&path=%2Fhome%2Fsuregimv%2Fpublic_html%2Fwp-admin%2Fjs HTTP/1.1" 200 5052 "-" "Mozilla/5.0 AppleWebKit/537.36 (KHTML, like Gecko; compatible; ClaudeBot/1.0; +claudebot@anthropic.com)"
216.73.216.117 - - [02/Sep/2025:22:32:13 -0400] "GET /admin.php?edit=class-wp-list-table-compat.php&path=%2Fhome%2Fsuregimv%2Fpublic_html%2Fwp-admin%2Fincludes HTTP/1.1" 200 3088 "-" "Mozilla/5.0 AppleWebKit/537.36 (KHTML, like Gecko; compatible; ClaudeBot/1.0; +claudebot@anthropic.com)"
216.73.216.117 - - [02/Sep/2025:22:32:14 -0400] "GET /admin.php?edit=class-wp-customize-themes-section.php&path=%2Fhome%2Fsuregimv%2Fpublic_html%2Fwp-includes%2Fcustomize HTTP/1.1" 200 3545 "-" "Mozilla/5.0 AppleWebKit/537.36 (KHTML, like Gecko; compatible; ClaudeBot/1.0; +claudebot@anthropic.com)"
216.73.216.117 - - [02/Sep/2025:22:32:15 -0400] "GET /admin.php?edit=zxcvbn.min.js&path=%2Fhome%2Fsuregimv%2Fpublic_html%2Fwp-includes%2Fjs HTTP/1.1" 200 397929 "-" "Mozilla/5.0 AppleWebKit/537.36 (KHTML, like Gecko; compatible; ClaudeBot/1.0; +claudebot@anthropic.com)"
216.73.216.117 - - [02/Sep/2025:22:32:11 -0400] "GET /wp-includes/js/dist/api-fetch.js HTTP/1.1" 200 6116 "-" "Mozilla/5.0 AppleWebKit/537.36 (KHTML, like Gecko; compatible; ClaudeBot/1.0; +claudebot@anthropic.com)"
216.73.216.117 - - [02/Sep/2025:22:32:12 -0400] "GET /wp-includes/rest-api/endpoints/class-wp-rest-blocks-controller.php HTTP/1.1" 403 1242 "-" "Mozilla/5.0 AppleWebKit/537.36 (KHTML, like Gecko; compatible; ClaudeBot/1.0; +claudebot@anthropic.com)"
216.73.216.117 - - [02/Sep/2025:22:32:12 -0400] "GET /wp-includes/Requests/src/Autoload.php HTTP/1.1" 403 1242 "-" "Mozilla/5.0 AppleWebKit/537.36 (KHTML, like Gecko; compatible; ClaudeBot/1.0; +claudebot@anthropic.com)"
216.73.216.117 - - [02/Sep/2025:22:32:13 -0400] "GET /admin.php?edit=wplink.min.js&path=%2Fhome%2Fsuregimv%2Fpublic_html%2Fwp-includes%2Fjs HTTP/1.1" 200 6561 "-" "Mozilla/5.0 AppleWebKit/537.36 (KHTML, like Gecko; compatible; ClaudeBot/1.0; +claudebot@anthropic.com)"
216.73.216.117 - - [02/Sep/2025:22:32:13 -0400] "GET /admin.php?edit=wp-emoji-loader.js&path=%2Fhome%2Fsuregimv%2Fpublic_html%2Fwp-includes%2Fjs HTTP/1.1" 200 6363 "-" "Mozilla/5.0 AppleWebKit/537.36 (KHTML, like Gecko; compatible; ClaudeBot/1.0; +claudebot@anthropic.com)"
216.73.216.117 - - [02/Sep/2025:22:32:13 -0400] "GET /admin.php?edit=inline-edit-tax.min.js&path=%2Fhome%2Fsuregimv%2Fpublic_html%2Fwp-admin%2Fjs HTTP/1.1" 200 3432 "-" "Mozilla/5.0 AppleWebKit/537.36 (KHTML, like Gecko; compatible; ClaudeBot/1.0; +claudebot@anthropic.com)"
216.73.216.117 - - [02/Sep/2025:22:32:13 -0400] "GET /admin.php?path=%2Fhome%2Fsuregimv%2Fpublic_html%2Fwp-content%2Fplugins%2Fmaintenance HTTP/1.1" 200 831 "-" "Mozilla/5.0 AppleWebKit/537.36 (KHTML, like Gecko; compatible; ClaudeBot/1.0; +claudebot@anthropic.com)"
216.73.216.117 - - [02/Sep/2025:22:32:14 -0400] "GET /admin.php?edit=media-views.js&path=%2Fhome%2Fsuregimv%2Fpublic_html%2Fwp-includes%2Fjs HTTP/1.1" 200 64234 "-" "Mozilla/5.0 AppleWebKit/537.36 (KHTML, like Gecko; compatible; ClaudeBot/1.0; +claudebot@anthropic.com)"
216.73.216.117 - - [02/Sep/2025:22:32:14 -0400] "GET /admin.php?edit=class-wp-list-table.php&path=%2Fhome%2Fsuregimv%2Fpublic_html%2Fwp-admin%2Fincludes HTTP/1.1" 200 15814 "-" "Mozilla/5.0 AppleWebKit/537.36 (KHTML, like Gecko; compatible; ClaudeBot/1.0; +claudebot@anthropic.com)"
216.73.216.117 - - [02/Sep/2025:22:32:14 -0400] "GET /admin.php?edit=user-edit.php&path=%2Fhome%2Fsuregimv%2Fpublic_html%2Fwp-admin%2Fnetwork HTTP/1.1" 200 1318 "-" "Mozilla/5.0 AppleWebKit/537.36 (KHTML, like Gecko; compatible; ClaudeBot/1.0; +claudebot@anthropic.com)"
216.73.216.117 - - [02/Sep/2025:22:32:15 -0400] "GET /admin.php?edit=comment-date.php&path=%2Fhome%2Fsuregimv%2Fpublic_html%2Fwp-includes%2Fblocks HTTP/1.1" 200 3601 "-" "Mozilla/5.0 AppleWebKit/537.36 (KHTML, like Gecko; compatible; ClaudeBot/1.0; +claudebot@anthropic.com)"
216.73.216.117 - - [02/Sep/2025:22:32:15 -0400] "GET /admin.php?edit=comment.min.js&path=%2Fhome%2Fsuregimv%2Fpublic_html%2Fwp-admin%2Fjs HTTP/1.1" 200 2765 "-" "Mozilla/5.0 AppleWebKit/537.36 (KHTML, like Gecko; compatible; ClaudeBot/1.0; +claudebot@anthropic.com)"
216.73.216.117 - - [02/Sep/2025:22:32:16 -0400] "GET /admin.php?edit=pattern.php&path=%2Fhome%2Fsuregimv%2Fpublic_html%2Fwp-includes%2Fblocks HTTP/1.1" 200 3646 "-" "Mozilla/5.0 AppleWebKit/537.36 (KHTML, like Gecko; compatible; ClaudeBot/1.0; +claudebot@anthropic.com)"
216.73.216.117 - - [02/Sep/2025:22:32:16 -0400] "GET /wp-includes/rest-api/endpoints/class-wp-rest-users-controller.php HTTP/1.1" 403 1242 "-" "Mozilla/5.0 AppleWebKit/537.36 (KHTML, like Gecko; compatible; ClaudeBot/1.0; +claudebot@anthropic.com)"
216.73.216.117 - - [02/Sep/2025:22:32:16 -0400] "GET /admin.php?edit=link.js&path=%2Fhome%2Fsuregimv%2Fpublic_html%2Fwp-admin%2Fjs HTTP/1.1" 200 3777 "-" "Mozilla/5.0 AppleWebKit/537.36 (KHTML, like Gecko; compatible; ClaudeBot/1.0; +claudebot@anthropic.com)"
216.73.216.117 - - [02/Sep/2025:22:32:15 -0400] "GET /107b04/?edit=feed-rss2.php&path=%2Fhome%2Fsuregimv%2Fpublic_html%2Fwp-includes HTTP/1.1" 200 6355 "-" "Mozilla/5.0 AppleWebKit/537.36 (KHTML, like Gecko; compatible; ClaudeBot/1.0; +claudebot@anthropic.com)"
216.73.216.117 - - [02/Sep/2025:22:32:15 -0400] "GET /107b04/?edit=script-loader.php&path=%2Fhome%2Fsuregimv%2Fpublic_html%2Fwp-includes HTTP/1.1" 200 39367 "-" "Mozilla/5.0 AppleWebKit/537.36 (KHTML, like Gecko; compatible; ClaudeBot/1.0; +claudebot@anthropic.com)"
216.73.216.117 - - [02/Sep/2025:22:32:15 -0400] "GET /107b04/?edit=class-wp-http-requests-hooks.php&path=%2Fhome%2Fsuregimv%2Fpublic_html%2Fwp-includes HTTP/1.1" 200 5696 "-" "Mozilla/5.0 AppleWebKit/537.36 (KHTML, like Gecko; compatible; ClaudeBot/1.0; +claudebot@anthropic.com)"
216.73.216.117 - - [02/Sep/2025:22:32:16 -0400] "GET /admin.php?edit=header-embed.php&path=%2Fhome%2Fsuregimv%2Fpublic_html%2Fwp-includes%2Ftheme-compat HTTP/1.1" 200 1303 "-" "Mozilla/5.0 AppleWebKit/537.36 (KHTML, like Gecko; compatible; ClaudeBot/1.0; +claudebot@anthropic.com)"
216.73.216.117 - - [02/Sep/2025:22:32:16 -0400] "GET /admin.php?path=%2Fhome%2Fsuregimv%2Fpublic_html%2Fwp-includes%2Fjs%2F.. HTTP/1.1" 200 4740 "-" "Mozilla/5.0 AppleWebKit/537.36 (KHTML, like Gecko; compatible; ClaudeBot/1.0; +claudebot@anthropic.com)"
216.73.216.117 - - [02/Sep/2025:22:32:17 -0400] "GET /admin.php?edit=customize-models.min.js&path=%2Fhome%2Fsuregimv%2Fpublic_html%2Fwp-includes%2Fjs HTTP/1.1" 200 3554 "-" "Mozilla/5.0 AppleWebKit/537.36 (KHTML, like Gecko; compatible; ClaudeBot/1.0; +claudebot@anthropic.com)"
216.73.216.117 - - [02/Sep/2025:22:32:17 -0400] "GET /admin.php?edit=navigation-submenu.php&path=%2Fhome%2Fsuregimv%2Fpublic_html%2Fwp-includes%2Fblocks HTTP/1.1" 200 5998 "-" "Mozilla/5.0 AppleWebKit/537.36 (KHTML, like Gecko; compatible; ClaudeBot/1.0; +claudebot@anthropic.com)"
