216.73.216.117 - - [02/Sep/2025:13:57:30 -0400] "GET /wp-includes/images/ HTTP/1.1" 200 1670 "https://surewordglobalimpactministry.org/wp-includes/images" "Mozilla/5.0 AppleWebKit/537.36 (KHTML, like Gecko; compatible; ClaudeBot/1.0; +claudebot@anthropic.com)"
216.73.216.117 - - [02/Sep/2025:13:57:30 -0400] "GET /wp-includes/fonts.php HTTP/1.1" 403 1242 "-" "Mozilla/5.0 AppleWebKit/537.36 (KHTML, like Gecko; compatible; ClaudeBot/1.0; +claudebot@anthropic.com)"
216.73.216.117 - - [02/Sep/2025:13:57:30 -0400] "GET /wp-includes/general-template.php HTTP/1.1" 403 1242 "-" "Mozilla/5.0 AppleWebKit/537.36 (KHTML, like Gecko; compatible; ClaudeBot/1.0; +claudebot@anthropic.com)"
216.73.216.117 - - [02/Sep/2025:13:57:30 -0400] "GET /wp-includes/sitemaps.php HTTP/1.1" 403 1242 "-" "Mozilla/5.0 AppleWebKit/537.36 (KHTML, like Gecko; compatible; ClaudeBot/1.0; +claudebot@anthropic.com)"
216.73.216.117 - - [02/Sep/2025:13:57:31 -0400] "GET /wp-includes/meta.php HTTP/1.1" 403 1242 "-" "Mozilla/5.0 AppleWebKit/537.36 (KHTML, like Gecko; compatible; ClaudeBot/1.0; +claudebot@anthropic.com)"
216.73.216.117 - - [02/Sep/2025:13:57:31 -0400] "GET /wp-includes/sodium_compat/ HTTP/1.1" 200 1158 "https://surewordglobalimpactministry.org/wp-includes/sodium_compat" "Mozilla/5.0 AppleWebKit/537.36 (KHTML, like Gecko; compatible; ClaudeBot/1.0; +claudebot@anthropic.com)"
216.73.216.117 - - [02/Sep/2025:13:57:31 -0400] "GET /wp-includes/sitemaps/ HTTP/1.1" 200 1147 "https://surewordglobalimpactministry.org/wp-includes/sitemaps" "Mozilla/5.0 AppleWebKit/537.36 (KHTML, like Gecko; compatible; ClaudeBot/1.0; +claudebot@anthropic.com)"
216.73.216.117 - - [02/Sep/2025:13:57:31 -0400] "GET /wp-includes/https-migration.php HTTP/1.1" 403 1242 "-" "Mozilla/5.0 AppleWebKit/537.36 (KHTML, like Gecko; compatible; ClaudeBot/1.0; +claudebot@anthropic.com)"
216.73.216.117 - - [02/Sep/2025:13:57:31 -0400] "GET /wp-includes/post.php HTTP/1.1" 403 1242 "-" "Mozilla/5.0 AppleWebKit/537.36 (KHTML, like Gecko; compatible; ClaudeBot/1.0; +claudebot@anthropic.com)"
216.73.216.117 - - [02/Sep/2025:13:57:31 -0400] "GET /wp-includes/blocks.php HTTP/1.1" 403 1242 "-" "Mozilla/5.0 AppleWebKit/537.36 (KHTML, like Gecko; compatible; ClaudeBot/1.0; +claudebot@anthropic.com)"
216.73.216.117 - - [02/Sep/2025:13:57:31 -0400] "GET /wp-includes/locale.php HTTP/1.1" 403 1242 "-" "Mozilla/5.0 AppleWebKit/537.36 (KHTML, like Gecko; compatible; ClaudeBot/1.0; +claudebot@anthropic.com)"
216.73.216.117 - - [02/Sep/2025:13:57:31 -0400] "GET /wp-includes/theme-compat/ HTTP/1.1" 200 1280 "https://surewordglobalimpactministry.org/wp-includes/theme-compat" "Mozilla/5.0 AppleWebKit/537.36 (KHTML, like Gecko; compatible; ClaudeBot/1.0; +claudebot@anthropic.com)"
193.142.147.5 - - [02/Sep/2025:13:57:31 -0400] "GET /wp-admin/includes//wp-admin/includes/class-language-pack-upgrader-skin.php HTTP/1.1" 404 1251 "-" "Mozlila/5.0 (Linux; Android 7.0; SM-G892A Bulid/NRD90M; wv) AppleWebKit/537.36 (KHTML, like Gecko) Version/4.0 Chrome/60.0.3112.107 Moblie Safari/537.36"
216.73.216.117 - - [02/Sep/2025:13:57:31 -0400] "GET /wp-includes/canonical.php HTTP/1.1" 403 1242 "-" "Mozilla/5.0 AppleWebKit/537.36 (KHTML, like Gecko; compatible; ClaudeBot/1.0; +claudebot@anthropic.com)"
216.73.216.117 - - [02/Sep/2025:13:57:32 -0400] "GET /wp-includes/blocks/ HTTP/1.1" 200 6 "https://surewordglobalimpactministry.org/wp-includes/blocks" "Mozilla/5.0 AppleWebKit/537.36 (KHTML, like Gecko; compatible; ClaudeBot/1.0; +claudebot@anthropic.com)"
193.142.147.5 - - [02/Sep/2025:13:57:39 -0400] "GET /wp-admin/includes//wp-admin/includes/class-pclzip.php HTTP/1.1" 404 1251 "-" "Mozlila/5.0 (Linux; Android 7.0; SM-G892A Bulid/NRD90M; wv) AppleWebKit/537.36 (KHTML, like Gecko) Version/4.0 Chrome/60.0.3112.107 Moblie Safari/537.36"
193.142.147.5 - - [02/Sep/2025:13:57:47 -0400] "GET /wp-admin/includes//wp-admin/includes/class-plugin-upgrader-skin.php HTTP/1.1" 404 1251 "-" "Mozlila/5.0 (Linux; Android 7.0; SM-G892A Bulid/NRD90M; wv) AppleWebKit/537.36 (KHTML, like Gecko) Version/4.0 Chrome/60.0.3112.107 Moblie Safari/537.36"
193.142.147.5 - - [02/Sep/2025:13:57:57 -0400] "GET /wp-admin/includes//wp-admin/includes/class-theme-upgrader-skin.php HTTP/1.1" 404 1251 "-" "Mozlila/5.0 (Linux; Android 7.0; SM-G892A Bulid/NRD90M; wv) AppleWebKit/537.36 (KHTML, like Gecko) Version/4.0 Chrome/60.0.3112.107 Moblie Safari/537.36"
193.142.147.5 - - [02/Sep/2025:13:58:00 -0400] "GET /wp-admin/includes//wp-admin/includes/class-theme-upgrader.php HTTP/1.1" 404 1251 "-" "Mozlila/5.0 (Linux; Android 7.0; SM-G892A Bulid/NRD90M; wv) AppleWebKit/537.36 (KHTML, like Gecko) Version/4.0 Chrome/60.0.3112.107 Moblie Safari/537.36"
66.249.79.71 - - [02/Sep/2025:13:58:04 -0400] "GET /m219012874?srsltid=AfmBOosTAEaLpsppC45d87_onSJstbiOr_72mVwZop-C-NAQhXPJej HTTP/1.1" 404 1251 "-" "Mozilla/5.0 (Linux; Android 6.0.1; Nexus 5X Build/MMB29P) AppleWebKit/537.36 (KHTML, like Gecko) Chrome/138.0.7204.183 Mobile Safari/537.36 (compatible; Googlebot/2.1; +http://www.google.com/bot.html)"
193.142.147.5 - - [02/Sep/2025:13:58:07 -0400] "GET /wp-admin/includes//wp-admin/includes/class-walker-nav-menu-checklist.php HTTP/1.1" 404 1251 "-" "Mozlila/5.0 (Linux; Android 7.0; SM-G892A Bulid/NRD90M; wv) AppleWebKit/537.36 (KHTML, like Gecko) Version/4.0 Chrome/60.0.3112.107 Moblie Safari/537.36"
193.142.147.5 - - [02/Sep/2025:13:58:17 -0400] "GET /wp-admin/includes//wp-admin/includes/class-wp-application-passwords-list-table.php HTTP/1.1" 404 1251 "-" "Mozlila/5.0 (Linux; Android 7.0; SM-G892A Bulid/NRD90M; wv) AppleWebKit/537.36 (KHTML, like Gecko) Version/4.0 Chrome/60.0.3112.107 Moblie Safari/537.36"
216.73.216.117 - - [02/Sep/2025:13:57:31 -0400] "GET /wp-includes/theme-compat HTTP/1.1" 301 795 "-" "Mozilla/5.0 AppleWebKit/537.36 (KHTML, like Gecko; compatible; ClaudeBot/1.0; +claudebot@anthropic.com)"
216.73.216.117 - - [02/Sep/2025:13:57:31 -0400] "GET /wp-includes/template.php HTTP/1.1" 403 1242 "-" "Mozilla/5.0 AppleWebKit/537.36 (KHTML, like Gecko; compatible; ClaudeBot/1.0; +claudebot@anthropic.com)"
216.73.216.117 - - [02/Sep/2025:13:57:31 -0400] "GET /wp-includes/blocks HTTP/1.1" 301 795 "-" "Mozilla/5.0 AppleWebKit/537.36 (KHTML, like Gecko; compatible; ClaudeBot/1.0; +claudebot@anthropic.com)"
216.73.216.117 - - [02/Sep/2025:13:57:32 -0400] "GET /wp-includes/comment-template.php HTTP/1.1" 403 1242 "-" "Mozilla/5.0 AppleWebKit/537.36 (KHTML, like Gecko; compatible; ClaudeBot/1.0; +claudebot@anthropic.com)"
193.142.147.5 - - [02/Sep/2025:13:57:34 -0400] "GET /wp-admin/includes//wp-admin/includes/class-language-pack-upgrader.php HTTP/1.1" 404 1251 "-" "Mozlila/5.0 (Linux; Android 7.0; SM-G892A Bulid/NRD90M; wv) AppleWebKit/537.36 (KHTML, like Gecko) Version/4.0 Chrome/60.0.3112.107 Moblie Safari/537.36"
193.142.147.5 - - [02/Sep/2025:13:57:43 -0400] "GET /wp-admin/includes//wp-admin/includes/class-plugin-installer-skin.php HTTP/1.1" 404 1251 "-" "Mozlila/5.0 (Linux; Android 7.0; SM-G892A Bulid/NRD90M; wv) AppleWebKit/537.36 (KHTML, like Gecko) Version/4.0 Chrome/60.0.3112.107 Moblie Safari/537.36"
193.142.147.5 - - [02/Sep/2025:13:57:51 -0400] "GET /wp-admin/includes//wp-admin/includes/class-plugin-upgrader.php HTTP/1.1" 404 1251 "-" "Mozlila/5.0 (Linux; Android 7.0; SM-G892A Bulid/NRD90M; wv) AppleWebKit/537.36 (KHTML, like Gecko) Version/4.0 Chrome/60.0.3112.107 Moblie Safari/537.36"
193.142.147.5 - - [02/Sep/2025:13:57:54 -0400] "GET /wp-admin/includes//wp-admin/includes/class-theme-installer-skin.php HTTP/1.1" 404 1251 "-" "Mozlila/5.0 (Linux; Android 7.0; SM-G892A Bulid/NRD90M; wv) AppleWebKit/537.36 (KHTML, like Gecko) Version/4.0 Chrome/60.0.3112.107 Moblie Safari/537.36"
193.142.147.5 - - [02/Sep/2025:13:58:04 -0400] "GET /wp-admin/includes//wp-admin/includes/class-walker-category-checklist.php HTTP/1.1" 404 1251 "-" "Mozlila/5.0 (Linux; Android 7.0; SM-G892A Bulid/NRD90M; wv) AppleWebKit/537.36 (KHTML, like Gecko) Version/4.0 Chrome/60.0.3112.107 Moblie Safari/537.36"
193.142.147.5 - - [02/Sep/2025:13:58:10 -0400] "GET /wp-admin/includes//wp-admin/includes/class-walker-nav-menu-edit.php HTTP/1.1" 404 1251 "-" "Mozlila/5.0 (Linux; Android 7.0; SM-G892A Bulid/NRD90M; wv) AppleWebKit/537.36 (KHTML, like Gecko) Version/4.0 Chrome/60.0.3112.107 Moblie Safari/537.36"
193.142.147.5 - - [02/Sep/2025:13:58:13 -0400] "GET /wp-admin/includes//wp-admin/includes/class-wp-ajax-upgrader-skin.php HTTP/1.1" 404 1251 "-" "Mozlila/5.0 (Linux; Android 7.0; SM-G892A Bulid/NRD90M; wv) AppleWebKit/537.36 (KHTML, like Gecko) Version/4.0 Chrome/60.0.3112.107 Moblie Safari/537.36"
193.142.147.5 - - [02/Sep/2025:13:58:23 -0400] "GET /wp-admin/includes//wp-admin/includes/class-wp-comments-list-table.php HTTP/1.1" 404 1251 "-" "Mozlila/5.0 (Linux; Android 7.0; SM-G892A Bulid/NRD90M; wv) AppleWebKit/537.36 (KHTML, like Gecko) Version/4.0 Chrome/60.0.3112.107 Moblie Safari/537.36"
193.142.147.5 - - [02/Sep/2025:13:58:39 -0400] "GET /wp-admin/includes//wp-admin/includes/class-wp-filesystem-ftpext.php HTTP/1.1" 404 1251 "-" "Mozlila/5.0 (Linux; Android 7.0; SM-G892A Bulid/NRD90M; wv) AppleWebKit/537.36 (KHTML, like Gecko) Version/4.0 Chrome/60.0.3112.107 Moblie Safari/537.36"
193.142.147.5 - - [02/Sep/2025:13:58:49 -0400] "GET /wp-admin/includes//wp-admin/includes/class-wp-importer.php HTTP/1.1" 404 1251 "-" "Mozlila/5.0 (Linux; Android 7.0; SM-G892A Bulid/NRD90M; wv) AppleWebKit/537.36 (KHTML, like Gecko) Version/4.0 Chrome/60.0.3112.107 Moblie Safari/537.36"
193.142.147.5 - - [02/Sep/2025:13:58:20 -0400] "GET /wp-admin/includes//wp-admin/includes/class-wp-automatic-updater.php HTTP/1.1" 404 1251 "-" "Mozlila/5.0 (Linux; Android 7.0; SM-G892A Bulid/NRD90M; wv) AppleWebKit/537.36 (KHTML, like Gecko) Version/4.0 Chrome/60.0.3112.107 Moblie Safari/537.36"
193.142.147.5 - - [02/Sep/2025:13:58:26 -0400] "GET /wp-admin/includes//wp-admin/includes/class-wp-community-events.php HTTP/1.1" 404 1251 "-" "Mozlila/5.0 (Linux; Android 7.0; SM-G892A Bulid/NRD90M; wv) AppleWebKit/537.36 (KHTML, like Gecko) Version/4.0 Chrome/60.0.3112.107 Moblie Safari/537.36"
193.142.147.5 - - [02/Sep/2025:13:58:29 -0400] "GET /wp-admin/includes//wp-admin/includes/class-wp-debug-data.php HTTP/1.1" 404 1251 "-" "Mozlila/5.0 (Linux; Android 7.0; SM-G892A Bulid/NRD90M; wv) AppleWebKit/537.36 (KHTML, like Gecko) Version/4.0 Chrome/60.0.3112.107 Moblie Safari/537.36"
193.142.147.5 - - [02/Sep/2025:13:58:32 -0400] "GET /wp-admin/includes//wp-admin/includes/class-wp-filesystem-base.php HTTP/1.1" 404 1251 "-" "Mozlila/5.0 (Linux; Android 7.0; SM-G892A Bulid/NRD90M; wv) AppleWebKit/537.36 (KHTML, like Gecko) Version/4.0 Chrome/60.0.3112.107 Moblie Safari/537.36"
193.142.147.5 - - [02/Sep/2025:13:58:36 -0400] "GET /wp-admin/includes//wp-admin/includes/class-wp-filesystem-direct.php HTTP/1.1" 404 1251 "-" "Mozlila/5.0 (Linux; Android 7.0; SM-G892A Bulid/NRD90M; wv) AppleWebKit/537.36 (KHTML, like Gecko) Version/4.0 Chrome/60.0.3112.107 Moblie Safari/537.36"
193.142.147.5 - - [02/Sep/2025:13:58:42 -0400] "GET /wp-admin/includes//wp-admin/includes/class-wp-filesystem-ftpsockets.php HTTP/1.1" 404 1251 "-" "Mozlila/5.0 (Linux; Android 7.0; SM-G892A Bulid/NRD90M; wv) AppleWebKit/537.36 (KHTML, like Gecko) Version/4.0 Chrome/60.0.3112.107 Moblie Safari/537.36"
193.142.147.5 - - [02/Sep/2025:13:58:46 -0400] "GET /wp-admin/includes//wp-admin/includes/class-wp-filesystem-ssh2.php HTTP/1.1" 404 1251 "-" "Mozlila/5.0 (Linux; Android 7.0; SM-G892A Bulid/NRD90M; wv) AppleWebKit/537.36 (KHTML, like Gecko) Version/4.0 Chrome/60.0.3112.107 Moblie Safari/537.36"
66.249.79.70 - - [02/Sep/2025:13:58:47 -0400] "GET /q-~33WNs9flTNt3c4fLPqkDXx9uWRvxc6Jc2825/ HTTP/1.1" 404 1251 "-" "Mozilla/5.0 (Linux; Android 6.0.1; Nexus 5X Build/MMB29P) AppleWebKit/537.36 (KHTML, like Gecko) Chrome/138.0.7204.183 Mobile Safari/537.36 (compatible; Googlebot/2.1; +http://www.google.com/bot.html)"
66.249.79.70 - - [02/Sep/2025:13:58:47 -0400] "GET /content.php?t=88231863329 HTTP/1.1" 404 1251 "-" "Mozilla/5.0 (Linux; Android 6.0.1; Nexus 5X Build/MMB29P) AppleWebKit/537.36 (KHTML, like Gecko) Chrome/138.0.7204.183 Mobile Safari/537.36 (compatible; Googlebot/2.1; +http://www.google.com/bot.html)"
193.142.147.5 - - [02/Sep/2025:13:58:53 -0400] "GET /wp-admin/includes//wp-admin/includes/class-wp-internal-pointers.php HTTP/1.1" 404 1251 "-" "Mozlila/5.0 (Linux; Android 7.0; SM-G892A Bulid/NRD90M; wv) AppleWebKit/537.36 (KHTML, like Gecko) Version/4.0 Chrome/60.0.3112.107 Moblie Safari/537.36"
193.142.147.5 - - [02/Sep/2025:13:58:59 -0400] "GET /wp-admin/includes//wp-admin/includes/class-wp-list-table-compat.php HTTP/1.1" 404 1251 "-" "Mozlila/5.0 (Linux; Android 7.0; SM-G892A Bulid/NRD90M; wv) AppleWebKit/537.36 (KHTML, like Gecko) Version/4.0 Chrome/60.0.3112.107 Moblie Safari/537.36"
193.142.147.5 - - [02/Sep/2025:13:59:10 -0400] "GET /wp-admin/includes//wp-admin/includes/class-wp-ms-sites-list-table.php HTTP/1.1" 404 1251 "-" "Mozlila/5.0 (Linux; Android 7.0; SM-G892A Bulid/NRD90M; wv) AppleWebKit/537.36 (KHTML, like Gecko) Version/4.0 Chrome/60.0.3112.107 Moblie Safari/537.36"
193.142.147.5 - - [02/Sep/2025:13:59:13 -0400] "GET /wp-admin/includes//wp-admin/includes/class-wp-ms-themes-list-table.php HTTP/1.1" 404 1251 "-" "Mozlila/5.0 (Linux; Android 7.0; SM-G892A Bulid/NRD90M; wv) AppleWebKit/537.36 (KHTML, like Gecko) Version/4.0 Chrome/60.0.3112.107 Moblie Safari/537.36"
193.142.147.5 - - [02/Sep/2025:13:58:57 -0400] "GET /wp-admin/includes//wp-admin/includes/class-wp-links-list-table.php HTTP/1.1" 404 1251 "-" "Mozlila/5.0 (Linux; Android 7.0; SM-G892A Bulid/NRD90M; wv) AppleWebKit/537.36 (KHTML, like Gecko) Version/4.0 Chrome/60.0.3112.107 Moblie Safari/537.36"
52.167.144.238 - - [02/Sep/2025:13:58:57 -0400] "GET /wellbeloved/trichostrongylid/vd446901822 HTTP/1.1" 404 1251 "-" "Mozilla/5.0 AppleWebKit/537.36 (KHTML, like Gecko; compatible; bingbot/2.0; +http://www.bing.com/bingbot.htm) Chrome/116.0.1938.76 Safari/537.36"
193.142.147.5 - - [02/Sep/2025:13:59:02 -0400] "GET /wp-admin/includes//wp-admin/includes/class-wp-list-table.php HTTP/1.1" 404 1251 "-" "Mozlila/5.0 (Linux; Android 7.0; SM-G892A Bulid/NRD90M; wv) AppleWebKit/537.36 (KHTML, like Gecko) Version/4.0 Chrome/60.0.3112.107 Moblie Safari/537.36"
193.142.147.5 - - [02/Sep/2025:13:59:06 -0400] "GET /wp-admin/includes//wp-admin/includes/class-wp-media-list-table.php HTTP/1.1" 404 1251 "-" "Mozlila/5.0 (Linux; Android 7.0; SM-G892A Bulid/NRD90M; wv) AppleWebKit/537.36 (KHTML, like Gecko) Version/4.0 Chrome/60.0.3112.107 Moblie Safari/537.36"
193.142.147.5 - - [02/Sep/2025:13:59:17 -0400] "GET /wp-admin/includes//wp-admin/includes/class-wp-ms-users-list-table.php HTTP/1.1" 404 1251 "-" "Mozlila/5.0 (Linux; Android 7.0; SM-G892A Bulid/NRD90M; wv) AppleWebKit/537.36 (KHTML, like Gecko) Version/4.0 Chrome/60.0.3112.107 Moblie Safari/537.36"
52.167.144.238 - - [02/Sep/2025:13:59:19 -0400] "GET /saulsbury/447490289 HTTP/1.1" 404 1251 "-" "Mozilla/5.0 AppleWebKit/537.36 (KHTML, like Gecko; compatible; bingbot/2.0; +http://www.bing.com/bingbot.htm) Chrome/116.0.1938.76 Safari/537.36"
193.142.147.5 - - [02/Sep/2025:13:59:21 -0400] "GET /wp-admin/includes//wp-admin/includes/class-wp-plugin-install-list-table.php HTTP/1.1" 404 1251 "-" "Mozlila/5.0 (Linux; Android 7.0; SM-G892A Bulid/NRD90M; wv) AppleWebKit/537.36 (KHTML, like Gecko) Version/4.0 Chrome/60.0.3112.107 Moblie Safari/537.36"
193.142.147.5 - - [02/Sep/2025:13:59:25 -0400] "GET /wp-admin/includes//wp-admin/includes/class-wp-plugins-list-table.php HTTP/1.1" 404 1251 "-" "Mozlila/5.0 (Linux; Android 7.0; SM-G892A Bulid/NRD90M; wv) AppleWebKit/537.36 (KHTML, like Gecko) Version/4.0 Chrome/60.0.3112.107 Moblie Safari/537.36"
193.142.147.5 - - [02/Sep/2025:13:59:29 -0400] "GET /wp-admin/includes//wp-admin/includes/class-wp-post-comments-list-table.php HTTP/1.1" 404 1251 "-" "Mozlila/5.0 (Linux; Android 7.0; SM-G892A Bulid/NRD90M; wv) AppleWebKit/537.36 (KHTML, like Gecko) Version/4.0 Chrome/60.0.3112.107 Moblie Safari/537.36"
193.142.147.5 - - [02/Sep/2025:13:59:36 -0400] "GET /wp-admin/includes//wp-admin/includes/class-wp-privacy-data-export-requests-list-table.php HTTP/1.1" 404 1251 "-" "Mozlila/5.0 (Linux; Android 7.0; SM-G892A Bulid/NRD90M; wv) AppleWebKit/537.36 (KHTML, like Gecko) Version/4.0 Chrome/60.0.3112.107 Moblie Safari/537.36"
193.142.147.5 - - [02/Sep/2025:13:59:45 -0400] "GET /wp-admin/includes//wp-admin/includes/class-wp-privacy-requests-table.php HTTP/1.1" 404 1251 "-" "Mozlila/5.0 (Linux; Android 7.0; SM-G892A Bulid/NRD90M; wv) AppleWebKit/537.36 (KHTML, like Gecko) Version/4.0 Chrome/60.0.3112.107 Moblie Safari/537.36"
52.167.144.140 - - [02/Sep/2025:13:59:48 -0400] "GET /shoddywards/metatheory/ HTTP/1.1" 404 1251 "-" "Mozilla/5.0 AppleWebKit/537.36 (KHTML, like Gecko; compatible; bingbot/2.0; +http://www.bing.com/bingbot.htm) Chrome/116.0.1938.76 Safari/537.36"
193.142.147.5 - - [02/Sep/2025:14:00:01 -0400] "GET /wp-admin/includes//wp-admin/includes/class-wp-site-icon.php HTTP/1.1" 404 1251 "-" "Mozlila/5.0 (Linux; Android 7.0; SM-G892A Bulid/NRD90M; wv) AppleWebKit/537.36 (KHTML, like Gecko) Version/4.0 Chrome/60.0.3112.107 Moblie Safari/537.36"
52.167.144.160 - - [02/Sep/2025:14:00:06 -0400] "GET /coexecutor/457484212 HTTP/1.1" 404 1251 "-" "Mozilla/5.0 AppleWebKit/537.36 (KHTML, like Gecko; compatible; bingbot/2.0; +http://www.bing.com/bingbot.htm) Chrome/116.0.1938.76 Safari/537.36"
193.142.147.5 - - [02/Sep/2025:13:59:32 -0400] "GET /wp-admin/includes//wp-admin/includes/class-wp-posts-list-table.php HTTP/1.1" 404 1251 "-" "Mozlila/5.0 (Linux; Android 7.0; SM-G892A Bulid/NRD90M; wv) AppleWebKit/537.36 (KHTML, like Gecko) Version/4.0 Chrome/60.0.3112.107 Moblie Safari/537.36"
40.77.167.71 - - [02/Sep/2025:13:59:36 -0400] "GET /pil/bo/zn/320796040 HTTP/1.1" 404 1251 "-" "Mozilla/5.0 AppleWebKit/537.36 (KHTML, like Gecko; compatible; bingbot/2.0; +http://www.bing.com/bingbot.htm) Chrome/116.0.1938.76 Safari/537.36"
193.142.147.5 - - [02/Sep/2025:13:59:39 -0400] "GET /wp-admin/includes//wp-admin/includes/class-wp-privacy-data-removal-requests-list-table.php HTTP/1.1" 404 1251 "-" "Mozlila/5.0 (Linux; Android 7.0; SM-G892A Bulid/NRD90M; wv) AppleWebKit/537.36 (KHTML, like Gecko) Version/4.0 Chrome/60.0.3112.107 Moblie Safari/537.36"
193.142.147.5 - - [02/Sep/2025:13:59:43 -0400] "GET /wp-admin/includes//wp-admin/includes/class-wp-privacy-policy-content.php HTTP/1.1" 404 1251 "-" "Mozlila/5.0 (Linux; Android 7.0; SM-G892A Bulid/NRD90M; wv) AppleWebKit/537.36 (KHTML, like Gecko) Version/4.0 Chrome/60.0.3112.107 Moblie Safari/537.36"
193.142.147.5 - - [02/Sep/2025:13:59:50 -0400] "GET /wp-admin/includes//wp-admin/includes/class-wp-screen.php HTTP/1.1" 404 1251 "-" "Mozlila/5.0 (Linux; Android 7.0; SM-G892A Bulid/NRD90M; wv) AppleWebKit/537.36 (KHTML, like Gecko) Version/4.0 Chrome/60.0.3112.107 Moblie Safari/537.36"
193.142.147.5 - - [02/Sep/2025:13:59:54 -0400] "GET /wp-admin/includes//wp-admin/includes/class-wp-site-health-auto-updates.php HTTP/1.1" 404 1251 "-" "Mozlila/5.0 (Linux; Android 7.0; SM-G892A Bulid/NRD90M; wv) AppleWebKit/537.36 (KHTML, like Gecko) Version/4.0 Chrome/60.0.3112.107 Moblie Safari/537.36"
193.142.147.5 - - [02/Sep/2025:13:59:57 -0400] "GET /wp-admin/includes//wp-admin/includes/class-wp-site-health.php HTTP/1.1" 404 1251 "-" "Mozlila/5.0 (Linux; Android 7.0; SM-G892A Bulid/NRD90M; wv) AppleWebKit/537.36 (KHTML, like Gecko) Version/4.0 Chrome/60.0.3112.107 Moblie Safari/537.36"
193.142.147.5 - - [02/Sep/2025:14:00:04 -0400] "GET /wp-admin/includes//wp-admin/includes/class-wp-terms-list-table.php HTTP/1.1" 404 1251 "-" "Mozlila/5.0 (Linux; Android 7.0; SM-G892A Bulid/NRD90M; wv) AppleWebKit/537.36 (KHTML, like Gecko) Version/4.0 Chrome/60.0.3112.107 Moblie Safari/537.36"
193.142.147.5 - - [02/Sep/2025:14:00:07 -0400] "GET /wp-admin/includes//wp-admin/includes/class-wp-theme-install-list-table.php HTTP/1.1" 404 1251 "-" "Mozlila/5.0 (Linux; Android 7.0; SM-G892A Bulid/NRD90M; wv) AppleWebKit/537.36 (KHTML, like Gecko) Version/4.0 Chrome/60.0.3112.107 Moblie Safari/537.36"
193.142.147.5 - - [02/Sep/2025:14:00:11 -0400] "GET /wp-admin/includes//wp-admin/includes/class-wp-themes-list-table.php HTTP/1.1" 404 1251 "-" "Mozlila/5.0 (Linux; Android 7.0; SM-G892A Bulid/NRD90M; wv) AppleWebKit/537.36 (KHTML, like Gecko) Version/4.0 Chrome/60.0.3112.107 Moblie Safari/537.36"
66.249.79.70 - - [02/Sep/2025:14:00:14 -0400] "GET /m115011796?srsltid=AfmBOoWwXJmawRgd1kpPNe_6DVzQi9bwN_S4maULKu-G-lCd0v2pWC HTTP/1.1" 404 1251 "-" "Mozilla/5.0 (Linux; Android 6.0.1; Nexus 5X Build/MMB29P) AppleWebKit/537.36 (KHTML, like Gecko) Chrome/138.0.7204.183 Mobile Safari/537.36 (compatible; Googlebot/2.1; +http://www.google.com/bot.html)"
193.142.147.5 - - [02/Sep/2025:14:00:18 -0400] "GET /wp-admin/includes//wp-admin/includes/class-wp-upgrader-skins.php HTTP/1.1" 404 1251 "-" "Mozlila/5.0 (Linux; Android 7.0; SM-G892A Bulid/NRD90M; wv) AppleWebKit/537.36 (KHTML, like Gecko) Version/4.0 Chrome/60.0.3112.107 Moblie Safari/537.36"
52.167.144.202 - - [02/Sep/2025:14:00:26 -0400] "GET /roh/408143692 HTTP/1.1" 404 1251 "-" "Mozilla/5.0 AppleWebKit/537.36 (KHTML, like Gecko; compatible; bingbot/2.0; +http://www.bing.com/bingbot.htm) Chrome/116.0.1938.76 Safari/537.36"
193.142.147.5 - - [02/Sep/2025:14:00:15 -0400] "GET /wp-admin/includes//wp-admin/includes/class-wp-upgrader-skin.php HTTP/1.1" 404 1251 "-" "Mozlila/5.0 (Linux; Android 7.0; SM-G892A Bulid/NRD90M; wv) AppleWebKit/537.36 (KHTML, like Gecko) Version/4.0 Chrome/60.0.3112.107 Moblie Safari/537.36"
193.142.147.5 - - [02/Sep/2025:14:00:22 -0400] "GET /wp-admin/includes//wp-admin/includes/class-wp-upgrader.php HTTP/1.1" 404 1251 "-" "Mozlila/5.0 (Linux; Android 7.0; SM-G892A Bulid/NRD90M; wv) AppleWebKit/537.36 (KHTML, like Gecko) Version/4.0 Chrome/60.0.3112.107 Moblie Safari/537.36"
52.167.144.202 - - [02/Sep/2025:14:00:26 -0400] "GET /vegetomineral/hullaballoo349089490 HTTP/1.1" 404 1251 "-" "Mozilla/5.0 AppleWebKit/537.36 (KHTML, like Gecko; compatible; bingbot/2.0; +http://www.bing.com/bingbot.htm) Chrome/116.0.1938.76 Safari/537.36"
52.167.144.160 - - [02/Sep/2025:14:00:33 -0400] "GET /ng/thinclad/gp453153979 HTTP/1.1" 404 1251 "-" "Mozilla/5.0 AppleWebKit/537.36 (KHTML, like Gecko; compatible; bingbot/2.0; +http://www.bing.com/bingbot.htm) Chrome/116.0.1938.76 Safari/537.36"
193.142.147.5 - - [02/Sep/2025:14:00:44 -0400] "GET /wp-admin/includes//wp-admin/includes/deprecated.php HTTP/1.1" 404 1251 "-" "Mozlila/5.0 (Linux; Android 7.0; SM-G892A Bulid/NRD90M; wv) AppleWebKit/537.36 (KHTML, like Gecko) Version/4.0 Chrome/60.0.3112.107 Moblie Safari/537.36"
193.142.147.5 - - [02/Sep/2025:14:00:48 -0400] "GET /wp-admin/includes//wp-admin/includes/edit-tag-messages.php HTTP/1.1" 404 1251 "-" "Mozlila/5.0 (Linux; Android 7.0; SM-G892A Bulid/NRD90M; wv) AppleWebKit/537.36 (KHTML, like Gecko) Version/4.0 Chrome/60.0.3112.107 Moblie Safari/537.36"
193.142.147.5 - - [02/Sep/2025:14:00:51 -0400] "GET /wp-admin/includes//wp-admin/includes/error_log HTTP/1.1" 404 1251 "-" "Mozlila/5.0 (Linux; Android 7.0; SM-G892A Bulid/NRD90M; wv) AppleWebKit/537.36 (KHTML, like Gecko) Version/4.0 Chrome/60.0.3112.107 Moblie Safari/537.36"
193.142.147.5 - - [02/Sep/2025:14:01:02 -0400] "GET /wp-admin/includes//wp-admin/includes/image-edit.php HTTP/1.1" 404 1251 "-" "Mozlila/5.0 (Linux; Android 7.0; SM-G892A Bulid/NRD90M; wv) AppleWebKit/537.36 (KHTML, like Gecko) Version/4.0 Chrome/60.0.3112.107 Moblie Safari/537.36"
193.142.147.5 - - [02/Sep/2025:14:01:10 -0400] "GET /wp-admin/includes//wp-admin/includes/import.php HTTP/1.1" 404 1251 "-" "Mozlila/5.0 (Linux; Android 7.0; SM-G892A Bulid/NRD90M; wv) AppleWebKit/537.36 (KHTML, like Gecko) Version/4.0 Chrome/60.0.3112.107 Moblie Safari/537.36"
193.142.147.5 - - [02/Sep/2025:14:01:13 -0400] "GET /wp-admin/includes//wp-admin/includes/list-table.php HTTP/1.1" 404 1251 "-" "Mozlila/5.0 (Linux; Android 7.0; SM-G892A Bulid/NRD90M; wv) AppleWebKit/537.36 (KHTML, like Gecko) Version/4.0 Chrome/60.0.3112.107 Moblie Safari/537.36"
193.142.147.5 - - [02/Sep/2025:14:01:17 -0400] "GET /wp-admin/includes//wp-admin/includes/media.php HTTP/1.1" 404 1251 "-" "Mozlila/5.0 (Linux; Android 7.0; SM-G892A Bulid/NRD90M; wv) AppleWebKit/537.36 (KHTML, like Gecko) Version/4.0 Chrome/60.0.3112.107 Moblie Safari/537.36"
193.142.147.5 - - [02/Sep/2025:14:01:21 -0400] "GET /wp-admin/includes//wp-admin/includes/menu.php HTTP/1.1" 404 1251 "-" "Mozlila/5.0 (Linux; Android 7.0; SM-G892A Bulid/NRD90M; wv) AppleWebKit/537.36 (KHTML, like Gecko) Version/4.0 Chrome/60.0.3112.107 Moblie Safari/537.36"
193.142.147.5 - - [02/Sep/2025:14:01:26 -0400] "GET /wp-admin/includes//wp-admin/includes/meta-boxes.php HTTP/1.1" 404 1251 "-" "Mozlila/5.0 (Linux; Android 7.0; SM-G892A Bulid/NRD90M; wv) AppleWebKit/537.36 (KHTML, like Gecko) Version/4.0 Chrome/60.0.3112.107 Moblie Safari/537.36"
193.142.147.5 - - [02/Sep/2025:14:01:30 -0400] "GET /wp-admin/includes//wp-admin/includes/misc.php HTTP/1.1" 404 1251 "-" "Mozlila/5.0 (Linux; Android 7.0; SM-G892A Bulid/NRD90M; wv) AppleWebKit/537.36 (KHTML, like Gecko) Version/4.0 Chrome/60.0.3112.107 Moblie Safari/537.36"
193.142.147.5 - - [02/Sep/2025:14:01:39 -0400] "GET /wp-admin/includes//wp-admin/includes/ms-deprecated.php HTTP/1.1" 404 1251 "-" "Mozlila/5.0 (Linux; Android 7.0; SM-G892A Bulid/NRD90M; wv) AppleWebKit/537.36 (KHTML, like Gecko) Version/4.0 Chrome/60.0.3112.107 Moblie Safari/537.36"
66.249.79.71 - - [02/Sep/2025:14:01:41 -0400] "GET /m014006721?srsltid=AfmBOohthoasPxFjy32rRD_EQtLxx6Rtq_q7I66DC7-S-AZZvVEjA9 HTTP/1.1" 404 1251 "-" "Mozilla/5.0 (Linux; Android 6.0.1; Nexus 5X Build/MMB29P) AppleWebKit/537.36 (KHTML, like Gecko) Chrome/138.0.7204.183 Mobile Safari/537.36 (compatible; Googlebot/2.1; +http://www.google.com/bot.html)"
193.142.147.5 - - [02/Sep/2025:14:01:43 -0400] "GET /wp-admin/includes//wp-admin/includes/ms.php HTTP/1.1" 404 1251 "-" "Mozlila/5.0 (Linux; Android 7.0; SM-G892A Bulid/NRD90M; wv) AppleWebKit/537.36 (KHTML, like Gecko) Version/4.0 Chrome/60.0.3112.107 Moblie Safari/537.36"
193.142.147.5 - - [02/Sep/2025:14:00:26 -0400] "GET /wp-admin/includes//wp-admin/includes/class-wp-users-list-table.php HTTP/1.1" 404 1251 "-" "Mozlila/5.0 (Linux; Android 7.0; SM-G892A Bulid/NRD90M; wv) AppleWebKit/537.36 (KHTML, like Gecko) Version/4.0 Chrome/60.0.3112.107 Moblie Safari/537.36"
193.142.147.5 - - [02/Sep/2025:14:00:30 -0400] "GET /wp-admin/includes//wp-admin/includes/comment.php HTTP/1.1" 404 1251 "-" "Mozlila/5.0 (Linux; Android 7.0; SM-G892A Bulid/NRD90M; wv) AppleWebKit/537.36 (KHTML, like Gecko) Version/4.0 Chrome/60.0.3112.107 Moblie Safari/537.36"
193.142.147.5 - - [02/Sep/2025:14:00:34 -0400] "GET /wp-admin/includes//wp-admin/includes/continents-cities.php HTTP/1.1" 404 1251 "-" "Mozlila/5.0 (Linux; Android 7.0; SM-G892A Bulid/NRD90M; wv) AppleWebKit/537.36 (KHTML, like Gecko) Version/4.0 Chrome/60.0.3112.107 Moblie Safari/537.36"
193.142.147.5 - - [02/Sep/2025:14:00:37 -0400] "GET /wp-admin/includes//wp-admin/includes/credits.php HTTP/1.1" 404 1251 "-" "Mozlila/5.0 (Linux; Android 7.0; SM-G892A Bulid/NRD90M; wv) AppleWebKit/537.36 (KHTML, like Gecko) Version/4.0 Chrome/60.0.3112.107 Moblie Safari/537.36"
193.142.147.5 - - [02/Sep/2025:14:00:41 -0400] "GET /wp-admin/includes//wp-admin/includes/dashboard.php HTTP/1.1" 404 1251 "-" "Mozlila/5.0 (Linux; Android 7.0; SM-G892A Bulid/NRD90M; wv) AppleWebKit/537.36 (KHTML, like Gecko) Version/4.0 Chrome/60.0.3112.107 Moblie Safari/537.36"
193.142.147.5 - - [02/Sep/2025:14:00:55 -0400] "GET /wp-admin/includes//wp-admin/includes/export.php HTTP/1.1" 404 1251 "-" "Mozlila/5.0 (Linux; Android 7.0; SM-G892A Bulid/NRD90M; wv) AppleWebKit/537.36 (KHTML, like Gecko) Version/4.0 Chrome/60.0.3112.107 Moblie Safari/537.36"
52.167.144.238 - - [02/Sep/2025:14:00:59 -0400] "GET /wirewinding/overappraised354456444 HTTP/1.1" 404 1251 "-" "Mozilla/5.0 AppleWebKit/537.36 (KHTML, like Gecko; compatible; bingbot/2.0; +http://www.bing.com/bingbot.htm) Chrome/116.0.1938.76 Safari/537.36"
193.142.147.5 - - [02/Sep/2025:14:00:59 -0400] "GET /wp-admin/includes//wp-admin/includes/file.php HTTP/1.1" 404 1251 "-" "Mozlila/5.0 (Linux; Android 7.0; SM-G892A Bulid/NRD90M; wv) AppleWebKit/537.36 (KHTML, like Gecko) Version/4.0 Chrome/60.0.3112.107 Moblie Safari/537.36"
193.142.147.5 - - [02/Sep/2025:14:01:06 -0400] "GET /wp-admin/includes//wp-admin/includes/image.php HTTP/1.1" 404 1251 "-" "Mozlila/5.0 (Linux; Android 7.0; SM-G892A Bulid/NRD90M; wv) AppleWebKit/537.36 (KHTML, like Gecko) Version/4.0 Chrome/60.0.3112.107 Moblie Safari/537.36"
193.142.147.5 - - [02/Sep/2025:14:01:35 -0400] "GET /wp-admin/includes//wp-admin/includes/ms-admin-filters.php HTTP/1.1" 404 1251 "-" "Mozlila/5.0 (Linux; Android 7.0; SM-G892A Bulid/NRD90M; wv) AppleWebKit/537.36 (KHTML, like Gecko) Version/4.0 Chrome/60.0.3112.107 Moblie Safari/537.36"
193.142.147.5 - - [02/Sep/2025:14:01:46 -0400] "GET /wp-admin/includes//wp-admin/includes/nav-menu.php HTTP/1.1" 404 1251 "-" "Mozlila/5.0 (Linux; Android 7.0; SM-G892A Bulid/NRD90M; wv) AppleWebKit/537.36 (KHTML, like Gecko) Version/4.0 Chrome/60.0.3112.107 Moblie Safari/537.36"
193.142.147.5 - - [02/Sep/2025:14:01:50 -0400] "GET /wp-admin/includes//wp-admin/includes/network.php HTTP/1.1" 404 1251 "-" "Mozlila/5.0 (Linux; Android 7.0; SM-G892A Bulid/NRD90M; wv) AppleWebKit/537.36 (KHTML, like Gecko) Version/4.0 Chrome/60.0.3112.107 Moblie Safari/537.36"
193.142.147.5 - - [02/Sep/2025:14:01:57 -0400] "GET /wp-admin/includes//wp-admin/includes/options.php HTTP/1.1" 404 1251 "-" "Mozlila/5.0 (Linux; Android 7.0; SM-G892A Bulid/NRD90M; wv) AppleWebKit/537.36 (KHTML, like Gecko) Version/4.0 Chrome/60.0.3112.107 Moblie Safari/537.36"
40.77.167.52 - - [02/Sep/2025:14:01:57 -0400] "GET /faqir/radioiodine501486685 HTTP/1.1" 404 1251 "-" "Mozilla/5.0 AppleWebKit/537.36 (KHTML, like Gecko; compatible; bingbot/2.0; +http://www.bing.com/bingbot.htm) Chrome/116.0.1938.76 Safari/537.36"
193.142.147.5 - - [02/Sep/2025:14:02:00 -0400] "GET /wp-admin/includes//wp-admin/includes/plugin-install.php HTTP/1.1" 404 1251 "-" "Mozlila/5.0 (Linux; Android 7.0; SM-G892A Bulid/NRD90M; wv) AppleWebKit/537.36 (KHTML, like Gecko) Version/4.0 Chrome/60.0.3112.107 Moblie Safari/537.36"
193.142.147.5 - - [02/Sep/2025:14:02:08 -0400] "GET /wp-admin/includes//wp-admin/includes/post.php HTTP/1.1" 404 1251 "-" "Mozlila/5.0 (Linux; Android 7.0; SM-G892A Bulid/NRD90M; wv) AppleWebKit/537.36 (KHTML, like Gecko) Version/4.0 Chrome/60.0.3112.107 Moblie Safari/537.36"
193.142.147.5 - - [02/Sep/2025:14:02:12 -0400] "GET /wp-admin/includes//wp-admin/includes/privacy-tools.php HTTP/1.1" 404 1251 "-" "Mozlila/5.0 (Linux; Android 7.0; SM-G892A Bulid/NRD90M; wv) AppleWebKit/537.36 (KHTML, like Gecko) Version/4.0 Chrome/60.0.3112.107 Moblie Safari/537.36"
193.142.147.5 - - [02/Sep/2025:14:02:16 -0400] "GET /wp-admin/includes//wp-admin/includes/revision.php HTTP/1.1" 404 1251 "-" "Mozlila/5.0 (Linux; Android 7.0; SM-G892A Bulid/NRD90M; wv) AppleWebKit/537.36 (KHTML, like Gecko) Version/4.0 Chrome/60.0.3112.107 Moblie Safari/537.36"
193.142.147.5 - - [02/Sep/2025:14:02:19 -0400] "GET /wp-admin/includes//wp-admin/includes/schema.php HTTP/1.1" 404 1251 "-" "Mozlila/5.0 (Linux; Android 7.0; SM-G892A Bulid/NRD90M; wv) AppleWebKit/537.36 (KHTML, like Gecko) Version/4.0 Chrome/60.0.3112.107 Moblie Safari/537.36"
193.142.147.5 - - [02/Sep/2025:14:02:22 -0400] "GET /wp-admin/includes//wp-admin/includes/screen.php HTTP/1.1" 404 1251 "-" "Mozlila/5.0 (Linux; Android 7.0; SM-G892A Bulid/NRD90M; wv) AppleWebKit/537.36 (KHTML, like Gecko) Version/4.0 Chrome/60.0.3112.107 Moblie Safari/537.36"
66.249.79.69 - - [02/Sep/2025:14:02:25 -0400] "GET /yellowishpink/timeserved/gomart/353261368 HTTP/1.1" 404 1251 "-" "Mozilla/5.0 (Linux; Android 6.0.1; Nexus 5X Build/MMB29P) AppleWebKit/537.36 (KHTML, like Gecko) Chrome/138.0.7204.183 Mobile Safari/537.36 (compatible; Googlebot/2.1; +http://www.google.com/bot.html)"
193.142.147.5 - - [02/Sep/2025:14:02:30 -0400] "GET /wp-admin/includes//wp-admin/includes/template.php HTTP/1.1" 404 1251 "-" "Mozlila/5.0 (Linux; Android 7.0; SM-G892A Bulid/NRD90M; wv) AppleWebKit/537.36 (KHTML, like Gecko) Version/4.0 Chrome/60.0.3112.107 Moblie Safari/537.36"
193.142.147.5 - - [02/Sep/2025:14:02:33 -0400] "GET /wp-admin/includes//wp-admin/includes/theme-install.php HTTP/1.1" 404 1251 "-" "Mozlila/5.0 (Linux; Android 7.0; SM-G892A Bulid/NRD90M; wv) AppleWebKit/537.36 (KHTML, like Gecko) Version/4.0 Chrome/60.0.3112.107 Moblie Safari/537.36"
193.142.147.5 - - [02/Sep/2025:14:02:36 -0400] "GET /wp-admin/includes//wp-admin/includes/theme.php HTTP/1.1" 404 1251 "-" "Mozlila/5.0 (Linux; Android 7.0; SM-G892A Bulid/NRD90M; wv) AppleWebKit/537.36 (KHTML, like Gecko) Version/4.0 Chrome/60.0.3112.107 Moblie Safari/537.36"
193.142.147.5 - - [02/Sep/2025:14:02:45 -0400] "GET /wp-admin/includes//wp-admin/includes/update.php HTTP/1.1" 404 1251 "-" "Mozlila/5.0 (Linux; Android 7.0; SM-G892A Bulid/NRD90M; wv) AppleWebKit/537.36 (KHTML, like Gecko) Version/4.0 Chrome/60.0.3112.107 Moblie Safari/537.36"
52.167.144.186 - - [02/Sep/2025:14:02:45 -0400] "GET /bud/ectoparasite/worldadored481985767 HTTP/1.1" 404 1251 "-" "Mozilla/5.0 AppleWebKit/537.36 (KHTML, like Gecko; compatible; bingbot/2.0; +http://www.bing.com/bingbot.htm) Chrome/116.0.1938.76 Safari/537.36"
193.142.147.5 - - [02/Sep/2025:14:01:53 -0400] "GET /wp-admin/includes//wp-admin/includes/noop.php HTTP/1.1" 404 1251 "-" "Mozlila/5.0 (Linux; Android 7.0; SM-G892A Bulid/NRD90M; wv) AppleWebKit/537.36 (KHTML, like Gecko) Version/4.0 Chrome/60.0.3112.107 Moblie Safari/537.36"
193.142.147.5 - - [02/Sep/2025:14:02:04 -0400] "GET /wp-admin/includes//wp-admin/includes/plugin.php HTTP/1.1" 404 1251 "-" "Mozlila/5.0 (Linux; Android 7.0; SM-G892A Bulid/NRD90M; wv) AppleWebKit/537.36 (KHTML, like Gecko) Version/4.0 Chrome/60.0.3112.107 Moblie Safari/537.36"
66.249.79.69 - - [02/Sep/2025:14:02:25 -0400] "GET /m039019616?srsltid=AfmBOospUqCRNdWx23Ouh5_5lSLgE6l9X_6p05Cu6F-F-EGCI70a6r HTTP/1.1" 404 1251 "-" "Mozilla/5.0 (Linux; Android 6.0.1; Nexus 5X Build/MMB29P) AppleWebKit/537.36 (KHTML, like Gecko) Chrome/138.0.7204.183 Mobile Safari/537.36 (compatible; Googlebot/2.1; +http://www.google.com/bot.html)"
193.142.147.5 - - [02/Sep/2025:14:02:27 -0400] "GET /wp-admin/includes//wp-admin/includes/taxonomy.php HTTP/1.1" 404 1251 "-" "Mozlila/5.0 (Linux; Android 7.0; SM-G892A Bulid/NRD90M; wv) AppleWebKit/537.36 (KHTML, like Gecko) Version/4.0 Chrome/60.0.3112.107 Moblie Safari/537.36"
193.142.147.5 - - [02/Sep/2025:14:02:39 -0400] "GET /wp-admin/includes//wp-admin/includes/translation-install.php HTTP/1.1" 404 1251 "-" "Mozlila/5.0 (Linux; Android 7.0; SM-G892A Bulid/NRD90M; wv) AppleWebKit/537.36 (KHTML, like Gecko) Version/4.0 Chrome/60.0.3112.107 Moblie Safari/537.36"
193.142.147.5 - - [02/Sep/2025:14:02:42 -0400] "GET /wp-admin/includes//wp-admin/includes/update-core.php HTTP/1.1" 404 1251 "-" "Mozlila/5.0 (Linux; Android 7.0; SM-G892A Bulid/NRD90M; wv) AppleWebKit/537.36 (KHTML, like Gecko) Version/4.0 Chrome/60.0.3112.107 Moblie Safari/537.36"
193.142.147.5 - - [02/Sep/2025:14:02:52 -0400] "GET /wp-admin/includes//wp-admin/includes/user.php HTTP/1.1" 404 1251 "-" "Mozlila/5.0 (Linux; Android 7.0; SM-G892A Bulid/NRD90M; wv) AppleWebKit/537.36 (KHTML, like Gecko) Version/4.0 Chrome/60.0.3112.107 Moblie Safari/537.36"
193.142.147.5 - - [02/Sep/2025:14:02:56 -0400] "GET /wp-admin/includes//wp-admin/includes/widgets.php HTTP/1.1" 404 1251 "-" "Mozlila/5.0 (Linux; Android 7.0; SM-G892A Bulid/NRD90M; wv) AppleWebKit/537.36 (KHTML, like Gecko) Version/4.0 Chrome/60.0.3112.107 Moblie Safari/537.36"
68.65.122.155 - - [02/Sep/2025:14:03:00 -0400] "POST /wp-cron.php?doing_wp_cron=1756836179.9163260459899902343750 HTTP/1.1" 403 1242 "-" "WordPress/6.8.2; https://surewordglobalimpactministry.org"
193.142.147.5 - - [02/Sep/2025:14:03:10 -0400] "GET /uploads/ HTTP/1.1" 404 1251 "-" "Mozlila/5.0 (Linux; Android 7.0; SM-G892A Bulid/NRD90M; wv) AppleWebKit/537.36 (KHTML, like Gecko) Version/4.0 Chrome/60.0.3112.107 Moblie Safari/537.36"
193.142.147.5 - - [02/Sep/2025:14:03:17 -0400] "GET /home/ HTTP/1.1" 404 1251 "-" "Mozlila/5.0 (Linux; Android 7.0; SM-G892A Bulid/NRD90M; wv) AppleWebKit/537.36 (KHTML, like Gecko) Version/4.0 Chrome/60.0.3112.107 Moblie Safari/537.36"
193.142.147.5 - - [02/Sep/2025:14:03:30 -0400] "GET /wp-includes/ HTTP/1.1" 200 9555 "-" "Mozlila/5.0 (Linux; Android 7.0; SM-G892A Bulid/NRD90M; wv) AppleWebKit/537.36 (KHTML, like Gecko) Version/4.0 Chrome/60.0.3112.107 Moblie Safari/537.36"
193.142.147.5 - - [02/Sep/2025:14:03:36 -0400] "GET /wp-includes//wp-includes/assets/ HTTP/1.1" 404 1251 "-" "Mozlila/5.0 (Linux; Android 7.0; SM-G892A Bulid/NRD90M; wv) AppleWebKit/537.36 (KHTML, like Gecko) Version/4.0 Chrome/60.0.3112.107 Moblie Safari/537.36"
193.142.147.5 - - [02/Sep/2025:14:03:39 -0400] "GET /wp-includes//wp-includes/block-bindings/ HTTP/1.1" 404 1251 "-" "Mozlila/5.0 (Linux; Android 7.0; SM-G892A Bulid/NRD90M; wv) AppleWebKit/537.36 (KHTML, like Gecko) Version/4.0 Chrome/60.0.3112.107 Moblie Safari/537.36"
193.142.147.5 - - [02/Sep/2025:14:03:43 -0400] "GET /wp-includes//wp-includes/block-patterns/ HTTP/1.1" 404 1251 "-" "Mozlila/5.0 (Linux; Android 7.0; SM-G892A Bulid/NRD90M; wv) AppleWebKit/537.36 (KHTML, like Gecko) Version/4.0 Chrome/60.0.3112.107 Moblie Safari/537.36"
193.142.147.5 - - [02/Sep/2025:14:02:48 -0400] "GET /wp-admin/includes//wp-admin/includes/upgrade.php HTTP/1.1" 404 1251 "-" "Mozlila/5.0 (Linux; Android 7.0; SM-G892A Bulid/NRD90M; wv) AppleWebKit/537.36 (KHTML, like Gecko) Version/4.0 Chrome/60.0.3112.107 Moblie Safari/537.36"
193.142.147.5 - - [02/Sep/2025:14:02:59 -0400] "GET /wp-admin/ HTTP/1.1" 302 0 "-" "Mozlila/5.0 (Linux; Android 7.0; SM-G892A Bulid/NRD90M; wv) AppleWebKit/537.36 (KHTML, like Gecko) Version/4.0 Chrome/60.0.3112.107 Moblie Safari/537.36"
193.142.147.5 - - [02/Sep/2025:14:03:01 -0400] "GET /wp-login.php?redirect_to=https%3A%2F%2Fsurewordglobalimpactministry.org%2Fwp-admin%2F&reauth=1 HTTP/1.1" 200 1711 "-" "Mozlila/5.0 (Linux; Android 7.0; SM-G892A Bulid/NRD90M; wv) AppleWebKit/537.36 (KHTML, like Gecko) Version/4.0 Chrome/60.0.3112.107 Moblie Safari/537.36"
193.142.147.5 - - [02/Sep/2025:14:03:06 -0400] "GET /.well-known/ HTTP/1.1" 200 666 "-" "Mozlila/5.0 (Linux; Android 7.0; SM-G892A Bulid/NRD90M; wv) AppleWebKit/537.36 (KHTML, like Gecko) Version/4.0 Chrome/60.0.3112.107 Moblie Safari/537.36"
66.249.79.71 - - [02/Sep/2025:14:03:08 -0400] "GET /q-~34nAjm7RxSCpGFcNOWFLEWtHztUWXOKD35522/ HTTP/1.1" 404 1251 "-" "Mozilla/5.0 (Linux; Android 6.0.1; Nexus 5X Build/MMB29P) AppleWebKit/537.36 (KHTML, like Gecko) Chrome/138.0.7204.183 Mobile Safari/537.36 (compatible; Googlebot/2.1; +http://www.google.com/bot.html)"
193.142.147.5 - - [02/Sep/2025:14:03:13 -0400] "GET /upload/ HTTP/1.1" 404 1251 "-" "Mozlila/5.0 (Linux; Android 7.0; SM-G892A Bulid/NRD90M; wv) AppleWebKit/537.36 (KHTML, like Gecko) Version/4.0 Chrome/60.0.3112.107 Moblie Safari/537.36"
193.142.147.5 - - [02/Sep/2025:14:03:20 -0400] "GET /files/ HTTP/1.1" 404 1251 "-" "Mozlila/5.0 (Linux; Android 7.0; SM-G892A Bulid/NRD90M; wv) AppleWebKit/537.36 (KHTML, like Gecko) Version/4.0 Chrome/60.0.3112.107 Moblie Safari/537.36"
193.142.147.5 - - [02/Sep/2025:14:03:23 -0400] "GET /wp-content/uploads/ HTTP/1.1" 200 626 "-" "Mozlila/5.0 (Linux; Android 7.0; SM-G892A Bulid/NRD90M; wv) AppleWebKit/537.36 (KHTML, like Gecko) Version/4.0 Chrome/60.0.3112.107 Moblie Safari/537.36"
193.142.147.5 - - [02/Sep/2025:14:03:27 -0400] "GET /wp-content/uploads//wp-content/uploads/2025/ HTTP/1.1" 404 1251 "-" "Mozlila/5.0 (Linux; Android 7.0; SM-G892A Bulid/NRD90M; wv) AppleWebKit/537.36 (KHTML, like Gecko) Version/4.0 Chrome/60.0.3112.107 Moblie Safari/537.36"
52.167.144.202 - - [02/Sep/2025:14:03:35 -0400] "GET /thaumaturgist/328697023 HTTP/1.1" 404 1251 "-" "Mozilla/5.0 AppleWebKit/537.36 (KHTML, like Gecko; compatible; bingbot/2.0; +http://www.bing.com/bingbot.htm) Chrome/116.0.1938.76 Safari/537.36"
66.249.79.69 - - [02/Sep/2025:14:03:52 -0400] "GET /m272002383?srsltid=AfmBOovMGmGeZtnWlRP6v3_rNc9oSaRXi_zrpiTl1B-W-8PpkhBjFR HTTP/1.1" 404 1251 "-" "Mozilla/5.0 (Linux; Android 6.0.1; Nexus 5X Build/MMB29P) AppleWebKit/537.36 (KHTML, like Gecko) Chrome/138.0.7204.183 Mobile Safari/537.36 (compatible; Googlebot/2.1; +http://www.google.com/bot.html)"
193.142.147.5 - - [02/Sep/2025:14:03:57 -0400] "GET /wp-includes//wp-includes/css/ HTTP/1.1" 404 1251 "-" "Mozlila/5.0 (Linux; Android 7.0; SM-G892A Bulid/NRD90M; wv) AppleWebKit/537.36 (KHTML, like Gecko) Version/4.0 Chrome/60.0.3112.107 Moblie Safari/537.36"
193.142.147.5 - - [02/Sep/2025:14:04:01 -0400] "GET /wp-includes//wp-includes/customize/ HTTP/1.1" 404 1251 "-" "Mozlila/5.0 (Linux; Android 7.0; SM-G892A Bulid/NRD90M; wv) AppleWebKit/537.36 (KHTML, like Gecko) Version/4.0 Chrome/60.0.3112.107 Moblie Safari/537.36"
193.142.147.5 - - [02/Sep/2025:14:04:14 -0400] "GET /wp-includes//wp-includes/html-api/ HTTP/1.1" 404 1251 "-" "Mozlila/5.0 (Linux; Android 7.0; SM-G892A Bulid/NRD90M; wv) AppleWebKit/537.36 (KHTML, like Gecko) Version/4.0 Chrome/60.0.3112.107 Moblie Safari/537.36"
193.142.147.5 - - [02/Sep/2025:14:04:16 -0400] "GET /wp-includes//wp-includes/ID3/ HTTP/1.1" 404 1251 "-" "Mozlila/5.0 (Linux; Android 7.0; SM-G892A Bulid/NRD90M; wv) AppleWebKit/537.36 (KHTML, like Gecko) Version/4.0 Chrome/60.0.3112.107 Moblie Safari/537.36"
193.142.147.5 - - [02/Sep/2025:14:03:46 -0400] "GET /wp-includes//wp-includes/block-supports/ HTTP/1.1" 404 1251 "-" "Mozlila/5.0 (Linux; Android 7.0; SM-G892A Bulid/NRD90M; wv) AppleWebKit/537.36 (KHTML, like Gecko) Version/4.0 Chrome/60.0.3112.107 Moblie Safari/537.36"
193.142.147.5 - - [02/Sep/2025:14:03:49 -0400] "GET /wp-includes//wp-includes/blocks/ HTTP/1.1" 404 1251 "-" "Mozlila/5.0 (Linux; Android 7.0; SM-G892A Bulid/NRD90M; wv) AppleWebKit/537.36 (KHTML, like Gecko) Version/4.0 Chrome/60.0.3112.107 Moblie Safari/537.36"
66.249.79.70 - - [02/Sep/2025:14:03:52 -0400] "GET /wwf466918858 HTTP/1.1" 404 1251 "-" "Mozilla/5.0 (Linux; Android 6.0.1; Nexus 5X Build/MMB29P) AppleWebKit/537.36 (KHTML, like Gecko) Chrome/138.0.7204.183 Mobile Safari/537.36 (compatible; Googlebot/2.1; +http://www.google.com/bot.html)"
193.142.147.5 - - [02/Sep/2025:14:03:54 -0400] "GET /wp-includes//wp-includes/certificates/ HTTP/1.1" 404 1251 "-" "Mozlila/5.0 (Linux; Android 7.0; SM-G892A Bulid/NRD90M; wv) AppleWebKit/537.36 (KHTML, like Gecko) Version/4.0 Chrome/60.0.3112.107 Moblie Safari/537.36"
52.167.144.186 - - [02/Sep/2025:14:03:54 -0400] "GET /liberalizing/pumiceous/encomiendas/354243307 HTTP/1.1" 404 1251 "-" "Mozilla/5.0 AppleWebKit/537.36 (KHTML, like Gecko; compatible; bingbot/2.0; +http://www.bing.com/bingbot.htm) Chrome/116.0.1938.76 Safari/537.36"
193.142.147.5 - - [02/Sep/2025:14:04:05 -0400] "GET /wp-includes//wp-includes/fonts/ HTTP/1.1" 404 1251 "-" "Mozlila/5.0 (Linux; Android 7.0; SM-G892A Bulid/NRD90M; wv) AppleWebKit/537.36 (KHTML, like Gecko) Version/4.0 Chrome/60.0.3112.107 Moblie Safari/537.36"
40.77.167.52 - - [02/Sep/2025:14:04:17 -0400] "GET /pmb/z441269695 HTTP/1.1" 404 1251 "-" "Mozilla/5.0 AppleWebKit/537.36 (KHTML, like Gecko; compatible; bingbot/2.0; +http://www.bing.com/bingbot.htm) Chrome/116.0.1938.76 Safari/537.36"
193.142.147.5 - - [02/Sep/2025:14:04:19 -0400] "GET /wp-includes//wp-includes/images/ HTTP/1.1" 404 1251 "-" "Mozlila/5.0 (Linux; Android 7.0; SM-G892A Bulid/NRD90M; wv) AppleWebKit/537.36 (KHTML, like Gecko) Version/4.0 Chrome/60.0.3112.107 Moblie Safari/537.36"
193.142.147.5 - - [02/Sep/2025:14:04:29 -0400] "GET /wp-includes//wp-includes/js/ HTTP/1.1" 404 1251 "-" "Mozlila/5.0 (Linux; Android 7.0; SM-G892A Bulid/NRD90M; wv) AppleWebKit/537.36 (KHTML, like Gecko) Version/4.0 Chrome/60.0.3112.107 Moblie Safari/537.36"
193.142.147.5 - - [02/Sep/2025:14:04:40 -0400] "GET /wp-includes//wp-includes/php-compat/ HTTP/1.1" 404 1251 "-" "Mozlila/5.0 (Linux; Android 7.0; SM-G892A Bulid/NRD90M; wv) AppleWebKit/537.36 (KHTML, like Gecko) Version/4.0 Chrome/60.0.3112.107 Moblie Safari/537.36"
193.142.147.5 - - [02/Sep/2025:14:04:43 -0400] "GET /wp-includes//wp-includes/PHPMailer/ HTTP/1.1" 404 1251 "-" "Mozlila/5.0 (Linux; Android 7.0; SM-G892A Bulid/NRD90M; wv) AppleWebKit/537.36 (KHTML, like Gecko) Version/4.0 Chrome/60.0.3112.107 Moblie Safari/537.36"
52.167.144.225 - - [02/Sep/2025:14:04:44 -0400] "GET /hadarim/cassoni/328540777 HTTP/1.1" 404 1251 "-" "Mozilla/5.0 AppleWebKit/537.36 (KHTML, like Gecko; compatible; bingbot/2.0; +http://www.bing.com/bingbot.htm) Chrome/116.0.1938.76 Safari/537.36"
52.167.144.202 - - [02/Sep/2025:14:04:46 -0400] "GET /wannigan/ HTTP/1.1" 404 1251 "-" "Mozilla/5.0 AppleWebKit/537.36 (KHTML, like Gecko; compatible; bingbot/2.0; +http://www.bing.com/bingbot.htm) Chrome/116.0.1938.76 Safari/537.36"
193.142.147.5 - - [02/Sep/2025:14:04:49 -0400] "GET /wp-includes//wp-includes/Requests/ HTTP/1.1" 404 1251 "-" "Mozlila/5.0 (Linux; Android 7.0; SM-G892A Bulid/NRD90M; wv) AppleWebKit/537.36 (KHTML, like Gecko) Version/4.0 Chrome/60.0.3112.107 Moblie Safari/537.36"
193.142.147.5 - - [02/Sep/2025:14:04:53 -0400] "GET /wp-includes//wp-includes/rest-api/ HTTP/1.1" 404 1251 "-" "Mozlila/5.0 (Linux; Android 7.0; SM-G892A Bulid/NRD90M; wv) AppleWebKit/537.36 (KHTML, like Gecko) Version/4.0 Chrome/60.0.3112.107 Moblie Safari/537.36"
193.142.147.5 - - [02/Sep/2025:14:04:22 -0400] "GET /wp-includes//wp-includes/interactivity-api/ HTTP/1.1" 404 1251 "-" "Mozlila/5.0 (Linux; Android 7.0; SM-G892A Bulid/NRD90M; wv) AppleWebKit/537.36 (KHTML, like Gecko) Version/4.0 Chrome/60.0.3112.107 Moblie Safari/537.36"
193.142.147.5 - - [02/Sep/2025:14:04:26 -0400] "GET /wp-includes//wp-includes/IXR/ HTTP/1.1" 404 1251 "-" "Mozlila/5.0 (Linux; Android 7.0; SM-G892A Bulid/NRD90M; wv) AppleWebKit/537.36 (KHTML, like Gecko) Version/4.0 Chrome/60.0.3112.107 Moblie Safari/537.36"
193.142.147.5 - - [02/Sep/2025:14:04:34 -0400] "GET /wp-includes//wp-includes/l10n/ HTTP/1.1" 404 1251 "-" "Mozlila/5.0 (Linux; Android 7.0; SM-G892A Bulid/NRD90M; wv) AppleWebKit/537.36 (KHTML, like Gecko) Version/4.0 Chrome/60.0.3112.107 Moblie Safari/537.36"
193.142.147.5 - - [02/Sep/2025:14:04:46 -0400] "GET /wp-includes//wp-includes/pomo/ HTTP/1.1" 404 1251 "-" "Mozlila/5.0 (Linux; Android 7.0; SM-G892A Bulid/NRD90M; wv) AppleWebKit/537.36 (KHTML, like Gecko) Version/4.0 Chrome/60.0.3112.107 Moblie Safari/537.36"
66.249.79.69 - - [02/Sep/2025:14:04:48 -0400] "GET /m044038225?srsltid=AfmBOoBXigrboYYgi2pnCL_bwPfJ3UyBY_b3o1W6Mg-P-MujlWsR1N HTTP/1.1" 404 1251 "-" "Mozilla/5.0 (Linux; Android 6.0.1; Nexus 5X Build/MMB29P) AppleWebKit/537.36 (KHTML, like Gecko) Chrome/138.0.7204.183 Mobile Safari/537.36 (compatible; Googlebot/2.1; +http://www.google.com/bot.html)"
193.142.147.5 - - [02/Sep/2025:14:04:56 -0400] "GET /wp-includes//wp-includes/SimplePie/ HTTP/1.1" 404 1251 "-" "Mozlila/5.0 (Linux; Android 7.0; SM-G892A Bulid/NRD90M; wv) AppleWebKit/537.36 (KHTML, like Gecko) Version/4.0 Chrome/60.0.3112.107 Moblie Safari/537.36"
193.142.147.5 - - [02/Sep/2025:14:05:00 -0400] "GET /wp-includes//wp-includes/sitemaps/ HTTP/1.1" 404 1251 "-" "Mozlila/5.0 (Linux; Android 7.0; SM-G892A Bulid/NRD90M; wv) AppleWebKit/537.36 (KHTML, like Gecko) Version/4.0 Chrome/60.0.3112.107 Moblie Safari/537.36"
193.142.147.5 - - [02/Sep/2025:14:05:04 -0400] "GET /wp-includes//wp-includes/sodium_compat/ HTTP/1.1" 404 1251 "-" "Mozlila/5.0 (Linux; Android 7.0; SM-G892A Bulid/NRD90M; wv) AppleWebKit/537.36 (KHTML, like Gecko) Version/4.0 Chrome/60.0.3112.107 Moblie Safari/537.36"
193.142.147.5 - - [02/Sep/2025:14:05:07 -0400] "GET /wp-includes//wp-includes/style-engine/ HTTP/1.1" 404 1251 "-" "Mozlila/5.0 (Linux; Android 7.0; SM-G892A Bulid/NRD90M; wv) AppleWebKit/537.36 (KHTML, like Gecko) Version/4.0 Chrome/60.0.3112.107 Moblie Safari/537.36"
193.142.147.5 - - [02/Sep/2025:14:05:14 -0400] "GET /wp-includes//wp-includes/theme-compat/ HTTP/1.1" 404 1251 "-" "Mozlila/5.0 (Linux; Android 7.0; SM-G892A Bulid/NRD90M; wv) AppleWebKit/537.36 (KHTML, like Gecko) Version/4.0 Chrome/60.0.3112.107 Moblie Safari/537.36"
193.142.147.5 - - [02/Sep/2025:14:05:21 -0400] "GET /wp-includes//wp-includes/admin-bar.php HTTP/1.1" 404 1251 "-" "Mozlila/5.0 (Linux; Android 7.0; SM-G892A Bulid/NRD90M; wv) AppleWebKit/537.36 (KHTML, like Gecko) Version/4.0 Chrome/60.0.3112.107 Moblie Safari/537.36"
193.142.147.5 - - [02/Sep/2025:14:05:25 -0400] "GET /wp-includes//wp-includes/atomlib.php HTTP/1.1" 404 1251 "-" "Mozlila/5.0 (Linux; Android 7.0; SM-G892A Bulid/NRD90M; wv) AppleWebKit/537.36 (KHTML, like Gecko) Version/4.0 Chrome/60.0.3112.107 Moblie Safari/537.36"
193.142.147.5 - - [02/Sep/2025:14:05:29 -0400] "GET /wp-includes//wp-includes/author-template.php HTTP/1.1" 404 1251 "-" "Mozlila/5.0 (Linux; Android 7.0; SM-G892A Bulid/NRD90M; wv) AppleWebKit/537.36 (KHTML, like Gecko) Version/4.0 Chrome/60.0.3112.107 Moblie Safari/537.36"
193.142.147.5 - - [02/Sep/2025:14:05:37 -0400] "GET /wp-includes//wp-includes/block-editor.php HTTP/1.1" 404 1251 "-" "Mozlila/5.0 (Linux; Android 7.0; SM-G892A Bulid/NRD90M; wv) AppleWebKit/537.36 (KHTML, like Gecko) Version/4.0 Chrome/60.0.3112.107 Moblie Safari/537.36"
193.142.147.5 - - [02/Sep/2025:14:05:41 -0400] "GET /wp-includes//wp-includes/block-patterns.php HTTP/1.1" 404 1251 "-" "Mozlila/5.0 (Linux; Android 7.0; SM-G892A Bulid/NRD90M; wv) AppleWebKit/537.36 (KHTML, like Gecko) Version/4.0 Chrome/60.0.3112.107 Moblie Safari/537.36"
193.142.147.5 - - [02/Sep/2025:14:05:45 -0400] "GET /wp-includes//wp-includes/block-template-utils.php HTTP/1.1" 404 1251 "-" "Mozlila/5.0 (Linux; Android 7.0; SM-G892A Bulid/NRD90M; wv) AppleWebKit/537.36 (KHTML, like Gecko) Version/4.0 Chrome/60.0.3112.107 Moblie Safari/537.36"
