66.249.68.3 - - [02/Sep/2025:12:22:26 -0400] "GET /?list=290767702 HTTP/1.1" 200 2337 "-" "Mozilla/5.0 (Linux; Android 6.0.1; Nexus 5X Build/MMB29P) AppleWebKit/537.36 (KHTML, like Gecko) Chrome/138.0.7204.183 Mobile Safari/537.36 (compatible; Googlebot/2.1; +http://www.google.com/bot.html)"
66.249.79.69 - - [02/Sep/2025:12:22:26 -0400] "GET /b392578879 HTTP/1.1" 404 1251 "-" "Mozilla/5.0 (Linux; Android 6.0.1; Nexus 5X Build/MMB29P) AppleWebKit/537.36 (KHTML, like Gecko) Chrome/138.0.7204.183 Mobile Safari/537.36 (compatible; Googlebot/2.1; +http://www.google.com/bot.html)"
66.249.79.70 - - [02/Sep/2025:12:24:37 -0400] "GET /m008028239?srsltid=AfmBOoioklZpqYUaeQmTZw_472aMlRhm1_24UVfOlR-E-i0YrjmCrq HTTP/1.1" 404 1251 "-" "Mozilla/5.0 (Linux; Android 6.0.1; Nexus 5X Build/MMB29P) AppleWebKit/537.36 (KHTML, like Gecko) Chrome/138.0.7204.183 Mobile Safari/537.36 (compatible; Googlebot/2.1; +http://www.google.com/bot.html)"
40.77.167.12 - - [02/Sep/2025:12:25:25 -0400] "GET /revenue/panoplies/wayman326684845 HTTP/1.1" 404 1251 "-" "Mozilla/5.0 AppleWebKit/537.36 (KHTML, like Gecko; compatible; bingbot/2.0; +http://www.bing.com/bingbot.htm) Chrome/116.0.1938.76 Safari/537.36"
66.249.79.71 - - [02/Sep/2025:12:26:04 -0400] "GET /m298019515?srsltid=AfmBOowqcGkCYAtxIYwGth_XiPBV0kqTF_GY9jvkAe-Y-tnpr1jcCi HTTP/1.1" 404 1251 "-" "Mozilla/5.0 (Linux; Android 6.0.1; Nexus 5X Build/MMB29P) AppleWebKit/537.36 (KHTML, like Gecko) Chrome/138.0.7204.183 Mobile Safari/537.36 (compatible; Googlebot/2.1; +http://www.google.com/bot.html)"
196.251.80.146 - - [02/Sep/2025:12:18:44 -0400] "GET /wp-admin/ HTTP/1.1" 302 0 "-" "Mozilla/5.0 (Windows NT 10.0; Win64; x64; rv:120.0) Gecko/20100101 Firefox/120.0"
196.251.80.146 - - [02/Sep/2025:12:18:45 -0400] "GET /wp-login.php?redirect_to=https%3A%2F%2Fsurewordglobalimpactministry.org%2Fwp-admin%2F&reauth=1 HTTP/1.1" 200 1711 "-" "Mozilla/5.0 (Windows NT 10.0; Win64; x64; rv:120.0) Gecko/20100101 Firefox/120.0"
196.251.80.146 - - [02/Sep/2025:12:18:46 -0400] "GET /xmlrpc.php HTTP/1.1" 403 1242 "-" "Mozilla/5.0 (Windows NT 10.0; Win64; x64) AppleWebKit/537.36 (KHTML, like Gecko) Edge/119.0.2151.97"
52.167.144.170 - - [02/Sep/2025:12:18:53 -0400] "GET /aglossate/awarn/p/494752147 HTTP/1.1" 404 1251 "-" "Mozilla/5.0 AppleWebKit/537.36 (KHTML, like Gecko; compatible; bingbot/2.0; +http://www.bing.com/bingbot.htm) Chrome/116.0.1938.76 Safari/537.36"
66.249.79.71 - - [02/Sep/2025:12:19:32 -0400] "GET /euu386302570 HTTP/1.1" 404 1251 "-" "Mozilla/5.0 (Linux; Android 6.0.1; Nexus 5X Build/MMB29P) AppleWebKit/537.36 (KHTML, like Gecko) Chrome/138.0.7204.183 Mobile Safari/537.36 (compatible; Googlebot/2.1; +http://www.google.com/bot.html)"
52.167.144.23 - - [02/Sep/2025:12:21:48 -0400] "GET /kurikata/branchlet369097006 HTTP/1.1" 404 1251 "-" "Mozilla/5.0 AppleWebKit/537.36 (KHTML, like Gecko; compatible; bingbot/2.0; +http://www.bing.com/bingbot.htm) Chrome/116.0.1938.76 Safari/537.36"
66.249.79.69 - - [02/Sep/2025:12:22:26 -0400] "GET /q-~46u7VYc7aHqctSHUQp75nrAKMDW7fnwP36446/ HTTP/1.1" 404 1251 "-" "Mozilla/5.0 (Linux; Android 6.0.1; Nexus 5X Build/MMB29P) AppleWebKit/537.36 (KHTML, like Gecko) Chrome/138.0.7204.183 Mobile Safari/537.36 (compatible; Googlebot/2.1; +http://www.google.com/bot.html)"
40.77.167.47 - - [02/Sep/2025:12:22:47 -0400] "GET /cabinetmaker/pinkens399731143 HTTP/1.1" 404 1251 "-" "Mozilla/5.0 AppleWebKit/537.36 (KHTML, like Gecko; compatible; bingbot/2.0; +http://www.bing.com/bingbot.htm) Chrome/116.0.1938.76 Safari/537.36"
40.77.167.47 - - [02/Sep/2025:12:22:48 -0400] "GET /philanthropic/spindlehead383497444 HTTP/1.1" 404 1251 "-" "Mozilla/5.0 AppleWebKit/537.36 (KHTML, like Gecko; compatible; bingbot/2.0; +http://www.bing.com/bingbot.htm) Chrome/116.0.1938.76 Safari/537.36"
40.77.167.45 - - [02/Sep/2025:12:23:05 -0400] "GET /hvh/scooba/p/297940920 HTTP/1.1" 404 1251 "-" "Mozilla/5.0 AppleWebKit/537.36 (KHTML, like Gecko; compatible; bingbot/2.0; +http://www.bing.com/bingbot.htm) Chrome/116.0.1938.76 Safari/537.36"
40.77.167.47 - - [02/Sep/2025:12:23:08 -0400] "GET /preestablish/309493150 HTTP/1.1" 404 1251 "-" "Mozilla/5.0 AppleWebKit/537.36 (KHTML, like Gecko; compatible; bingbot/2.0; +http://www.bing.com/bingbot.htm) Chrome/116.0.1938.76 Safari/537.36"
66.249.79.69 - - [02/Sep/2025:12:23:10 -0400] "GET /?list=305118831 HTTP/1.1" 200 2334 "-" "Mozilla/5.0 (Linux; Android 6.0.1; Nexus 5X Build/MMB29P) AppleWebKit/537.36 (KHTML, like Gecko) Chrome/138.0.7204.183 Mobile Safari/537.36 (compatible; Googlebot/2.1; +http://www.google.com/bot.html)"
40.77.167.47 - - [02/Sep/2025:12:23:46 -0400] "GET /hgl/ HTTP/1.1" 404 1251 "-" "Mozilla/5.0 AppleWebKit/537.36 (KHTML, like Gecko; compatible; bingbot/2.0; +http://www.bing.com/bingbot.htm) Chrome/116.0.1938.76 Safari/537.36"
52.167.144.206 - - [02/Sep/2025:12:24:14 -0400] "GET /dane/453424552 HTTP/1.1" 404 1251 "-" "Mozilla/5.0 AppleWebKit/537.36 (KHTML, like Gecko; compatible; bingbot/2.0; +http://www.bing.com/bingbot.htm) Chrome/116.0.1938.76 Safari/537.36"
66.249.79.71 - - [02/Sep/2025:12:26:04 -0400] "GET /q-~220HqTKVbSwqGLh0PlLkgOLVKpCJooeGX29786/ HTTP/1.1" 404 1251 "-" "Mozilla/5.0 (Linux; Android 6.0.1; Nexus 5X Build/MMB29P) AppleWebKit/537.36 (KHTML, like Gecko) Chrome/138.0.7204.183 Mobile Safari/537.36 (compatible; Googlebot/2.1; +http://www.google.com/bot.html)"
40.77.167.47 - - [02/Sep/2025:12:26:17 -0400] "GET /skygazer/parquets/384485317 HTTP/1.1" 404 1251 "-" "Mozilla/5.0 AppleWebKit/537.36 (KHTML, like Gecko; compatible; bingbot/2.0; +http://www.bing.com/bingbot.htm) Chrome/116.0.1938.76 Safari/537.36"
52.167.144.206 - - [02/Sep/2025:12:26:25 -0400] "GET /hyperstatic/cystadenosarcoma/uy333133833 HTTP/1.1" 404 1251 "-" "Mozilla/5.0 AppleWebKit/537.36 (KHTML, like Gecko; compatible; bingbot/2.0; +http://www.bing.com/bingbot.htm) Chrome/116.0.1938.76 Safari/537.36"
103.42.117.165 - - [02/Sep/2025:12:26:26 -0400] "POST /xmlrpc.php HTTP/1.1" 403 1242 "-" "Mozilla/5.0 (X11; Ubuntu; Linux x86_64; rv:85.0) Gecko/20100101 Firefox/91.0"
66.249.79.70 - - [02/Sep/2025:12:27:31 -0400] "GET /q-~228kB0KwH6uHOdqLbkmUm1aG5kgDZqrZp44262/ HTTP/1.1" 404 1251 "-" "Mozilla/5.0 (Linux; Android 6.0.1; Nexus 5X Build/MMB29P) AppleWebKit/537.36 (KHTML, like Gecko) Chrome/138.0.7204.183 Mobile Safari/537.36 (compatible; Googlebot/2.1; +http://www.google.com/bot.html)"
66.249.79.71 - - [02/Sep/2025:12:28:14 -0400] "GET /m101012958?srsltid=AfmBOobJNUFnDnRYguXzU0_oimYFAyLSA_stlZRNEG-O-Bt3dUw3hA HTTP/1.1" 404 1251 "-" "Mozilla/5.0 (Linux; Android 6.0.1; Nexus 5X Build/MMB29P) AppleWebKit/537.36 (KHTML, like Gecko) Chrome/138.0.7204.183 Mobile Safari/537.36 (compatible; Googlebot/2.1; +http://www.google.com/bot.html)"
40.77.167.12 - - [02/Sep/2025:12:28:35 -0400] "GET /debentures/mfv/402162565 HTTP/1.1" 404 1251 "-" "Mozilla/5.0 AppleWebKit/537.36 (KHTML, like Gecko; compatible; bingbot/2.0; +http://www.bing.com/bingbot.htm) Chrome/116.0.1938.76 Safari/537.36"
52.167.144.19 - - [02/Sep/2025:12:28:45 -0400] "GET /wellinsulated/nondecalcified404751928 HTTP/1.1" 404 1251 "-" "Mozilla/5.0 AppleWebKit/537.36 (KHTML, like Gecko; compatible; bingbot/2.0; +http://www.bing.com/bingbot.htm) Chrome/116.0.1938.76 Safari/537.36"
4.218.15.192 - - [02/Sep/2025:12:28:54 -0400] "GET /lc.php HTTP/1.1" 404 1251 "-" "-"
4.218.15.192 - - [02/Sep/2025:12:28:54 -0400] "GET /num.php HTTP/1.1" 404 1251 "-" "-"
4.218.15.192 - - [02/Sep/2025:12:28:55 -0400] "GET /CLA.php HTTP/1.1" 404 1251 "-" "-"
4.218.15.192 - - [02/Sep/2025:12:28:55 -0400] "GET /gfile.php HTTP/1.1" 404 1251 "-" "-"
4.218.15.192 - - [02/Sep/2025:12:28:55 -0400] "GET /ahax.php HTTP/1.1" 404 1251 "-" "-"
4.218.15.192 - - [02/Sep/2025:12:28:55 -0400] "GET /gold.php HTTP/1.1" 404 1251 "-" "-"
4.218.15.192 - - [02/Sep/2025:12:28:56 -0400] "GET /nc4.php HTTP/1.1" 404 1251 "-" "-"
4.218.15.192 - - [02/Sep/2025:12:28:57 -0400] "GET /aua.php HTTP/1.1" 404 1251 "-" "-"
4.218.15.192 - - [02/Sep/2025:12:28:57 -0400] "GET /Sanskrit.php HTTP/1.1" 404 1251 "-" "-"
4.218.15.192 - - [02/Sep/2025:12:28:57 -0400] "GET /aa.php HTTP/1.1" 404 1251 "-" "-"
4.218.15.192 - - [02/Sep/2025:12:28:58 -0400] "GET /great.php HTTP/1.1" 404 1251 "-" "-"
4.218.15.192 - - [02/Sep/2025:12:28:58 -0400] "GET /class9.php HTTP/1.1" 404 1251 "-" "-"
4.218.15.192 - - [02/Sep/2025:12:28:58 -0400] "GET /pass.php HTTP/1.1" 404 1251 "-" "-"
4.218.15.192 - - [02/Sep/2025:12:28:59 -0400] "GET /ot.php HTTP/1.1" 404 1251 "-" "-"
4.218.15.192 - - [02/Sep/2025:12:28:59 -0400] "GET /witmm.php HTTP/1.1" 404 1251 "-" "-"
4.218.15.192 - - [02/Sep/2025:12:28:59 -0400] "GET /lo.php HTTP/1.1" 404 1251 "-" "-"
40.77.167.12 - - [02/Sep/2025:12:29:05 -0400] "GET /sideview/operators373517767 HTTP/1.1" 404 1251 "-" "Mozilla/5.0 AppleWebKit/537.36 (KHTML, like Gecko; compatible; bingbot/2.0; +http://www.bing.com/bingbot.htm) Chrome/116.0.1938.76 Safari/537.36"
66.249.79.71 - - [02/Sep/2025:12:29:41 -0400] "GET /q-~182qEV091lJrzI61qaEPfqB5OZHa4uVml45306/ HTTP/1.1" 404 1251 "-" "Mozilla/5.0 (Linux; Android 6.0.1; Nexus 5X Build/MMB29P) AppleWebKit/537.36 (KHTML, like Gecko) Chrome/138.0.7204.183 Mobile Safari/537.36 (compatible; Googlebot/2.1; +http://www.google.com/bot.html)"
66.249.79.71 - - [02/Sep/2025:12:31:08 -0400] "GET /q-~188fcrEk0rbbA6B2iNJVIrld0aYv9AlKT14898/ HTTP/1.1" 404 1251 "-" "Mozilla/5.0 (Linux; Android 6.0.1; Nexus 5X Build/MMB29P) AppleWebKit/537.36 (KHTML, like Gecko) Chrome/138.0.7204.183 Mobile Safari/537.36 (compatible; Googlebot/2.1; +http://www.google.com/bot.html)"
40.77.167.47 - - [02/Sep/2025:12:27:08 -0400] "GET /kuf/p/magyarism418205686 HTTP/1.1" 404 1251 "-" "Mozilla/5.0 AppleWebKit/537.36 (KHTML, like Gecko; compatible; bingbot/2.0; +http://www.bing.com/bingbot.htm) Chrome/116.0.1938.76 Safari/537.36"
66.249.79.69 - - [02/Sep/2025:12:27:31 -0400] "GET /x348787132 HTTP/1.1" 404 1251 "-" "Mozilla/5.0 (Linux; Android 6.0.1; Nexus 5X Build/MMB29P) AppleWebKit/537.36 (KHTML, like Gecko) Chrome/138.0.7204.183 Mobile Safari/537.36 (compatible; Googlebot/2.1; +http://www.google.com/bot.html)"
40.77.167.47 - - [02/Sep/2025:12:28:08 -0400] "GET /ood/rhymemaking421974742 HTTP/1.1" 404 1251 "-" "Mozilla/5.0 AppleWebKit/537.36 (KHTML, like Gecko; compatible; bingbot/2.0; +http://www.bing.com/bingbot.htm) Chrome/116.0.1938.76 Safari/537.36"
52.167.144.19 - - [02/Sep/2025:12:28:24 -0400] "GET /rsvp/404002519 HTTP/1.1" 404 1251 "-" "Mozilla/5.0 AppleWebKit/537.36 (KHTML, like Gecko; compatible; bingbot/2.0; +http://www.bing.com/bingbot.htm) Chrome/116.0.1938.76 Safari/537.36"
4.218.15.192 - - [02/Sep/2025:12:28:54 -0400] "GET /wp-content/plugins/hellopress/wp_filemanager.php HTTP/1.1" 404 1251 "-" "-"
4.218.15.192 - - [02/Sep/2025:12:28:54 -0400] "GET /gmo.php HTTP/1.1" 404 1251 "-" "-"
4.218.15.192 - - [02/Sep/2025:12:28:56 -0400] "GET /goods.php HTTP/1.1" 404 1251 "-" "-"
4.218.15.192 - - [02/Sep/2025:12:28:56 -0400] "GET /ol.php HTTP/1.1" 404 1251 "-" "-"
4.218.15.192 - - [02/Sep/2025:12:28:56 -0400] "GET /wp-gr.php HTTP/1.1" 404 1251 "-" "-"
4.218.15.192 - - [02/Sep/2025:12:28:57 -0400] "GET /co.php HTTP/1.1" 404 1251 "-" "-"
4.218.15.192 - - [02/Sep/2025:12:28:58 -0400] "GET /lock360.php HTTP/1.1" 404 1251 "-" "-"
4.218.15.192 - - [02/Sep/2025:12:28:59 -0400] "GET /asd67.php HTTP/1.1" 404 1251 "-" "-"
66.249.79.69 - - [02/Sep/2025:12:29:41 -0400] "GET /m233005968?srsltid=AfmBOoaZMXwzRBjNcpdzGa_PSJZjbeuxd_uFNPZib8-I-Co5ej8PLP HTTP/1.1" 404 1251 "-" "Mozilla/5.0 (Linux; Android 6.0.1; Nexus 5X Build/MMB29P) AppleWebKit/537.36 (KHTML, like Gecko) Chrome/138.0.7204.183 Mobile Safari/537.36 (compatible; Googlebot/2.1; +http://www.google.com/bot.html)"
40.77.167.12 - - [02/Sep/2025:12:30:05 -0400] "GET /nofile/466631059 HTTP/1.1" 404 1251 "-" "Mozilla/5.0 AppleWebKit/537.36 (KHTML, like Gecko; compatible; bingbot/2.0; +http://www.bing.com/bingbot.htm) Chrome/116.0.1938.76 Safari/537.36"
66.249.79.70 - - [02/Sep/2025:12:33:19 -0400] "GET /m103003748?srsltid=AfmBOoFHAllJiJpq9LBiZO_VCnON1A2Ci_Tu9kXRJT-E-jnrI1ztGp HTTP/1.1" 404 1251 "-" "Mozilla/5.0 (Linux; Android 6.0.1; Nexus 5X Build/MMB29P) AppleWebKit/537.36 (KHTML, like Gecko) Chrome/138.0.7204.183 Mobile Safari/537.36 (compatible; Googlebot/2.1; +http://www.google.com/bot.html)"
40.77.167.1 - - [02/Sep/2025:12:33:47 -0400] "GET /superconductive/barhopping/elwyn424301008 HTTP/1.1" 404 1251 "-" "Mozilla/5.0 AppleWebKit/537.36 (KHTML, like Gecko; compatible; bingbot/2.0; +http://www.bing.com/bingbot.htm) Chrome/116.0.1938.76 Safari/537.36"
66.249.79.70 - - [02/Sep/2025:12:34:03 -0400] "GET /mudflow443190310 HTTP/1.1" 404 1251 "-" "Mozilla/5.0 (Linux; Android 6.0.1; Nexus 5X Build/MMB29P) AppleWebKit/537.36 (KHTML, like Gecko) Chrome/138.0.7204.183 Mobile Safari/537.36 (compatible; Googlebot/2.1; +http://www.google.com/bot.html)"
66.249.79.69 - - [02/Sep/2025:12:34:46 -0400] "GET /q-~139p7sIcuKcOEb2CU0zBzOsvfaOBKUM3x11887/ HTTP/1.1" 404 1251 "-" "Mozilla/5.0 (Linux; Android 6.0.1; Nexus 5X Build/MMB29P) AppleWebKit/537.36 (KHTML, like Gecko) Chrome/138.0.7204.183 Mobile Safari/537.36 (compatible; Googlebot/2.1; +http://www.google.com/bot.html)"
66.249.79.70 - - [02/Sep/2025:12:31:52 -0400] "GET /q-~250zpvF9mYYtmp58WV9MxmYrpJaH0MyjZ16890/ HTTP/1.1" 404 1251 "-" "Mozilla/5.0 (Linux; Android 6.0.1; Nexus 5X Build/MMB29P) AppleWebKit/537.36 (KHTML, like Gecko) Chrome/138.0.7204.183 Mobile Safari/537.36 (compatible; Googlebot/2.1; +http://www.google.com/bot.html)"
40.77.167.12 - - [02/Sep/2025:12:31:55 -0400] "GET /choriambus/e415117591 HTTP/1.1" 404 1251 "-" "Mozilla/5.0 AppleWebKit/537.36 (KHTML, like Gecko; compatible; bingbot/2.0; +http://www.bing.com/bingbot.htm) Chrome/116.0.1938.76 Safari/537.36"
52.167.144.206 - - [02/Sep/2025:12:32:06 -0400] "GET /atropic/373101582 HTTP/1.1" 404 1251 "-" "Mozilla/5.0 AppleWebKit/537.36 (KHTML, like Gecko; compatible; bingbot/2.0; +http://www.bing.com/bingbot.htm) Chrome/116.0.1938.76 Safari/537.36"
40.77.167.1 - - [02/Sep/2025:12:32:46 -0400] "GET /retrencher/yeorgi384350008 HTTP/1.1" 404 1251 "-" "Mozilla/5.0 AppleWebKit/537.36 (KHTML, like Gecko; compatible; bingbot/2.0; +http://www.bing.com/bingbot.htm) Chrome/116.0.1938.76 Safari/537.36"
40.77.167.47 - - [02/Sep/2025:12:32:50 -0400] "GET /totemist/358580371 HTTP/1.1" 404 1251 "-" "Mozilla/5.0 AppleWebKit/537.36 (KHTML, like Gecko; compatible; bingbot/2.0; +http://www.bing.com/bingbot.htm) Chrome/116.0.1938.76 Safari/537.36"
40.77.167.12 - - [02/Sep/2025:12:32:55 -0400] "GET /occipiputs/394208659 HTTP/1.1" 404 1251 "-" "Mozilla/5.0 AppleWebKit/537.36 (KHTML, like Gecko; compatible; bingbot/2.0; +http://www.bing.com/bingbot.htm) Chrome/116.0.1938.76 Safari/537.36"
66.249.68.8 - - [02/Sep/2025:12:33:19 -0400] "GET /dharmasutra/q/slowmotion443027712 HTTP/1.1" 404 1251 "-" "Mozilla/5.0 (Linux; Android 6.0.1; Nexus 5X Build/MMB29P) AppleWebKit/537.36 (KHTML, like Gecko) Chrome/138.0.7204.183 Mobile Safari/537.36 (compatible; Googlebot/2.1; +http://www.google.com/bot.html)"
52.167.144.174 - - [02/Sep/2025:12:33:27 -0400] "GET /connarite/exhibits/rwt291776199 HTTP/1.1" 404 1251 "-" "Mozilla/5.0 AppleWebKit/537.36 (KHTML, like Gecko; compatible; bingbot/2.0; +http://www.bing.com/bingbot.htm) Chrome/116.0.1938.76 Safari/537.36"
52.167.144.206 - - [02/Sep/2025:12:33:44 -0400] "GET /backwoodsman/zeolite/443663027 HTTP/1.1" 404 1251 "-" "Mozilla/5.0 AppleWebKit/537.36 (KHTML, like Gecko; compatible; bingbot/2.0; +http://www.bing.com/bingbot.htm) Chrome/116.0.1938.76 Safari/537.36"
66.249.79.71 - - [02/Sep/2025:12:36:13 -0400] "GET /m045013040?srsltid=AfmBOoWrEeKxMgDfxubfGR_hOKUjIUKcO_RPjvbjPW-W-KCZKpPlRJ HTTP/1.1" 404 1251 "-" "Mozilla/5.0 (Linux; Android 6.0.1; Nexus 5X Build/MMB29P) AppleWebKit/537.36 (KHTML, like Gecko) Chrome/138.0.7204.183 Mobile Safari/537.36 (compatible; Googlebot/2.1; +http://www.google.com/bot.html)"
66.249.79.70 - - [02/Sep/2025:12:36:57 -0400] "GET /m217047668?srsltid=AfmBOoBdFrDPoNyyeu37eh_iCEKRZnx1t_gIPOdX7r-A-PL67rOEkR HTTP/1.1" 404 1251 "-" "Mozilla/5.0 (Linux; Android 6.0.1; Nexus 5X Build/MMB29P) AppleWebKit/537.36 (KHTML, like Gecko) Chrome/138.0.7204.183 Mobile Safari/537.36 (compatible; Googlebot/2.1; +http://www.google.com/bot.html)"
52.167.144.174 - - [02/Sep/2025:12:37:20 -0400] "GET /worriments/dpe/softtoned394526856 HTTP/1.1" 404 1251 "-" "Mozilla/5.0 AppleWebKit/537.36 (KHTML, like Gecko; compatible; bingbot/2.0; +http://www.bing.com/bingbot.htm) Chrome/116.0.1938.76 Safari/537.36"
107.189.30.241 - - [02/Sep/2025:12:38:00 -0400] "GET /wp-login.php HTTP/1.1" 200 1711 "-" "Mozilla/5.0 (Macintosh; Intel Mac OS X 10_6_8) AppleWebKit/534.59.10 (KHTML, like Gecko) Version/5.1.9 Safari/534.59.10"
66.249.79.70 - - [02/Sep/2025:12:38:24 -0400] "GET /m270042637?srsltid=AfmBOoqIzzrxxJBBNA4dfM_fPEhOIM2xv_NJLvA2zt-W-pRLKlJnNQ HTTP/1.1" 404 1251 "-" "Mozilla/5.0 (Linux; Android 6.0.1; Nexus 5X Build/MMB29P) AppleWebKit/537.36 (KHTML, like Gecko) Chrome/138.0.7204.183 Mobile Safari/537.36 (compatible; Googlebot/2.1; +http://www.google.com/bot.html)"
52.167.144.142 - - [02/Sep/2025:12:38:47 -0400] "GET /picucule/emmi386604420 HTTP/1.1" 404 1251 "-" "Mozilla/5.0 AppleWebKit/537.36 (KHTML, like Gecko; compatible; bingbot/2.0; +http://www.bing.com/bingbot.htm) Chrome/116.0.1938.76 Safari/537.36"
66.249.68.3 - - [02/Sep/2025:12:39:51 -0400] "GET /ws/jo/xeronate/429177174 HTTP/1.1" 404 1251 "-" "Mozilla/5.0 (Linux; Android 6.0.1; Nexus 5X Build/MMB29P) AppleWebKit/537.36 (KHTML, like Gecko) Chrome/138.0.7204.183 Mobile Safari/537.36 (compatible; Googlebot/2.1; +http://www.google.com/bot.html)"
52.167.144.174 - - [02/Sep/2025:12:40:30 -0400] "GET /wisdomworking/mrr/phototherapeutic/294107985 HTTP/1.1" 404 1251 "-" "Mozilla/5.0 AppleWebKit/537.36 (KHTML, like Gecko; compatible; bingbot/2.0; +http://www.bing.com/bingbot.htm) Chrome/116.0.1938.76 Safari/537.36"
66.249.79.71 - - [02/Sep/2025:12:40:34 -0400] "GET /m258047045?srsltid=AfmBOoshIQusHqwwHITI7k_NjNZT9Xo5D_qS2RXVor-O-Xh7wi9ngE HTTP/1.1" 404 1251 "-" "Mozilla/5.0 (Linux; Android 6.0.1; Nexus 5X Build/MMB29P) AppleWebKit/537.36 (KHTML, like Gecko) Chrome/138.0.7204.183 Mobile Safari/537.36 (compatible; Googlebot/2.1; +http://www.google.com/bot.html)"
66.249.79.70 - - [02/Sep/2025:12:40:35 -0400] "GET /m216041005?srsltid=AfmBOoHAeZjicxFpB9jBwl_uXiLWWovhK_ZsoFFJ60-V-mrrIZLH7V HTTP/1.1" 404 1251 "-" "Mozilla/5.0 (Linux; Android 6.0.1; Nexus 5X Build/MMB29P) AppleWebKit/537.36 (KHTML, like Gecko) Chrome/138.0.7204.183 Mobile Safari/537.36 (compatible; Googlebot/2.1; +http://www.google.com/bot.html)"
66.249.79.69 - - [02/Sep/2025:12:41:58 -0400] "GET /q-~6Ao8M9xIm1QYElm8x4jIk49THvLQzdT19472/ HTTP/1.1" 404 1251 "-" "Mozilla/5.0 (Linux; Android 6.0.1; Nexus 5X Build/MMB29P) AppleWebKit/537.36 (KHTML, like Gecko) Chrome/138.0.7204.183 Mobile Safari/537.36 (compatible; Googlebot/2.1; +http://www.google.com/bot.html)"
40.77.167.1 - - [02/Sep/2025:12:42:48 -0400] "GET /uniformly/edental/qso/386670616 HTTP/1.1" 404 1251 "-" "Mozilla/5.0 AppleWebKit/537.36 (KHTML, like Gecko; compatible; bingbot/2.0; +http://www.bing.com/bingbot.htm) Chrome/116.0.1938.76 Safari/537.36"
52.167.144.169 - - [02/Sep/2025:12:42:58 -0400] "GET /incaptivate/teferi420386017 HTTP/1.1" 404 1251 "-" "Mozilla/5.0 AppleWebKit/537.36 (KHTML, like Gecko; compatible; bingbot/2.0; +http://www.bing.com/bingbot.htm) Chrome/116.0.1938.76 Safari/537.36"
66.249.79.70 - - [02/Sep/2025:12:35:30 -0400] "GET /?_ga=2.198040047.1958808748.1721886654-862398307.1699453578&_bdsid=2ulvIJ.n~ZXCIW.1721886656070.1721886848&_bd_prev_page=https://www.surewordglobalimpactministry.org/detail.php?leptospiral324854482 HTTP/1.1" 200 2334 "-" "Mozilla/5.0 (Linux; Android 6.0.1; Nexus 5X Build/MMB29P) AppleWebKit/537.36 (KHTML, like Gecko) Chrome/138.0.7204.183 Mobile Safari/537.36 (compatible; Googlebot/2.1; +http://www.google.com/bot.html)"
204.12.252.98 - - [02/Sep/2025:12:35:51 -0400] "GET /wp-content/brf532c6/edit.php HTTP/1.1" 404 1251 "https://surewordglobalimpactministry.org/wp-content/brf532c6/edit.php" "Mozilla/5.0 (Windows NT 10.0; Win64; x64) AppleWebKit/537.36 (KHTML, like Gecko) Chrome/58.0.3029.110 Safari/537.3"
40.77.167.52 - - [02/Sep/2025:12:36:08 -0400] "GET /scriptum/397923067 HTTP/1.1" 404 1251 "-" "Mozilla/5.0 AppleWebKit/537.36 (KHTML, like Gecko; compatible; bingbot/2.0; +http://www.bing.com/bingbot.htm) Chrome/116.0.1938.76 Safari/537.36"
66.249.79.69 - - [02/Sep/2025:12:36:14 -0400] "GET /m072045901?srsltid=AfmBOoplHzsEZjLS8u0Psh_79y85teWZC_87u13VSn-N-gfTEuc8ax HTTP/1.1" 404 1251 "-" "Mozilla/5.0 (Linux; Android 6.0.1; Nexus 5X Build/MMB29P) AppleWebKit/537.36 (KHTML, like Gecko) Chrome/138.0.7204.183 Mobile Safari/537.36 (compatible; Googlebot/2.1; +http://www.google.com/bot.html)"
52.167.144.174 - - [02/Sep/2025:12:37:20 -0400] "GET /aquacade/saltloving/381566064 HTTP/1.1" 404 1251 "-" "Mozilla/5.0 AppleWebKit/537.36 (KHTML, like Gecko; compatible; bingbot/2.0; +http://www.bing.com/bingbot.htm) Chrome/116.0.1938.76 Safari/537.36"
68.65.122.155 - - [02/Sep/2025:12:38:00 -0400] "POST /wp-cron.php?doing_wp_cron=1756831080.7107601165771484375000 HTTP/1.1" 403 1242 "-" "WordPress/6.8.2; https://surewordglobalimpactministry.org"
52.167.144.169 - - [02/Sep/2025:12:38:30 -0400] "GET /transtracheal/toh/jobey/403400356 HTTP/1.1" 404 1251 "-" "Mozilla/5.0 AppleWebKit/537.36 (KHTML, like Gecko; compatible; bingbot/2.0; +http://www.bing.com/bingbot.htm) Chrome/116.0.1938.76 Safari/537.36"
40.77.167.52 - - [02/Sep/2025:12:39:16 -0400] "GET /aspect/cineaste327372223 HTTP/1.1" 404 1251 "-" "Mozilla/5.0 AppleWebKit/537.36 (KHTML, like Gecko; compatible; bingbot/2.0; +http://www.bing.com/bingbot.htm) Chrome/116.0.1938.76 Safari/537.36"
66.249.79.71 - - [02/Sep/2025:12:39:51 -0400] "GET /m186043637?srsltid=AfmBOozuDLIzxYzJOBRwcv_kdHoQeIqqi_nPi0U1AA-J-7D9a22mH2 HTTP/1.1" 404 1251 "-" "Mozilla/5.0 (Linux; Android 6.0.1; Nexus 5X Build/MMB29P) AppleWebKit/537.36 (KHTML, like Gecko) Chrome/138.0.7204.183 Mobile Safari/537.36 (compatible; Googlebot/2.1; +http://www.google.com/bot.html)"
52.167.144.142 - - [02/Sep/2025:12:40:16 -0400] "GET /contragredience/sphaerioidaceae394030133 HTTP/1.1" 404 1251 "-" "Mozilla/5.0 AppleWebKit/537.36 (KHTML, like Gecko; compatible; bingbot/2.0; +http://www.bing.com/bingbot.htm) Chrome/116.0.1938.76 Safari/537.36"
66.249.79.69 - - [02/Sep/2025:12:40:35 -0400] "GET /m147011298?srsltid=AfmBOoqtQCjYSJbroM5Cat_WovnmT5i1Q_7pkHn2qS-M-Q2zPWCeOt HTTP/1.1" 404 1251 "-" "Mozilla/5.0 (Linux; Android 6.0.1; Nexus 5X Build/MMB29P) AppleWebKit/537.36 (KHTML, like Gecko) Chrome/138.0.7204.183 Mobile Safari/537.36 (compatible; Googlebot/2.1; +http://www.google.com/bot.html)"
40.77.167.52 - - [02/Sep/2025:12:40:46 -0400] "GET /desquamate/paleoentomologist/anatheme/442596772 HTTP/1.1" 404 1251 "-" "Mozilla/5.0 AppleWebKit/537.36 (KHTML, like Gecko; compatible; bingbot/2.0; +http://www.bing.com/bingbot.htm) Chrome/116.0.1938.76 Safari/537.36"
66.249.79.72 - - [02/Sep/2025:12:45:58 -0400] "GET /q-~295vjhz0mrBKqZv1EgkrqkNhWoTTnZM0f22169/ HTTP/1.1" 404 1251 "-" "Mozilla/5.0 (Linux; Android 6.0.1; Nexus 5X Build/MMB29P) AppleWebKit/537.36 (KHTML, like Gecko) Chrome/138.0.7204.183 Mobile Safari/537.36 (compatible; Googlebot/2.1; +http://www.google.com/bot.html)"
66.249.79.74 - - [02/Sep/2025:12:43:25 -0400] "GET /?list=305119023 HTTP/1.1" 200 2334 "-" "Mozilla/5.0 (Linux; Android 6.0.1; Nexus 5X Build/MMB29P) AppleWebKit/537.36 (KHTML, like Gecko) Chrome/138.0.7204.183 Mobile Safari/537.36 (compatible; Googlebot/2.1; +http://www.google.com/bot.html)"
66.249.68.2 - - [02/Sep/2025:12:43:26 -0400] "GET /?list=290766762 HTTP/1.1" 200 2337 "-" "Mozilla/5.0 (Linux; Android 6.0.1; Nexus 5X Build/MMB29P) AppleWebKit/537.36 (KHTML, like Gecko) Chrome/138.0.7204.183 Mobile Safari/537.36 (compatible; Googlebot/2.1; +http://www.google.com/bot.html)"
66.249.79.73 - - [02/Sep/2025:12:43:26 -0400] "GET /q-~275SSM6AOQ9fS3EyLYnnlfOgTh2TwgYGF36347/ HTTP/1.1" 404 1251 "-" "Mozilla/5.0 (Linux; Android 6.0.1; Nexus 5X Build/MMB29P) AppleWebKit/537.36 (KHTML, like Gecko) Chrome/138.0.7204.183 Mobile Safari/537.36 (compatible; Googlebot/2.1; +http://www.google.com/bot.html)"
66.249.79.72 - - [02/Sep/2025:12:44:13 -0400] "GET /?list=305118559 HTTP/1.1" 200 2334 "-" "Mozilla/5.0 (Linux; Android 6.0.1; Nexus 5X Build/MMB29P) AppleWebKit/537.36 (KHTML, like Gecko) Chrome/138.0.7204.183 Mobile Safari/537.36 (compatible; Googlebot/2.1; +http://www.google.com/bot.html)"
52.167.144.142 - - [02/Sep/2025:12:44:26 -0400] "GET /biogenase/plicature/aglauros/363708863 HTTP/1.1" 404 1251 "-" "Mozilla/5.0 AppleWebKit/537.36 (KHTML, like Gecko; compatible; bingbot/2.0; +http://www.bing.com/bingbot.htm) Chrome/116.0.1938.76 Safari/537.36"
40.77.167.14 - - [02/Sep/2025:12:45:00 -0400] "GET /checkperforating/s/ponderable339013745 HTTP/1.1" 404 1251 "-" "Mozilla/5.0 AppleWebKit/537.36 (KHTML, like Gecko; compatible; bingbot/2.0; +http://www.bing.com/bingbot.htm) Chrome/116.0.1938.76 Safari/537.36"
66.249.79.73 - - [02/Sep/2025:12:47:25 -0400] "GET /q-~46ta1GfYaZrpMK4O3o7bSbsNVj7iskHz16114/ HTTP/1.1" 404 1251 "-" "Mozilla/5.0 (Linux; Android 6.0.1; Nexus 5X Build/MMB29P) AppleWebKit/537.36 (KHTML, like Gecko) Chrome/138.0.7204.183 Mobile Safari/537.36 (compatible; Googlebot/2.1; +http://www.google.com/bot.html)"
40.77.167.14 - - [02/Sep/2025:12:48:00 -0400] "GET /muscalonge/spagyrist333352274 HTTP/1.1" 404 1251 "-" "Mozilla/5.0 AppleWebKit/537.36 (KHTML, like Gecko; compatible; bingbot/2.0; +http://www.bing.com/bingbot.htm) Chrome/116.0.1938.76 Safari/537.36"
66.249.79.74 - - [02/Sep/2025:12:48:08 -0400] "GET /m283014732?srsltid=AfmBOoGnfkboAlIfo9J3RM_13w8OFwfr1_utcpqtBG-Q-LJ2y14Ait HTTP/1.1" 404 1251 "-" "Mozilla/5.0 (Linux; Android 6.0.1; Nexus 5X Build/MMB29P) AppleWebKit/537.36 (KHTML, like Gecko) Chrome/138.0.7204.183 Mobile Safari/537.36 (compatible; Googlebot/2.1; +http://www.google.com/bot.html)"
66.249.68.1 - - [02/Sep/2025:12:48:08 -0400] "GET /a/409221939 HTTP/1.1" 404 1251 "-" "Mozilla/5.0 (Linux; Android 6.0.1; Nexus 5X Build/MMB29P) AppleWebKit/537.36 (KHTML, like Gecko) Chrome/138.0.7204.183 Mobile Safari/537.36 (compatible; Googlebot/2.1; +http://www.google.com/bot.html)"
40.77.167.4 - - [02/Sep/2025:12:48:18 -0400] "GET /sleigh/dv441408162 HTTP/1.1" 404 1251 "-" "Mozilla/5.0 AppleWebKit/537.36 (KHTML, like Gecko; compatible; bingbot/2.0; +http://www.bing.com/bingbot.htm) Chrome/116.0.1938.76 Safari/537.36"
40.77.167.155 - - [02/Sep/2025:12:48:27 -0400] "GET /cantered/kinescoping307735168 HTTP/1.1" 404 1251 "-" "Mozilla/5.0 AppleWebKit/537.36 (KHTML, like Gecko; compatible; bingbot/2.0; +http://www.bing.com/bingbot.htm) Chrome/116.0.1938.76 Safari/537.36"
40.77.167.4 - - [02/Sep/2025:12:48:48 -0400] "GET /nonseparating/predonated355022158 HTTP/1.1" 404 1251 "-" "Mozilla/5.0 AppleWebKit/537.36 (KHTML, like Gecko; compatible; bingbot/2.0; +http://www.bing.com/bingbot.htm) Chrome/116.0.1938.76 Safari/537.36"
66.249.79.70 - - [02/Sep/2025:12:49:35 -0400] "GET /q-~62KcOUYW3SjSKJ0pqyxrZuAYgGOgMPEm13372/ HTTP/1.1" 404 1251 "-" "Mozilla/5.0 (Linux; Android 6.0.1; Nexus 5X Build/MMB29P) AppleWebKit/537.36 (KHTML, like Gecko) Chrome/138.0.7204.183 Mobile Safari/537.36 (compatible; Googlebot/2.1; +http://www.google.com/bot.html)"
66.249.79.70 - - [02/Sep/2025:12:51:02 -0400] "GET /q-~98Yf0kYM3Ox2SMjTik82mhSwbOMJUhZd40864/ HTTP/1.1" 404 1251 "-" "Mozilla/5.0 (Linux; Android 6.0.1; Nexus 5X Build/MMB29P) AppleWebKit/537.36 (KHTML, like Gecko) Chrome/138.0.7204.183 Mobile Safari/537.36 (compatible; Googlebot/2.1; +http://www.google.com/bot.html)"
40.77.167.155 - - [02/Sep/2025:12:51:08 -0400] "GET /semicentennial/portunidae/450447454 HTTP/1.1" 404 1251 "-" "Mozilla/5.0 AppleWebKit/537.36 (KHTML, like Gecko; compatible; bingbot/2.0; +http://www.bing.com/bingbot.htm) Chrome/116.0.1938.76 Safari/537.36"
40.77.167.14 - - [02/Sep/2025:12:46:40 -0400] "GET /vipera/hordenine/ HTTP/1.1" 404 1251 "-" "Mozilla/5.0 AppleWebKit/537.36 (KHTML, like Gecko; compatible; bingbot/2.0; +http://www.bing.com/bingbot.htm) Chrome/116.0.1938.76 Safari/537.36"
52.167.144.183 - - [02/Sep/2025:12:46:51 -0400] "GET /arbitress/stenton432971272 HTTP/1.1" 404 1251 "-" "Mozilla/5.0 AppleWebKit/537.36 (KHTML, like Gecko; compatible; bingbot/2.0; +http://www.bing.com/bingbot.htm) Chrome/116.0.1938.76 Safari/537.36"
66.249.79.70 - - [02/Sep/2025:12:51:02 -0400] "GET /q-~197zi3yWJsPK8qTwLxpyVLzzz6fADFG2q42423/ HTTP/1.1" 404 1251 "-" "Mozilla/5.0 (Linux; Android 6.0.1; Nexus 5X Build/MMB29P) AppleWebKit/537.36 (KHTML, like Gecko) Chrome/138.0.7204.183 Mobile Safari/537.36 (compatible; Googlebot/2.1; +http://www.google.com/bot.html)"
66.249.79.69 - - [02/Sep/2025:12:51:46 -0400] "GET /m010042737?srsltid=AfmBOohYmcVcqgsHbHGj3e_12d38HzRos_sOAFxPEo-Y-1yjfk4bQY HTTP/1.1" 404 1251 "-" "Mozilla/5.0 (Linux; Android 6.0.1; Nexus 5X Build/MMB29P) AppleWebKit/537.36 (KHTML, like Gecko) Chrome/138.0.7204.183 Mobile Safari/537.36 (compatible; Googlebot/2.1; +http://www.google.com/bot.html)"
52.167.144.183 - - [02/Sep/2025:12:52:50 -0400] "GET /aggies/krf/411445204/ HTTP/1.1" 404 1251 "-" "Mozilla/5.0 AppleWebKit/537.36 (KHTML, like Gecko; compatible; bingbot/2.0; +http://www.bing.com/bingbot.htm) Chrome/116.0.1938.76 Safari/537.36"
4.225.222.178 - - [02/Sep/2025:12:52:56 -0400] "GET /.alf.php HTTP/1.1" 404 1251 "-" "-"
4.225.222.178 - - [02/Sep/2025:12:52:56 -0400] "GET /.bod/.ll/ss.php HTTP/1.1" 404 1251 "-" "-"
4.225.222.178 - - [02/Sep/2025:12:52:57 -0400] "GET /.well-known/index.php HTTP/1.1" 404 1251 "-" "-"
4.225.222.178 - - [02/Sep/2025:12:52:57 -0400] "GET /.well-known/radio.php HTTP/1.1" 404 1251 "-" "-"
4.225.222.178 - - [02/Sep/2025:12:52:57 -0400] "GET /12.php HTTP/1.1" 404 1251 "-" "-"
4.225.222.178 - - [02/Sep/2025:12:52:58 -0400] "GET /13k.php HTTP/1.1" 404 1251 "-" "-"
4.225.222.178 - - [02/Sep/2025:12:52:58 -0400] "GET /about.php HTTP/1.1" 404 1251 "-" "-"
4.225.222.178 - - [02/Sep/2025:12:52:59 -0400] "GET /admin.php HTTP/1.1" 200 1477 "-" "-"
4.225.222.178 - - [02/Sep/2025:12:52:59 -0400] "GET /admin/index.php HTTP/1.1" 404 1251 "-" "-"
4.225.222.178 - - [02/Sep/2025:12:53:00 -0400] "GET /adminfuns.php HTTP/1.1" 404 1251 "-" "-"
4.225.222.178 - - [02/Sep/2025:12:53:00 -0400] "GET /alfa.php HTTP/1.1" 404 1251 "-" "-"
4.225.222.178 - - [02/Sep/2025:12:53:00 -0400] "GET /as.php HTTP/1.1" 404 1251 "-" "-"
4.225.222.178 - - [02/Sep/2025:12:53:01 -0400] "GET /asasx.php HTTP/1.1" 404 1251 "-" "-"
4.225.222.178 - - [02/Sep/2025:12:53:02 -0400] "GET /blog/fw.php HTTP/1.1" 404 1251 "-" "-"
4.225.222.178 - - [02/Sep/2025:12:53:03 -0400] "GET /cc.php HTTP/1.1" 404 1251 "-" "-"
4.225.222.178 - - [02/Sep/2025:12:53:03 -0400] "GET /chosen.php HTTP/1.1" 404 1251 "-" "-"
4.225.222.178 - - [02/Sep/2025:12:53:03 -0400] "GET /class.php HTTP/1.1" 404 1251 "-" "-"
4.225.222.178 - - [02/Sep/2025:12:53:04 -0400] "GET /dropdown.php HTTP/1.1" 404 1251 "-" "-"
4.225.222.178 - - [02/Sep/2025:12:53:04 -0400] "GET /edit.php HTTP/1.1" 404 1251 "-" "-"
4.225.222.178 - - [02/Sep/2025:12:53:04 -0400] "GET /f35.php HTTP/1.1" 404 1251 "-" "-"
4.225.222.178 - - [02/Sep/2025:12:53:05 -0400] "GET /file.php HTTP/1.1" 404 1251 "-" "-"
4.225.222.178 - - [02/Sep/2025:12:53:05 -0400] "GET /file2.php HTTP/1.1" 404 1251 "-" "-"
4.225.222.178 - - [02/Sep/2025:12:53:05 -0400] "GET /filemanager.php HTTP/1.1" 404 1251 "-" "-"
4.225.222.178 - - [02/Sep/2025:12:53:06 -0400] "GET /flower.php HTTP/1.1" 404 1251 "-" "-"
4.225.222.178 - - [02/Sep/2025:12:53:06 -0400] "GET /gecko.php HTTP/1.1" 404 1251 "-" "-"
4.225.222.178 - - [02/Sep/2025:12:53:07 -0400] "GET /gelay.php HTTP/1.1" 404 1251 "-" "-"
4.225.222.178 - - [02/Sep/2025:12:53:07 -0400] "GET /gg.php HTTP/1.1" 404 1251 "-" "-"
4.225.222.178 - - [02/Sep/2025:12:53:07 -0400] "GET /goods.php HTTP/1.1" 404 1251 "-" "-"
4.225.222.178 - - [02/Sep/2025:12:53:08 -0400] "GET /h.php HTTP/1.1" 404 1251 "-" "-"
4.225.222.178 - - [02/Sep/2025:12:53:09 -0400] "GET /info.php HTTP/1.1" 404 1251 "-" "-"
4.225.222.178 - - [02/Sep/2025:12:53:09 -0400] "GET /infos.php HTTP/1.1" 404 1251 "-" "-"
4.225.222.178 - - [02/Sep/2025:12:53:10 -0400] "GET /mini HTTP/1.1" 404 1251 "-" "-"
4.225.222.178 - - [02/Sep/2025:12:53:10 -0400] "GET /mm.php HTTP/1.1" 404 1251 "-" "-"
4.225.222.178 - - [02/Sep/2025:12:53:11 -0400] "GET /ms-edit.php HTTP/1.1" 404 1251 "-" "-"
4.225.222.178 - - [02/Sep/2025:12:53:11 -0400] "GET /options-general.php HTTP/1.1" 404 1251 "-" "-"
4.225.222.178 - - [02/Sep/2025:12:53:11 -0400] "GET /options-reading.php HTTP/1.1" 404 1251 "-" "-"
4.225.222.178 - - [02/Sep/2025:12:53:12 -0400] "GET /pages.php HTTP/1.1" 404 1251 "-" "-"
4.225.222.178 - - [02/Sep/2025:12:53:12 -0400] "GET /php.php HTTP/1.1" 404 1251 "-" "-"
40.77.167.47 - - [02/Sep/2025:12:52:38 -0400] "GET /cotonou/403188795 HTTP/1.1" 404 1251 "-" "Mozilla/5.0 AppleWebKit/537.36 (KHTML, like Gecko; compatible; bingbot/2.0; +http://www.bing.com/bingbot.htm) Chrome/116.0.1938.76 Safari/537.36"
4.225.222.178 - - [02/Sep/2025:12:52:56 -0400] "GET /.well-known/about/function.php HTTP/1.1" 404 1251 "-" "-"
4.225.222.178 - - [02/Sep/2025:12:52:57 -0400] "GET /.well-known/classwithtostring.php HTTP/1.1" 404 1251 "-" "-"
4.225.222.178 - - [02/Sep/2025:12:52:57 -0400] "GET /10.php HTTP/1.1" 404 1251 "-" "-"
4.225.222.178 - - [02/Sep/2025:12:52:58 -0400] "GET /87.php HTTP/1.1" 404 1251 "-" "-"
4.225.222.178 - - [02/Sep/2025:12:52:58 -0400] "GET /about/Geforce.php HTTP/1.1" 404 1251 "-" "-"
4.225.222.178 - - [02/Sep/2025:12:52:58 -0400] "GET /about/function.php HTTP/1.1" 404 1251 "-" "-"
4.225.222.178 - - [02/Sep/2025:12:52:59 -0400] "GET /admin/admin.php HTTP/1.1" 404 1251 "-" "-"
4.225.222.178 - - [02/Sep/2025:12:52:59 -0400] "GET /admin/function.php HTTP/1.1" 404 1251 "-" "-"
4.225.222.178 - - [02/Sep/2025:12:53:00 -0400] "GET /akc.php HTTP/1.1" 404 1251 "-" "-"
4.225.222.178 - - [02/Sep/2025:12:53:00 -0400] "GET /al.php HTTP/1.1" 404 1251 "-" "-"
4.225.222.178 - - [02/Sep/2025:12:53:01 -0400] "GET /assets/images/doc.php HTTP/1.1" 404 1251 "-" "-"
4.225.222.178 - - [02/Sep/2025:12:53:01 -0400] "GET /atomlib.php HTTP/1.1" 404 1251 "-" "-"
4.225.222.178 - - [02/Sep/2025:12:53:01 -0400] "GET /auth.php HTTP/1.1" 404 1251 "-" "-"
4.225.222.178 - - [02/Sep/2025:12:53:01 -0400] "GET /autoload_classmap.php HTTP/1.1" 404 1251 "-" "-"
4.225.222.178 - - [02/Sep/2025:12:53:02 -0400] "GET /autoload_classmap/function.php HTTP/1.1" 404 1251 "-" "-"
4.225.222.178 - - [02/Sep/2025:12:53:02 -0400] "GET /b.php HTTP/1.1" 404 1251 "-" "-"
4.225.222.178 - - [02/Sep/2025:12:53:02 -0400] "GET /bugz.php HTTP/1.1" 404 1251 "-" "-"
4.225.222.178 - - [02/Sep/2025:12:53:03 -0400] "GET /byp.php HTTP/1.1" 404 1251 "-" "-"
4.225.222.178 - - [02/Sep/2025:12:53:03 -0400] "GET /classwithtostring.php HTTP/1.1" 404 1251 "-" "-"
4.225.222.178 - - [02/Sep/2025:12:53:04 -0400] "GET /composer.php HTTP/1.1" 404 1251 "-" "-"
4.225.222.178 - - [02/Sep/2025:12:53:04 -0400] "GET /css.php HTTP/1.1" 404 1251 "-" "-"
4.225.222.178 - - [02/Sep/2025:12:53:05 -0400] "GET /files/index.php HTTP/1.1" 404 1251 "-" "-"
4.225.222.178 - - [02/Sep/2025:12:53:05 -0400] "GET /fix.php HTTP/1.1" 404 1251 "-" "-"
4.225.222.178 - - [02/Sep/2025:12:53:06 -0400] "GET /fox.php HTTP/1.1" 404 1251 "-" "-"
4.225.222.178 - - [02/Sep/2025:12:53:06 -0400] "GET /function/function.php HTTP/1.1" 404 1251 "-" "-"
4.225.222.178 - - [02/Sep/2025:12:53:06 -0400] "GET /g.php HTTP/1.1" 404 1251 "-" "-"
4.225.222.178 - - [02/Sep/2025:12:53:07 -0400] "GET /gel4y.php HTTP/1.1" 404 1251 "-" "-"
4.225.222.178 - - [02/Sep/2025:12:53:07 -0400] "GET /goat.php HTTP/1.1" 404 1251 "-" "-"
4.225.222.178 - - [02/Sep/2025:12:53:08 -0400] "GET /images/admin.php HTTP/1.1" 404 1251 "-" "-"
4.225.222.178 - - [02/Sep/2025:12:53:08 -0400] "GET /images/class-config.php HTTP/1.1" 404 1251 "-" "-"
4.225.222.178 - - [02/Sep/2025:12:53:08 -0400] "GET /inc.php HTTP/1.1" 404 1251 "-" "-"
4.225.222.178 - - [02/Sep/2025:12:53:08 -0400] "GET /index.bak.php HTTP/1.1" 404 1251 "-" "-"
4.225.222.178 - - [02/Sep/2025:12:53:09 -0400] "GET /index/function.php HTTP/1.1" 404 1251 "-" "-"
4.225.222.178 - - [02/Sep/2025:12:53:09 -0400] "GET /ioxi-o.php HTTP/1.1" 404 1251 "-" "-"
4.225.222.178 - - [02/Sep/2025:12:53:09 -0400] "GET /k.php HTTP/1.1" 404 1251 "-" "-"
4.225.222.178 - - [02/Sep/2025:12:53:10 -0400] "GET /m.php HTTP/1.1" 404 1251 "-" "-"
4.225.222.178 - - [02/Sep/2025:12:53:10 -0400] "GET /mar.php HTTP/1.1" 404 1251 "-" "-"
4.225.222.178 - - [02/Sep/2025:12:53:10 -0400] "GET /mini.php HTTP/1.1" 404 1251 "-" "-"
4.225.222.178 - - [02/Sep/2025:12:53:11 -0400] "GET /ms-themes.php HTTP/1.1" 404 1251 "-" "-"
4.225.222.178 - - [02/Sep/2025:12:53:11 -0400] "GET /options-writing.php HTTP/1.1" 404 1251 "-" "-"
4.225.222.178 - - [02/Sep/2025:12:53:12 -0400] "GET /ova.php HTTP/1.1" 404 1251 "-" "-"
4.225.222.178 - - [02/Sep/2025:12:53:12 -0400] "GET /pinfo.php HTTP/1.1" 404 1251 "-" "-"
66.249.79.70 - - [02/Sep/2025:12:53:13 -0400] "GET /m106007747?srsltid=AfmBOoFUxUTPTqUVKpwAhT_RyhbPAYfH4_ViSQFwRd-O-l3dWa8HL3 HTTP/1.1" 404 1251 "-" "Mozilla/5.0 (Linux; Android 6.0.1; Nexus 5X Build/MMB29P) AppleWebKit/537.36 (KHTML, like Gecko) Chrome/138.0.7204.183 Mobile Safari/537.36 (compatible; Googlebot/2.1; +http://www.google.com/bot.html)"
4.225.222.178 - - [02/Sep/2025:12:53:13 -0400] "GET /radio.php HTTP/1.1" 404 1251 "-" "-"
4.225.222.178 - - [02/Sep/2025:12:53:13 -0400] "GET /robots.php HTTP/1.1" 404 1251 "-" "-"
4.225.222.178 - - [02/Sep/2025:12:53:14 -0400] "GET /system_log.php HTTP/1.1" 404 1251 "-" "-"
4.225.222.178 - - [02/Sep/2025:12:53:15 -0400] "GET /themes/zMousse/otuz1.php HTTP/1.1" 404 1251 "-" "-"
4.225.222.178 - - [02/Sep/2025:12:53:15 -0400] "GET /tinyfilemanager.php HTTP/1.1" 404 1251 "-" "-"
4.225.222.178 - - [02/Sep/2025:12:53:15 -0400] "GET /users.php HTTP/1.1" 404 1251 "-" "-"
68.65.122.155 - - [02/Sep/2025:12:53:16 -0400] "POST /wp-cron.php?doing_wp_cron=1756831996.5310230255126953125000 HTTP/1.1" 403 1242 "-" "WordPress/6.8.2; https://surewordglobalimpactministry.org"
4.225.222.178 - - [02/Sep/2025:12:53:16 -0400] "GET /wp-admin/ HTTP/1.1" 302 0 "-" "-"
4.225.222.178 - - [02/Sep/2025:12:53:16 -0400] "GET /wp-login.php?redirect_to=https%3A%2F%2Fsurewordglobalimpactministry.org%2Fwp-admin%2F&reauth=1 HTTP/1.1" 200 1711 "-" "-"
4.225.222.178 - - [02/Sep/2025:12:53:17 -0400] "GET /wp-login.php?redirect_to=https%3A%2F%2Fsurewordglobalimpactministry.org%2Fwp-admin%2Fadmin.php&reauth=1 HTTP/1.1" 200 1718 "-" "-"
4.225.222.178 - - [02/Sep/2025:12:53:18 -0400] "GET /wp-admin/classwithtostring.php HTTP/1.1" 404 1251 "-" "-"
4.225.222.178 - - [02/Sep/2025:12:53:18 -0400] "GET /wp-admin/css/colors/blue/index.php HTTP/1.1" 404 1251 "-" "-"
4.225.222.178 - - [02/Sep/2025:12:53:18 -0400] "GET /wp-admin/css/colors/ectoplasm/about.php HTTP/1.1" 404 1251 "-" "-"
4.225.222.178 - - [02/Sep/2025:12:53:19 -0400] "GET /wp-admin/includes/index.php HTTP/1.1" 404 1251 "-" "-"
4.225.222.178 - - [02/Sep/2025:12:53:21 -0400] "GET /wp-admin/js/widgets/index.php HTTP/1.1" 404 1251 "-" "-"
4.225.222.178 - - [02/Sep/2025:12:53:22 -0400] "GET /wp-admin/maint/about.php HTTP/1.1" 404 1251 "-" "-"
4.225.222.178 - - [02/Sep/2025:12:53:22 -0400] "GET /wp-admin/wp-admins.php HTTP/1.1" 404 1251 "-" "-"
4.225.222.178 - - [02/Sep/2025:12:53:23 -0400] "GET /wp-admin/wp.php HTTP/1.1" 404 1251 "-" "-"
4.225.222.178 - - [02/Sep/2025:12:53:23 -0400] "GET /wp-comments.php HTTP/1.1" 404 1251 "-" "-"
4.225.222.178 - - [02/Sep/2025:12:53:23 -0400] "GET /wp-content/about.php HTTP/1.1" 404 1251 "-" "-"
4.225.222.178 - - [02/Sep/2025:12:53:24 -0400] "GET /wp-content/autoload_classmap.php HTTP/1.1" 404 1251 "-" "-"
4.225.222.178 - - [02/Sep/2025:12:53:24 -0400] "GET /wp-content/classwithtostring.php HTTP/1.1" 404 1251 "-" "-"
4.225.222.178 - - [02/Sep/2025:12:53:24 -0400] "GET /wp-content/index.php HTTP/1.1" 200 0 "-" "-"
4.225.222.178 - - [02/Sep/2025:12:53:25 -0400] "GET /wp-content/plugin.php HTTP/1.1" 404 1251 "-" "-"
4.225.222.178 - - [02/Sep/2025:12:53:25 -0400] "GET /wp-content/plugins/WordPressCore/include.php HTTP/1.1" 404 1251 "-" "-"
4.225.222.178 - - [02/Sep/2025:12:53:25 -0400] "GET /wp-content/plugins/autoload_classmap.php HTTP/1.1" 404 1251 "-" "-"
4.225.222.178 - - [02/Sep/2025:12:53:25 -0400] "GET /wp-content/plugins/ioxi/ioxi/dropdown.php HTTP/1.1" 404 1251 "-" "-"
4.225.222.178 - - [02/Sep/2025:12:53:26 -0400] "GET /wp-content/themes/admin.php HTTP/1.1" 404 1251 "-" "-"
4.225.222.178 - - [02/Sep/2025:12:53:26 -0400] "GET /wp-content/uploads/chosen.php HTTP/1.1" 404 1251 "-" "-"
4.225.222.178 - - [02/Sep/2025:12:53:27 -0400] "GET /wp-content/uploads/de_fb_uploads/b.php HTTP/1.1" 404 1251 "-" "-"
4.225.222.178 - - [02/Sep/2025:12:53:28 -0400] "GET /wp-includes/IXR/autoload_classmap.php HTTP/1.1" 404 1251 "-" "-"
4.225.222.178 - - [02/Sep/2025:12:53:28 -0400] "GET /wp-includes/IXR/chosen.php HTTP/1.1" 404 1251 "-" "-"
4.225.222.178 - - [02/Sep/2025:12:53:12 -0400] "GET /php8.php HTTP/1.1" 404 1251 "-" "-"
4.225.222.178 - - [02/Sep/2025:12:53:13 -0400] "GET /rt.php HTTP/1.1" 404 1251 "-" "-"
4.225.222.178 - - [02/Sep/2025:12:53:13 -0400] "GET /s.php HTTP/1.1" 404 1251 "-" "-"
4.225.222.178 - - [02/Sep/2025:12:53:14 -0400] "GET /setup.php HTTP/1.1" 404 1251 "-" "-"
4.225.222.178 - - [02/Sep/2025:12:53:14 -0400] "GET /simple.php HTTP/1.1" 404 1251 "-" "-"
4.225.222.178 - - [02/Sep/2025:12:53:14 -0400] "GET /sts.php HTTP/1.1" 404 1251 "-" "-"
4.225.222.178 - - [02/Sep/2025:12:53:14 -0400] "GET /test1.php HTTP/1.1" 404 1251 "-" "-"
4.225.222.178 - - [02/Sep/2025:12:53:15 -0400] "GET /ty.php HTTP/1.1" 404 1251 "-" "-"
4.225.222.178 - - [02/Sep/2025:12:53:15 -0400] "GET /w.php HTTP/1.1" 404 1251 "-" "-"
4.225.222.178 - - [02/Sep/2025:12:53:16 -0400] "GET /wp-aa.php HTTP/1.1" 404 1251 "-" "-"
4.225.222.178 - - [02/Sep/2025:12:53:17 -0400] "GET /wp-admin/admin.php HTTP/1.1" 302 0 "-" "-"
4.225.222.178 - - [02/Sep/2025:12:53:18 -0400] "GET /wp-admin/css/colors/light/wp-login.php HTTP/1.1" 404 1251 "-" "-"
4.225.222.178 - - [02/Sep/2025:12:53:19 -0400] "GET /wp-admin/images/moon.php HTTP/1.1" 404 1251 "-" "-"
4.225.222.178 - - [02/Sep/2025:12:53:19 -0400] "GET /wp-admin/includes/colour.php HTTP/1.1" 404 1251 "-" "-"
4.225.222.178 - - [02/Sep/2025:12:53:19 -0400] "GET /wp-admin/includes/header.php HTTP/1.1" 404 1251 "-" "-"
68.65.122.155 - - [02/Sep/2025:12:53:20 -0400] "POST /wp-cron.php?doing_wp_cron=1756832000.1625809669494628906250 HTTP/1.1" 403 1242 "-" "WordPress/6.8.2; https://surewordglobalimpactministry.org"
4.225.222.178 - - [02/Sep/2025:12:53:19 -0400] "GET /wp-admin/install.php HTTP/1.1" 200 435 "-" "-"
4.225.222.178 - - [02/Sep/2025:12:53:21 -0400] "GET /wp-admin/js/autoload_classmap.php HTTP/1.1" 404 1251 "-" "-"
4.225.222.178 - - [02/Sep/2025:12:53:21 -0400] "GET /wp-admin/js/index.php HTTP/1.1" 404 1251 "-" "-"
4.225.222.178 - - [02/Sep/2025:12:53:21 -0400] "GET /wp-admin/js/widgets/cloud.php HTTP/1.1" 404 1251 "-" "-"
4.225.222.178 - - [02/Sep/2025:12:53:22 -0400] "GET /wp-admin/mah.php HTTP/1.1" 404 1251 "-" "-"
4.225.222.178 - - [02/Sep/2025:12:53:22 -0400] "GET /wp-admin/network/network.php HTTP/1.1" 404 1251 "-" "-"
4.225.222.178 - - [02/Sep/2025:12:53:22 -0400] "GET /wp-admin/wp-login.php HTTP/1.1" 404 1251 "-" "-"
4.225.222.178 - - [02/Sep/2025:12:53:23 -0400] "GET /wp-api.php HTTP/1.1" 404 1251 "-" "-"
4.225.222.178 - - [02/Sep/2025:12:53:23 -0400] "GET /wp-content/1.php HTTP/1.1" 404 1251 "-" "-"
4.225.222.178 - - [02/Sep/2025:12:53:24 -0400] "GET /wp-content/click.php HTTP/1.1" 404 1251 "-" "-"
4.225.222.178 - - [02/Sep/2025:12:53:25 -0400] "GET /wp-content/languages/autoload_classmap.php HTTP/1.1" 404 1251 "-" "-"
4.225.222.178 - - [02/Sep/2025:12:53:26 -0400] "GET /wp-content/plugins/pwnd/as.php HTTP/1.1" 404 1251 "-" "-"
4.225.222.178 - - [02/Sep/2025:12:53:26 -0400] "GET /wp-content/plugins/revslider/includes/external/page/index.php HTTP/1.1" 404 1251 "-" "-"
4.225.222.178 - - [02/Sep/2025:12:53:26 -0400] "GET /wp-content/plugins/up/main.php HTTP/1.1" 404 1251 "-" "-"
4.225.222.178 - - [02/Sep/2025:12:53:27 -0400] "GET /wp-content/uploads/json.php HTTP/1.1" 404 1251 "-" "-"
4.225.222.178 - - [02/Sep/2025:12:53:27 -0400] "GET /wp-content/wp.php HTTP/1.1" 404 1251 "-" "-"
4.225.222.178 - - [02/Sep/2025:12:53:27 -0400] "GET /wp-content/x.php HTTP/1.1" 404 1251 "-" "-"
4.225.222.178 - - [02/Sep/2025:12:53:27 -0400] "GET /wp-error.php HTTP/1.1" 404 1251 "-" "-"
4.225.222.178 - - [02/Sep/2025:12:53:28 -0400] "GET /wp-includes/ALFA_DATA/alfacgiapi/perl.alfa HTTP/1.1" 404 1251 "-" "-"
4.225.222.178 - - [02/Sep/2025:12:53:29 -0400] "GET /wp-includes/about.php HTTP/1.1" 404 1251 "-" "-"
4.225.222.178 - - [02/Sep/2025:12:53:29 -0400] "GET /wp-includes/blocks/about.php HTTP/1.1" 404 1251 "-" "-"
4.225.222.178 - - [02/Sep/2025:12:53:29 -0400] "GET /wp-includes/blocks/calendar/index.php HTTP/1.1" 404 1251 "-" "-"
4.225.222.178 - - [02/Sep/2025:12:53:28 -0400] "GET /wp-includes/PHPMailer/file.php HTTP/1.1" 404 1251 "-" "-"
4.225.222.178 - - [02/Sep/2025:12:53:28 -0400] "GET /wp-includes/SimplePie/chosen.php HTTP/1.1" 404 1251 "-" "-"
4.225.222.178 - - [02/Sep/2025:12:53:30 -0400] "GET /wp-includes/fonts/admin.php HTTP/1.1" 404 1251 "-" "-"
4.225.222.178 - - [02/Sep/2025:12:53:30 -0400] "GET /wp-includes/fonts/autoload_classmap.php HTTP/1.1" 404 1251 "-" "-"
4.225.222.178 - - [02/Sep/2025:12:53:31 -0400] "GET /wp-includes/rest-api/index.php HTTP/1.1" 404 1251 "-" "-"
4.225.222.178 - - [02/Sep/2025:12:53:31 -0400] "GET /wp-includes/style-engine/autoload_classmap.php HTTP/1.1" 404 1251 "-" "-"
4.225.222.178 - - [02/Sep/2025:12:53:31 -0400] "GET /wp-includes/widgets/autoload_classmap.php HTTP/1.1" 404 1251 "-" "-"
4.225.222.178 - - [02/Sep/2025:12:53:31 -0400] "GET /wp-includes/wp-class.php HTTP/1.1" 404 1251 "-" "-"
4.225.222.178 - - [02/Sep/2025:12:53:32 -0400] "GET /wp-l0gin.php HTTP/1.1" 404 1251 "-" "-"
4.225.222.178 - - [02/Sep/2025:12:53:33 -0400] "GET /wp-logs.php HTTP/1.1" 404 1251 "-" "-"
4.225.222.178 - - [02/Sep/2025:12:53:33 -0400] "GET /wp-setup.php HTTP/1.1" 404 1251 "-" "-"
4.225.222.178 - - [02/Sep/2025:12:53:33 -0400] "GET /wp-signin.php HTTP/1.1" 404 1251 "-" "-"
4.225.222.178 - - [02/Sep/2025:12:53:33 -0400] "GET /wp-wso.php HTTP/1.1" 404 1251 "-" "-"
4.225.222.178 - - [02/Sep/2025:12:53:34 -0400] "GET /wsa.php HTTP/1.1" 404 1251 "-" "-"
4.225.222.178 - - [02/Sep/2025:12:53:34 -0400] "GET /y.php HTTP/1.1" 404 1251 "-" "-"
66.249.79.72 - - [02/Sep/2025:12:54:40 -0400] "GET /m081002040?srsltid=AfmBOoLxvLGFvdadVM9AuI_XIJc4Eqwd8_OlHwZtcf-X-hVXRzUD7S HTTP/1.1" 404 1251 "-" "Mozilla/5.0 (Linux; Android 6.0.1; Nexus 5X Build/MMB29P) AppleWebKit/537.36 (KHTML, like Gecko) Chrome/138.0.7204.183 Mobile Safari/537.36 (compatible; Googlebot/2.1; +http://www.google.com/bot.html)"
2a03:2880:f800:23:: - - [02/Sep/2025:12:54:45 -0400] "GET /index.html HTTP/1.1" 404 1251 "-" "meta-externalagent/1.1 (+https://developers.facebook.com/docs/sharing/webmasters/crawler)"
66.249.79.72 - - [02/Sep/2025:12:55:23 -0400] "GET /?list=305122210 HTTP/1.1" 200 2334 "-" "Mozilla/5.0 (Linux; Android 6.0.1; Nexus 5X Build/MMB29P) AppleWebKit/537.36 (KHTML, like Gecko) Chrome/138.0.7204.183 Mobile Safari/537.36 (compatible; Googlebot/2.1; +http://www.google.com/bot.html)"
66.249.79.73 - - [02/Sep/2025:12:55:23 -0400] "GET /epizoan429546457 HTTP/1.1" 404 1251 "-" "Mozilla/5.0 (Linux; Android 6.0.1; Nexus 5X Build/MMB29P) AppleWebKit/537.36 (KHTML, like Gecko) Chrome/138.0.7204.183 Mobile Safari/537.36 (compatible; Googlebot/2.1; +http://www.google.com/bot.html)"
66.249.79.73 - - [02/Sep/2025:12:55:23 -0400] "GET /m001021156?srsltid=AfmBOoAYyHTiGNyGDkt5mP_VkRZvNwopF_veOKxJr2-J-si6Fra9UC HTTP/1.1" 404 1251 "-" "Mozilla/5.0 (Linux; Android 6.0.1; Nexus 5X Build/MMB29P) AppleWebKit/537.36 (KHTML, like Gecko) Chrome/138.0.7204.183 Mobile Safari/537.36 (compatible; Googlebot/2.1; +http://www.google.com/bot.html)"
52.167.144.206 - - [02/Sep/2025:12:56:09 -0400] "GET /botaniser/467543673 HTTP/1.1" 404 1251 "-" "Mozilla/5.0 AppleWebKit/537.36 (KHTML, like Gecko; compatible; bingbot/2.0; +http://www.bing.com/bingbot.htm) Chrome/116.0.1938.76 Safari/537.36"
66.249.79.74 - - [02/Sep/2025:12:56:50 -0400] "GET /m089037658?srsltid=AfmBOoNYkmZcFXUvPI5qsL_FmG6Sgol3I_KSUp0oQO-F-0rA7RBaNy HTTP/1.1" 404 1251 "-" "Mozilla/5.0 (Linux; Android 6.0.1; Nexus 5X Build/MMB29P) AppleWebKit/537.36 (KHTML, like Gecko) Chrome/138.0.7204.183 Mobile Safari/537.36 (compatible; Googlebot/2.1; +http://www.google.com/bot.html)"
52.167.144.206 - - [02/Sep/2025:12:58:27 -0400] "GET /proflavine/333556380 HTTP/1.1" 404 1251 "-" "Mozilla/5.0 AppleWebKit/537.36 (KHTML, like Gecko; compatible; bingbot/2.0; +http://www.bing.com/bingbot.htm) Chrome/116.0.1938.76 Safari/537.36"
4.225.222.178 - - [02/Sep/2025:12:53:29 -0400] "GET /wp-includes/blocks/site-title/index.php HTTP/1.1" 404 1251 "-" "-"
4.225.222.178 - - [02/Sep/2025:12:53:29 -0400] "GET /wp-includes/certificates/chosen.php HTTP/1.1" 404 1251 "-" "-"
4.225.222.178 - - [02/Sep/2025:12:53:30 -0400] "GET /wp-includes/css/autoload_classmap.php HTTP/1.1" 404 1251 "-" "-"
4.225.222.178 - - [02/Sep/2025:12:53:30 -0400] "GET /wp-includes/fonts/index.php HTTP/1.1" 404 1251 "-" "-"
4.225.222.178 - - [02/Sep/2025:12:53:30 -0400] "GET /wp-includes/html-api/about.php HTTP/1.1" 404 1251 "-" "-"
4.225.222.178 - - [02/Sep/2025:12:53:31 -0400] "GET /wp-includes/js/tinymce/langs/about.php HTTP/1.1" 404 1251 "-" "-"
52.167.144.183 - - [02/Sep/2025:12:53:31 -0400] "GET /t/360627877 HTTP/1.1" 404 1251 "-" "Mozilla/5.0 AppleWebKit/537.36 (KHTML, like Gecko; compatible; bingbot/2.0; +http://www.bing.com/bingbot.htm) Chrome/116.0.1938.76 Safari/537.36"
4.225.222.178 - - [02/Sep/2025:12:53:32 -0400] "GET /wp-includes/wp_class_datlib.php HTTP/1.1" 404 1251 "-" "-"
4.225.222.178 - - [02/Sep/2025:12:53:32 -0400] "GET /wp-login.php HTTP/1.1" 200 1711 "-" "-"
4.225.222.178 - - [02/Sep/2025:12:53:33 -0400] "GET /wp-setting.php HTTP/1.1" 404 1251 "-" "-"
4.225.222.178 - - [02/Sep/2025:12:53:34 -0400] "GET /wp.php HTTP/1.1" 404 1251 "-" "-"
