208.110.64.178 - - [02/Sep/2025:17:03:36 -0400] "GET /wp-content/brf532c6/edit.php HTTP/1.1" 404 1251 "https://surewordglobalimpactministry.org/wp-content/brf532c6/edit.php" "Mozilla/5.0 (Windows NT 10.0; Win64; x64) AppleWebKit/537.36 (KHTML, like Gecko) Chrome/58.0.3029.110 Safari/537.3"
66.249.73.66 - - [02/Sep/2025:17:04:19 -0400] "GET /q-~289pugeEzSwrSTX4vKEemTuglA7HV22zm11541/ HTTP/1.1" 404 1251 "-" "Mozilla/5.0 (Linux; Android 6.0.1; Nexus 5X Build/MMB29P) AppleWebKit/537.36 (KHTML, like Gecko) Chrome/138.0.7204.183 Mobile Safari/537.36 (compatible; Googlebot/2.1; +http://www.google.com/bot.html)"
66.249.73.69 - - [02/Sep/2025:17:04:47 -0400] "GET /m002031801?srsltid=AfmBOoqBqOniIbbxM3TOZV_4iVQ5bwTTR_LGmOy3XX-B-4HO0CCLXI HTTP/1.1" 404 1251 "-" "Mozilla/5.0 (Linux; Android 6.0.1; Nexus 5X Build/MMB29P) AppleWebKit/537.36 (KHTML, like Gecko) Chrome/138.0.7204.183 Mobile Safari/537.36 (compatible; Googlebot/2.1; +http://www.google.com/bot.html)"
66.249.73.68 - - [02/Sep/2025:17:05:17 -0400] "GET /q-~276gETkTQz2gln1uqZBiLmRIevD8tfUOH2340/ HTTP/1.1" 404 1251 "-" "Mozilla/5.0 (Linux; Android 6.0.1; Nexus 5X Build/MMB29P) AppleWebKit/537.36 (KHTML, like Gecko) Chrome/138.0.7204.183 Mobile Safari/537.36 (compatible; Googlebot/2.1; +http://www.google.com/bot.html)"
66.249.73.69 - - [02/Sep/2025:17:05:18 -0400] "GET /q-~28uW3hLwJdz5SwogX4PpX2L7nvjJCnhQ31872/ HTTP/1.1" 404 1251 "-" "Mozilla/5.0 (Linux; Android 6.0.1; Nexus 5X Build/MMB29P) AppleWebKit/537.36 (KHTML, like Gecko) Chrome/138.0.7204.183 Mobile Safari/537.36 (compatible; Googlebot/2.1; +http://www.google.com/bot.html)"
66.249.73.70 - - [02/Sep/2025:17:05:19 -0400] "GET /overinsistently/314251597 HTTP/1.1" 404 1251 "-" "Mozilla/5.0 (Linux; Android 6.0.1; Nexus 5X Build/MMB29P) AppleWebKit/537.36 (KHTML, like Gecko) Chrome/138.0.7204.183 Mobile Safari/537.36 (compatible; Googlebot/2.1; +http://www.google.com/bot.html)"
2a03:2880:f800:25:: - - [02/Sep/2025:17:06:05 -0400] "GET /sitemap-5.xml HTTP/1.1" 404 1251 "-" "meta-externalagent/1.1 (+https://developers.facebook.com/docs/sharing/webmasters/crawler)"
66.249.73.68 - - [02/Sep/2025:17:07:09 -0400] "GET /m166000657?srsltid=AfmBOosdiEmRTTibp2wXhn_dNJrMysnMP_rvKeiNse-Y-uvYpAvsS0 HTTP/1.1" 404 1251 "-" "Mozilla/5.0 (Linux; Android 6.0.1; Nexus 5X Build/MMB29P) AppleWebKit/537.36 (KHTML, like Gecko) Chrome/138.0.7204.183 Mobile Safari/537.36 (compatible; Googlebot/2.1; +http://www.google.com/bot.html)"
66.249.73.69 - - [02/Sep/2025:17:07:37 -0400] "GET /m001030040?srsltid=AfmBOoJvbGInTMeFnjTPgU_Z0IPRLRffb_YaebKbII-A-Y7g7TT2LS HTTP/1.1" 404 1251 "-" "Mozilla/5.0 (Linux; Android 6.0.1; Nexus 5X Build/MMB29P) AppleWebKit/537.36 (KHTML, like Gecko) Chrome/138.0.7204.183 Mobile Safari/537.36 (compatible; Googlebot/2.1; +http://www.google.com/bot.html)"
66.249.73.70 - - [02/Sep/2025:17:08:33 -0400] "GET /m003035562?srsltid=AfmBOoPFhCDRsCpHSbK0WS_lLiBDmnBtg_2p1O8V14-R-d7W5dB3XB HTTP/1.1" 404 1251 "-" "Mozilla/5.0 (Linux; Android 6.0.1; Nexus 5X Build/MMB29P) AppleWebKit/537.36 (KHTML, like Gecko) Chrome/138.0.7204.183 Mobile Safari/537.36 (compatible; Googlebot/2.1; +http://www.google.com/bot.html)"
208.110.64.178 - - [02/Sep/2025:17:09:05 -0400] "GET /wp-content/brf532c6/edit.php HTTP/1.1" 404 1251 "https://surewordglobalimpactministry.org/wp-content/brf532c6/edit.php" "Mozilla/5.0 (Windows NT 10.0; Win64; x64) AppleWebKit/537.36 (KHTML, like Gecko) Chrome/58.0.3029.110 Safari/537.3"
66.249.73.66 - - [02/Sep/2025:17:01:45 -0400] "GET /q-~14DebzUhOFXannkhi0uqwbpyjHLzNSnA15708/ HTTP/1.1" 404 1251 "-" "Mozilla/5.0 (Linux; Android 6.0.1; Nexus 5X Build/MMB29P) AppleWebKit/537.36 (KHTML, like Gecko) Chrome/138.0.7204.183 Mobile Safari/537.36 (compatible; Googlebot/2.1; +http://www.google.com/bot.html)"
66.249.73.67 - - [02/Sep/2025:17:02:20 -0400] "GET /m001034824?srsltid=AfmBOoYYImJSCVZMJtyqLK_pElKeN1wBf_vfPeaUbo-U-5jGvdkDH3 HTTP/1.1" 404 1251 "-" "Mozilla/5.0 (Linux; Android 6.0.1; Nexus 5X Build/MMB29P) AppleWebKit/537.36 (KHTML, like Gecko) Chrome/138.0.7204.183 Mobile Safari/537.36 (compatible; Googlebot/2.1; +http://www.google.com/bot.html)"
66.249.73.65 - - [02/Sep/2025:17:03:30 -0400] "GET /q-~173sVcQP7oshAlCigwwmtU6yKVXtKxkgL11381/ HTTP/1.1" 404 1251 "-" "Mozilla/5.0 (Linux; Android 6.0.1; Nexus 5X Build/MMB29P) AppleWebKit/537.36 (KHTML, like Gecko) Chrome/138.0.7204.183 Mobile Safari/537.36 (compatible; Googlebot/2.1; +http://www.google.com/bot.html)"
66.249.65.100 - - [02/Sep/2025:17:04:47 -0400] "GET /esponton/z/airconditioning381848372 HTTP/1.1" 404 1251 "-" "Mozilla/5.0 (Linux; Android 6.0.1; Nexus 5X Build/MMB29P) AppleWebKit/537.36 (KHTML, like Gecko) Chrome/138.0.7204.183 Mobile Safari/537.36 (compatible; Googlebot/2.1; +http://www.google.com/bot.html)"
66.249.73.68 - - [02/Sep/2025:17:06:14 -0400] "GET /q-~238jkq2BpYn0AMnHGfdJI7GBLa9S7XM4b10296/ HTTP/1.1" 404 1251 "-" "Mozilla/5.0 (Linux; Android 6.0.1; Nexus 5X Build/MMB29P) AppleWebKit/537.36 (KHTML, like Gecko) Chrome/138.0.7204.183 Mobile Safari/537.36 (compatible; Googlebot/2.1; +http://www.google.com/bot.html)"
66.249.73.69 - - [02/Sep/2025:17:06:41 -0400] "GET /m073015918?srsltid=AfmBOoYNEyZsOdnPIG5o6U_PD4hvJojJ6_1Lw47fe7-O-GMyfmybKI HTTP/1.1" 404 1251 "-" "Mozilla/5.0 (Linux; Android 6.0.1; Nexus 5X Build/MMB29P) AppleWebKit/537.36 (KHTML, like Gecko) Chrome/138.0.7204.183 Mobile Safari/537.36 (compatible; Googlebot/2.1; +http://www.google.com/bot.html)"
66.249.73.68 - - [02/Sep/2025:17:07:37 -0400] "GET /q-~96L2VvtUcdL3fqKrA47ehUkv425KaYZn8690/ HTTP/1.1" 404 1251 "-" "Mozilla/5.0 (Linux; Android 6.0.1; Nexus 5X Build/MMB29P) AppleWebKit/537.36 (KHTML, like Gecko) Chrome/138.0.7204.183 Mobile Safari/537.36 (compatible; Googlebot/2.1; +http://www.google.com/bot.html)"
66.249.73.69 - - [02/Sep/2025:17:08:32 -0400] "GET /q-~146P8zNy1XgcENTr8vct66I7tBFdFvq1c18618/ HTTP/1.1" 404 1251 "-" "Mozilla/5.0 (Linux; Android 6.0.1; Nexus 5X Build/MMB29P) AppleWebKit/537.36 (KHTML, like Gecko) Chrome/138.0.7204.183 Mobile Safari/537.36 (compatible; Googlebot/2.1; +http://www.google.com/bot.html)"
66.249.73.70 - - [02/Sep/2025:17:09:01 -0400] "GET /q-~88ep1GxWF0jDxbYxbzevh3HKine2REBV40536/ HTTP/1.1" 404 1251 "-" "Mozilla/5.0 (Linux; Android 6.0.1; Nexus 5X Build/MMB29P) AppleWebKit/537.36 (KHTML, like Gecko) Chrome/138.0.7204.183 Mobile Safari/537.36 (compatible; Googlebot/2.1; +http://www.google.com/bot.html)"
66.249.73.68 - - [02/Sep/2025:17:09:29 -0400] "GET /q-~88yVSfFcz0rUepQZXBaf9m3P93QU0ssE37932/ HTTP/1.1" 404 1251 "-" "Mozilla/5.0 (Linux; Android 6.0.1; Nexus 5X Build/MMB29P) AppleWebKit/537.36 (KHTML, like Gecko) Chrome/138.0.7204.183 Mobile Safari/537.36 (compatible; Googlebot/2.1; +http://www.google.com/bot.html)"
66.249.73.67 - - [02/Sep/2025:17:10:23 -0400] "GET /q-~216Avio7UDztyIHbwpKzaEc8T0sLSQ8nd22022/ HTTP/1.1" 404 1251 "-" "Mozilla/5.0 (Linux; Android 6.0.1; Nexus 5X Build/MMB29P) AppleWebKit/537.36 (KHTML, like Gecko) Chrome/138.0.7204.183 Mobile Safari/537.36 (compatible; Googlebot/2.1; +http://www.google.com/bot.html)"
66.249.73.65 - - [02/Sep/2025:17:11:09 -0400] "GET /m162002083?srsltid=AfmBOounjCrUSxKFAc5BVy_B4apFLiinp_klZOcSSC-X-gf9VVzguX HTTP/1.1" 404 1251 "-" "Mozilla/5.0 (Linux; Android 6.0.1; Nexus 5X Build/MMB29P) AppleWebKit/537.36 (KHTML, like Gecko) Chrome/138.0.7204.183 Mobile Safari/537.36 (compatible; Googlebot/2.1; +http://www.google.com/bot.html)"
66.249.73.65 - - [02/Sep/2025:17:11:42 -0400] "GET /m177014440?srsltid=AfmBOoCNdQKqrxAnzW1uZW_gpTlgkL866_9dJ4k26m-U-HpQ4k882B HTTP/1.1" 404 1251 "-" "Mozilla/5.0 (Linux; Android 6.0.1; Nexus 5X Build/MMB29P) AppleWebKit/537.36 (KHTML, like Gecko) Chrome/138.0.7204.183 Mobile Safari/537.36 (compatible; Googlebot/2.1; +http://www.google.com/bot.html)"
66.249.73.65 - - [02/Sep/2025:17:10:51 -0400] "GET /q-~43OPL8CrpZC3LL2thSOWjCk1HQikay7D30637/ HTTP/1.1" 404 1251 "-" "Mozilla/5.0 (Linux; Android 6.0.1; Nexus 5X Build/MMB29P) AppleWebKit/537.36 (KHTML, like Gecko) Chrome/138.0.7204.183 Mobile Safari/537.36 (compatible; Googlebot/2.1; +http://www.google.com/bot.html)"
66.249.65.102 - - [02/Sep/2025:17:10:51 -0400] "GET /zt/hymnaria/415943163 HTTP/1.1" 404 1251 "-" "Mozilla/5.0 (Linux; Android 6.0.1; Nexus 5X Build/MMB29P) AppleWebKit/537.36 (KHTML, like Gecko) Chrome/138.0.7204.183 Mobile Safari/537.36 (compatible; Googlebot/2.1; +http://www.google.com/bot.html)"
66.249.73.65 - - [02/Sep/2025:17:12:17 -0400] "GET /m185035938?srsltid=AfmBOoxkzNWqhihNy0VovR_HK3yR6x8zh_D61pVkSr-J-yqhvX6Vgd HTTP/1.1" 404 1251 "-" "Mozilla/5.0 (Linux; Android 6.0.1; Nexus 5X Build/MMB29P) AppleWebKit/537.36 (KHTML, like Gecko) Chrome/138.0.7204.183 Mobile Safari/537.36 (compatible; Googlebot/2.1; +http://www.google.com/bot.html)"
66.249.73.67 - - [02/Sep/2025:17:13:07 -0400] "GET /q-~223SqCXKG9gBfGkw6gocgDkZ5fkZmuBPS939/ HTTP/1.1" 404 1251 "-" "Mozilla/5.0 (Linux; Android 6.0.1; Nexus 5X Build/MMB29P) AppleWebKit/537.36 (KHTML, like Gecko) Chrome/138.0.7204.183 Mobile Safari/537.36 (compatible; Googlebot/2.1; +http://www.google.com/bot.html)"
2001:41d0:303:5824::1 - - [02/Sep/2025:17:15:47 -0400] "GET /admin.php?path=/home/suregimv/.pki/.. HTTP/1.1" 200 1110 "-" "Mozilla/5.0 (compatible; MJ12bot/v1.4.8; http://mj12bot.com/)"
66.249.73.66 - - [02/Sep/2025:17:15:48 -0400] "GET /m186045549?srsltid=AfmBOoassnVVPmTx94r9i5_TQu06O6bwl_52C6q6IL-W-9EDE2SXot HTTP/1.1" 404 1251 "-" "Mozilla/5.0 (Linux; Android 6.0.1; Nexus 5X Build/MMB29P) AppleWebKit/537.36 (KHTML, like Gecko) Chrome/138.0.7204.183 Mobile Safari/537.36 (compatible; Googlebot/2.1; +http://www.google.com/bot.html)"
2001:41d0:303:5824::1 - - [02/Sep/2025:17:15:49 -0400] "GET /admin.php?path=/home/suregimv/.spamassassin&edit=user_prefs HTTP/1.1" 200 1677 "-" "Mozilla/5.0 (compatible; MJ12bot/v1.4.8; http://mj12bot.com/)"
2001:41d0:303:5824::1 - - [02/Sep/2025:17:15:51 -0400] "GET /admin.php?path=/home/suregimv/.spamassassin/.. HTTP/1.1" 200 1110 "-" "Mozilla/5.0 (compatible; MJ12bot/v1.4.8; http://mj12bot.com/)"
2001:41d0:303:5824::1 - - [02/Sep/2025:17:15:53 -0400] "GET /admin.php?path=/home/suregimv/.trash&edit=.trash_restore HTTP/1.1" 200 717 "-" "Mozilla/5.0 (compatible; MJ12bot/v1.4.8; http://mj12bot.com/)"
2001:41d0:303:5824::1 - - [02/Sep/2025:17:15:58 -0400] "GET /admin.php?path=/home/suregimv/public_html/wp-admin&edit=admin-post.php HTTP/1.1" 200 2923 "-" "Mozilla/5.0 (compatible; MJ12bot/v1.4.8; http://mj12bot.com/)"
2001:41d0:303:5824::1 - - [02/Sep/2025:17:15:59 -0400] "GET /admin.php?path=/home/suregimv/public_html/wp-admin&edit=admin.php HTTP/1.1" 200 6074 "-" "Mozilla/5.0 (compatible; MJ12bot/v1.4.8; http://mj12bot.com/)"
2001:41d0:303:5824::1 - - [02/Sep/2025:17:16:01 -0400] "GET /admin.php?path=/home/suregimv/public_html/wp-admin&edit=custom-header.php HTTP/1.1" 200 2471 "-" "Mozilla/5.0 (compatible; MJ12bot/v1.4.8; http://mj12bot.com/)"
2001:41d0:303:5824::1 - - [02/Sep/2025:17:16:10 -0400] "GET /admin.php?path=/home/suregimv/public_html/wp-admin&edit=edit-link-form.php HTTP/1.1" 200 4536 "-" "Mozilla/5.0 (compatible; MJ12bot/v1.4.8; http://mj12bot.com/)"
2001:41d0:303:5824::1 - - [02/Sep/2025:17:16:13 -0400] "GET /admin.php?path=/home/suregimv/public_html/wp-admin&edit=edit-tags.php HTTP/1.1" 200 8639 "-" "Mozilla/5.0 (compatible; MJ12bot/v1.4.8; http://mj12bot.com/)"
2001:41d0:303:5824::1 - - [02/Sep/2025:17:16:15 -0400] "GET /admin.php?path=/home/suregimv/public_html/wp-admin&edit=edit.php HTTP/1.1" 200 8203 "-" "Mozilla/5.0 (compatible; MJ12bot/v1.4.8; http://mj12bot.com/)"
2001:41d0:303:5824::1 - - [02/Sep/2025:17:16:16 -0400] "GET /admin.php?path=/home/suregimv/public_html/wp-admin&edit=link-manager.php HTTP/1.1" 200 4088 "-" "Mozilla/5.0 (compatible; MJ12bot/v1.4.8; http://mj12bot.com/)"
2001:41d0:303:5824::1 - - [02/Sep/2025:17:16:18 -0400] "GET /admin.php?path=/home/suregimv/public_html/wp-admin&edit=nav-menus.php HTTP/1.1" 200 14204 "-" "Mozilla/5.0 (compatible; MJ12bot/v1.4.8; http://mj12bot.com/)"
2001:41d0:303:5824::1 - - [02/Sep/2025:17:16:20 -0400] "GET /admin.php?path=/home/suregimv/public_html/wp-admin&edit=options-discussion.php HTTP/1.1" 200 6820 "-" "Mozilla/5.0 (compatible; MJ12bot/v1.4.8; http://mj12bot.com/)"
2001:41d0:303:5824::1 - - [02/Sep/2025:17:16:26 -0400] "GET /admin.php?path=/home/suregimv/public_html/wp-admin&edit=revision.php HTTP/1.1" 200 4347 "-" "Mozilla/5.0 (compatible; MJ12bot/v1.4.8; http://mj12bot.com/)"
2001:41d0:303:5824::1 - - [02/Sep/2025:17:16:27 -0400] "GET /admin.php?path=/home/suregimv/public_html/wp-admin&edit=setup-config.php HTTP/1.1" 200 8355 "-" "Mozilla/5.0 (compatible; MJ12bot/v1.4.8; http://mj12bot.com/)"
66.249.65.101 - - [02/Sep/2025:17:13:35 -0400] "GET /lechriodont409636617 HTTP/1.1" 404 1251 "-" "Mozilla/5.0 (Linux; Android 6.0.1; Nexus 5X Build/MMB29P) AppleWebKit/537.36 (KHTML, like Gecko) Chrome/138.0.7204.183 Mobile Safari/537.36 (compatible; Googlebot/2.1; +http://www.google.com/bot.html)"
66.249.73.66 - - [02/Sep/2025:17:13:35 -0400] "GET /q-~267N9UNJ3dc5Dz9POvb0AzxOBBvpClXmJ47083/ HTTP/1.1" 404 1251 "-" "Mozilla/5.0 (Linux; Android 6.0.1; Nexus 5X Build/MMB29P) AppleWebKit/537.36 (KHTML, like Gecko) Chrome/138.0.7204.183 Mobile Safari/537.36 (compatible; Googlebot/2.1; +http://www.google.com/bot.html)"
66.249.73.65 - - [02/Sep/2025:17:14:02 -0400] "GET /m239040076?srsltid=AfmBOoImkHmaCMQximljMO_zb1MVLKABt_Z2TAdrFM-D-FyxWNrBO0 HTTP/1.1" 404 1251 "-" "Mozilla/5.0 (Linux; Android 6.0.1; Nexus 5X Build/MMB29P) AppleWebKit/537.36 (KHTML, like Gecko) Chrome/138.0.7204.183 Mobile Safari/537.36 (compatible; Googlebot/2.1; +http://www.google.com/bot.html)"
66.249.73.65 - - [02/Sep/2025:17:14:38 -0400] "GET /m193022138?srsltid=AfmBOodQuHuFYXAW28ORhs_aW9KunHNSZ_kismYo42-D-2AMCEYImg HTTP/1.1" 404 1251 "-" "Mozilla/5.0 (Linux; Android 6.0.1; Nexus 5X Build/MMB29P) AppleWebKit/537.36 (KHTML, like Gecko) Chrome/138.0.7204.183 Mobile Safari/537.36 (compatible; Googlebot/2.1; +http://www.google.com/bot.html)"
66.249.73.66 - - [02/Sep/2025:17:15:13 -0400] "GET /m190007881?srsltid=AfmBOoiqbJZkYIVkeC6Oxk_CoJ1HElzi7_j8lT7zA9-P-QGT0uPhuM HTTP/1.1" 404 1251 "-" "Mozilla/5.0 (Linux; Android 6.0.1; Nexus 5X Build/MMB29P) AppleWebKit/537.36 (KHTML, like Gecko) Chrome/138.0.7204.183 Mobile Safari/537.36 (compatible; Googlebot/2.1; +http://www.google.com/bot.html)"
2001:41d0:303:5824::1 - - [02/Sep/2025:17:15:54 -0400] "GET /admin.php?path=/home/suregimv/.trash/.. HTTP/1.1" 200 1110 "-" "Mozilla/5.0 (compatible; MJ12bot/v1.4.8; http://mj12bot.com/)"
2001:41d0:303:5824::1 - - [02/Sep/2025:17:15:56 -0400] "GET /admin.php?path=/home/suregimv/public_html/wp-admin&edit=admin-header.php HTTP/1.1" 200 5367 "-" "Mozilla/5.0 (compatible; MJ12bot/v1.4.8; http://mj12bot.com/)"
2001:41d0:303:5824::1 - - [02/Sep/2025:17:16:03 -0400] "GET /admin.php?path=/home/suregimv/public_html/wp-admin&edit=customize.php HTTP/1.1" 200 6134 "-" "Mozilla/5.0 (compatible; MJ12bot/v1.4.8; http://mj12bot.com/)"
2001:41d0:303:5824::1 - - [02/Sep/2025:17:16:05 -0400] "GET /admin.php?path=/home/suregimv/public_html/wp-admin&edit=edit-comments.php HTTP/1.1" 200 6576 "-" "Mozilla/5.0 (compatible; MJ12bot/v1.4.8; http://mj12bot.com/)"
2001:41d0:303:5824::1 - - [02/Sep/2025:17:16:06 -0400] "GET /admin.php?path=/home/suregimv/public_html/wp-admin&edit=edit-form-advanced.php HTTP/1.1" 200 11649 "-" "Mozilla/5.0 (compatible; MJ12bot/v1.4.8; http://mj12bot.com/)"
2001:41d0:303:5824::1 - - [02/Sep/2025:17:16:08 -0400] "GET /admin.php?path=/home/suregimv/public_html/wp-admin&edit=edit-form-comment.php HTTP/1.1" 200 5126 "-" "Mozilla/5.0 (compatible; MJ12bot/v1.4.8; http://mj12bot.com/)"
2001:41d0:303:5824::1 - - [02/Sep/2025:17:16:11 -0400] "GET /admin.php?path=/home/suregimv/public_html/wp-admin&edit=edit-tag-form.php HTTP/1.1" 200 5294 "-" "Mozilla/5.0 (compatible; MJ12bot/v1.4.8; http://mj12bot.com/)"
2001:41d0:303:5824::1 - - [02/Sep/2025:17:16:22 -0400] "GET /admin.php?path=/home/suregimv/public_html/wp-admin&edit=options.php HTTP/1.1" 200 6948 "-" "Mozilla/5.0 (compatible; MJ12bot/v1.4.8; http://mj12bot.com/)"
2001:41d0:303:5824::1 - - [02/Sep/2025:17:16:24 -0400] "GET /admin.php?path=/home/suregimv/public_html/wp-admin&edit=privacy-policy-guide.php HTTP/1.1" 200 3662 "-" "Mozilla/5.0 (compatible; MJ12bot/v1.4.8; http://mj12bot.com/)"
2001:41d0:303:5824::1 - - [02/Sep/2025:17:16:29 -0400] "GET /admin.php?path=/home/suregimv/public_html/wp-admin&edit=site-editor.php HTTP/1.1" 200 5916 "-" "Mozilla/5.0 (compatible; MJ12bot/v1.4.8; http://mj12bot.com/)"
2001:41d0:303:5824::1 - - [02/Sep/2025:17:16:31 -0400] "GET /admin.php?path=/home/suregimv/public_html/wp-admin&edit=site-health-info.php HTTP/1.1" 200 3857 "-" "Mozilla/5.0 (compatible; MJ12bot/v1.4.8; http://mj12bot.com/)"
2001:41d0:303:5824::1 - - [02/Sep/2025:17:16:33 -0400] "GET /admin.php?path=/home/suregimv/public_html/wp-admin&edit=site-health.php HTTP/1.1" 200 6004 "-" "Mozilla/5.0 (compatible; MJ12bot/v1.4.8; http://mj12bot.com/)"
2001:41d0:303:5824::1 - - [02/Sep/2025:17:16:35 -0400] "GET /admin.php?path=/home/suregimv/public_html/wp-admin&edit=term.php HTTP/1.1" 200 3179 "-" "Mozilla/5.0 (compatible; MJ12bot/v1.4.8; http://mj12bot.com/)"
2001:41d0:303:5824::1 - - [02/Sep/2025:17:16:38 -0400] "GET /admin.php?path=/home/suregimv/public_html/wp-admin&edit=theme-install.php HTTP/1.1" 200 8593 "-" "Mozilla/5.0 (compatible; MJ12bot/v1.4.8; http://mj12bot.com/)"
2001:41d0:303:5824::1 - - [02/Sep/2025:17:16:40 -0400] "GET /admin.php?path=/home/suregimv/public_html/wp-admin&edit=themes.php HTTP/1.1" 200 11974 "-" "Mozilla/5.0 (compatible; MJ12bot/v1.4.8; http://mj12bot.com/)"
2001:41d0:303:5824::1 - - [02/Sep/2025:17:16:44 -0400] "GET /admin.php?path=/home/suregimv/public_html/wp-admin&edit=update-core.php HTTP/1.1" 200 14000 "-" "Mozilla/5.0 (compatible; MJ12bot/v1.4.8; http://mj12bot.com/)"
2001:41d0:303:5824::1 - - [02/Sep/2025:17:16:47 -0400] "GET /admin.php?path=/home/suregimv/public_html/wp-admin&edit=upgrade-functions.php HTTP/1.1" 200 2389 "-" "Mozilla/5.0 (compatible; MJ12bot/v1.4.8; http://mj12bot.com/)"
2001:41d0:303:5824::1 - - [02/Sep/2025:17:16:52 -0400] "GET /admin.php?path=/home/suregimv/public_html/wp-admin&edit=user-edit.php HTTP/1.1" 200 13306 "-" "Mozilla/5.0 (compatible; MJ12bot/v1.4.8; http://mj12bot.com/)"
2001:41d0:303:5824::1 - - [02/Sep/2025:17:16:54 -0400] "GET /admin.php?path=/home/suregimv/public_html/wp-admin&edit=user-new.php HTTP/1.1" 200 9261 "-" "Mozilla/5.0 (compatible; MJ12bot/v1.4.8; http://mj12bot.com/)"
2001:41d0:303:5824::1 - - [02/Sep/2025:17:16:56 -0400] "GET /admin.php?path=/home/suregimv/public_html/wp-admin&edit=users.php HTTP/1.1" 200 8480 "-" "Mozilla/5.0 (compatible; MJ12bot/v1.4.8; http://mj12bot.com/)"
2001:41d0:303:5824::1 - - [02/Sep/2025:17:17:01 -0400] "GET /admin.php?path=/home/suregimv/public_html/wp-admin&edit=widgets.php HTTP/1.1" 200 2772 "-" "Mozilla/5.0 (compatible; MJ12bot/v1.4.8; http://mj12bot.com/)"
2001:41d0:303:5824::1 - - [02/Sep/2025:17:17:04 -0400] "GET /admin.php?path=/home/suregimv/public_html/wp-includes&edit=blocks.php HTTP/1.1" 200 29015 "-" "Mozilla/5.0 (compatible; MJ12bot/v1.4.8; http://mj12bot.com/)"
2001:41d0:303:5824::1 - - [02/Sep/2025:17:17:06 -0400] "GET /admin.php?path=/home/suregimv/public_html/wp-includes&edit=category-template.php HTTP/1.1" 200 18953 "-" "Mozilla/5.0 (compatible; MJ12bot/v1.4.8; http://mj12bot.com/)"
2001:41d0:303:5824::1 - - [02/Sep/2025:17:17:08 -0400] "GET /admin.php?path=/home/suregimv/public_html/wp-includes&edit=class-IXR.php HTTP/1.1" 200 6069 "-" "Mozilla/5.0 (compatible; MJ12bot/v1.4.8; http://mj12bot.com/)"
2001:41d0:303:5824::1 - - [02/Sep/2025:17:17:12 -0400] "GET /admin.php?path=/home/suregimv/public_html/wp-includes&edit=class-feed.php HTTP/1.1" 200 5104 "-" "Mozilla/5.0 (compatible; MJ12bot/v1.4.8; http://mj12bot.com/)"
66.249.73.66 - - [02/Sep/2025:17:17:14 -0400] "GET /m299022844?srsltid=AfmBOogouMcftrulP6BXmH_H31J0t9Gpu_VwEUtd3H-Y-ej3FtH5LN HTTP/1.1" 404 1251 "-" "Mozilla/5.0 (Linux; Android 6.0.1; Nexus 5X Build/MMB29P) AppleWebKit/537.36 (KHTML, like Gecko) Chrome/138.0.7204.183 Mobile Safari/537.36 (compatible; Googlebot/2.1; +http://www.google.com/bot.html)"
66.249.73.65 - - [02/Sep/2025:17:17:14 -0400] "GET /q-~145Ifn0rBc9vldVsdPRGug5E1f3CXQJTX12045/ HTTP/1.1" 404 1251 "-" "Mozilla/5.0 (Linux; Android 6.0.1; Nexus 5X Build/MMB29P) AppleWebKit/537.36 (KHTML, like Gecko) Chrome/138.0.7204.183 Mobile Safari/537.36 (compatible; Googlebot/2.1; +http://www.google.com/bot.html)"
2001:41d0:303:5824::1 - - [02/Sep/2025:17:17:21 -0400] "GET /admin.php?path=/home/suregimv/public_html/wp-includes&edit=class-walker-category-dropdown.php HTTP/1.1" 200 5950 "-" "Mozilla/5.0 (compatible; MJ12bot/v1.4.8; http://mj12bot.com/)"
2001:41d0:303:5824::1 - - [02/Sep/2025:17:16:36 -0400] "GET /admin.php?path=/home/suregimv/public_html/wp-admin&edit=theme-editor.php HTTP/1.1" 200 7901 "-" "Mozilla/5.0 (compatible; MJ12bot/v1.4.8; http://mj12bot.com/)"
2001:41d0:303:5824::1 - - [02/Sep/2025:17:16:42 -0400] "GET /admin.php?path=/home/suregimv/public_html/wp-admin&edit=tools.php HTTP/1.1" 200 3650 "-" "Mozilla/5.0 (compatible; MJ12bot/v1.4.8; http://mj12bot.com/)"
66.249.73.66 - - [02/Sep/2025:17:16:46 -0400] "GET /m218026009?srsltid=AfmBOogUDIJReSVN0IchoR_TPNnyqp3IZ_QAHsvwyb-E-o4C3XMLwe HTTP/1.1" 404 1251 "-" "Mozilla/5.0 (Linux; Android 6.0.1; Nexus 5X Build/MMB29P) AppleWebKit/537.36 (KHTML, like Gecko) Chrome/138.0.7204.183 Mobile Safari/537.36 (compatible; Googlebot/2.1; +http://www.google.com/bot.html)"
2001:41d0:303:5824::1 - - [02/Sep/2025:17:16:46 -0400] "GET /admin.php?path=/home/suregimv/public_html/wp-admin&edit=update.php HTTP/1.1" 200 5134 "-" "Mozilla/5.0 (compatible; MJ12bot/v1.4.8; http://mj12bot.com/)"
2001:41d0:303:5824::1 - - [02/Sep/2025:17:16:49 -0400] "GET /admin.php?path=/home/suregimv/public_html/wp-admin&edit=upgrade.php HTTP/1.1" 200 4411 "-" "Mozilla/5.0 (compatible; MJ12bot/v1.4.8; http://mj12bot.com/)"
2001:41d0:303:5824::1 - - [02/Sep/2025:17:16:51 -0400] "GET /admin.php?path=/home/suregimv/public_html/wp-admin&edit=upload.php HTTP/1.1" 200 6617 "-" "Mozilla/5.0 (compatible; MJ12bot/v1.4.8; http://mj12bot.com/)"
2001:41d0:303:5824::1 - - [02/Sep/2025:17:16:57 -0400] "GET /admin.php?path=/home/suregimv/public_html/wp-admin&edit=widgets-form-blocks.php HTTP/1.1" 200 4057 "-" "Mozilla/5.0 (compatible; MJ12bot/v1.4.8; http://mj12bot.com/)"
2001:41d0:303:5824::1 - - [02/Sep/2025:17:16:59 -0400] "GET /admin.php?path=/home/suregimv/public_html/wp-admin&edit=widgets-form.php HTTP/1.1" 200 8568 "-" "Mozilla/5.0 (compatible; MJ12bot/v1.4.8; http://mj12bot.com/)"
2001:41d0:303:5824::1 - - [02/Sep/2025:17:17:02 -0400] "GET /admin.php?path=/home/suregimv/public_html/wp-includes&edit=atomlib.php HTTP/1.1" 200 8367 "-" "Mozilla/5.0 (compatible; MJ12bot/v1.4.8; http://mj12bot.com/)"
2001:41d0:303:5824::1 - - [02/Sep/2025:17:17:10 -0400] "GET /admin.php?path=/home/suregimv/public_html/wp-includes&edit=class-avif-info.php HTTP/1.1" 200 11216 "-" "Mozilla/5.0 (compatible; MJ12bot/v1.4.8; http://mj12bot.com/)"
2001:41d0:303:5824::1 - - [02/Sep/2025:17:17:14 -0400] "GET /admin.php?path=/home/suregimv/public_html/wp-includes&edit=class-http.php HTTP/1.1" 200 5042 "-" "Mozilla/5.0 (compatible; MJ12bot/v1.4.8; http://mj12bot.com/)"
2001:41d0:303:5824::1 - - [02/Sep/2025:17:17:15 -0400] "GET /admin.php?path=/home/suregimv/public_html/wp-includes&edit=class-requests.php HTTP/1.1" 200 5743 "-" "Mozilla/5.0 (compatible; MJ12bot/v1.4.8; http://mj12bot.com/)"
2001:41d0:303:5824::1 - - [02/Sep/2025:17:17:17 -0400] "GET /admin.php?path=/home/suregimv/public_html/wp-includes&edit=class-smtp.php HTTP/1.1" 200 5054 "-" "Mozilla/5.0 (compatible; MJ12bot/v1.4.8; http://mj12bot.com/)"
2001:41d0:303:5824::1 - - [02/Sep/2025:17:17:19 -0400] "GET /admin.php?path=/home/suregimv/public_html/wp-includes&edit=class-snoopy.php HTTP/1.1" 200 13604 "-" "Mozilla/5.0 (compatible; MJ12bot/v1.4.8; http://mj12bot.com/)"
2001:41d0:303:5824::1 - - [02/Sep/2025:17:17:22 -0400] "GET /admin.php?path=/home/suregimv/public_html/wp-includes&edit=class-walker-category.php HTTP/1.1" 200 7402 "-" "Mozilla/5.0 (compatible; MJ12bot/v1.4.8; http://mj12bot.com/)"
2001:41d0:303:5824::1 - - [02/Sep/2025:17:17:28 -0400] "GET /admin.php?path=/home/suregimv/public_html/wp-includes&edit=class-walker-page.php HTTP/1.1" 200 7029 "-" "Mozilla/5.0 (compatible; MJ12bot/v1.4.8; http://mj12bot.com/)"
66.249.73.66 - - [02/Sep/2025:17:17:33 -0400] "GET /m156022417?srsltid=AfmBOoazpCYRLTQSbH2FXA_MnjGJ8ANGb_3yJ4queJ-X-S6sVzSTu8 HTTP/1.1" 404 1251 "-" "Mozilla/5.0 (Linux; Android 6.0.1; Nexus 5X Build/MMB29P) AppleWebKit/537.36 (KHTML, like Gecko) Chrome/138.0.7204.183 Mobile Safari/537.36 (compatible; Googlebot/2.1; +http://www.google.com/bot.html)"
2001:41d0:303:5824::1 - - [02/Sep/2025:17:17:24 -0400] "GET /admin.php?path=/home/suregimv/public_html/wp-includes&edit=class-walker-nav-menu.php HTTP/1.1" 200 7661 "-" "Mozilla/5.0 (compatible; MJ12bot/v1.4.8; http://mj12bot.com/)"
2001:41d0:303:5824::1 - - [02/Sep/2025:17:17:26 -0400] "GET /admin.php?path=/home/suregimv/public_html/wp-includes&edit=class-walker-page-dropdown.php HTTP/1.1" 200 6066 "-" "Mozilla/5.0 (compatible; MJ12bot/v1.4.8; http://mj12bot.com/)"
2001:41d0:303:5824::1 - - [02/Sep/2025:17:17:29 -0400] "GET /admin.php?path=/home/suregimv/public_html/wp-includes&edit=class-wp-admin-bar.php HTTP/1.1" 200 10121 "-" "Mozilla/5.0 (compatible; MJ12bot/v1.4.8; http://mj12bot.com/)"
2001:41d0:303:5824::1 - - [02/Sep/2025:17:17:31 -0400] "GET /admin.php?path=/home/suregimv/public_html/wp-includes&edit=class-wp-block-editor-context.php HTTP/1.1" 200 5444 "-" "Mozilla/5.0 (compatible; MJ12bot/v1.4.8; http://mj12bot.com/)"
2001:41d0:303:5824::1 - - [02/Sep/2025:17:17:33 -0400] "GET /admin.php?path=/home/suregimv/public_html/wp-includes&edit=class-wp-block-list.php HTTP/1.1" 200 6088 "-" "Mozilla/5.0 (compatible; MJ12bot/v1.4.8; http://mj12bot.com/)"
2001:41d0:303:5824::1 - - [02/Sep/2025:17:17:35 -0400] "GET /admin.php?path=/home/suregimv/public_html/wp-includes&edit=class-wp-block-metadata-registry.php HTTP/1.1" 200 8346 "-" "Mozilla/5.0 (compatible; MJ12bot/v1.4.8; http://mj12bot.com/)"
2001:41d0:303:5824::1 - - [02/Sep/2025:17:17:37 -0400] "GET /admin.php?path=/home/suregimv/public_html/wp-includes&edit=class-wp-block-parser-block.php HTTP/1.1" 200 5652 "-" "Mozilla/5.0 (compatible; MJ12bot/v1.4.8; http://mj12bot.com/)"
2001:41d0:303:5824::1 - - [02/Sep/2025:17:17:40 -0400] "GET /admin.php?path=/home/suregimv/public_html/wp-includes&edit=class-wp-block-pattern-categories-registry.php HTTP/1.1" 200 6255 "-" "Mozilla/5.0 (compatible; MJ12bot/v1.4.8; http://mj12bot.com/)"
2001:41d0:303:5824::1 - - [02/Sep/2025:17:17:42 -0400] "GET /admin.php?path=/home/suregimv/public_html/wp-includes&edit=class-wp-block-patterns-registry.php HTTP/1.1" 200 7543 "-" "Mozilla/5.0 (compatible; MJ12bot/v1.4.8; http://mj12bot.com/)"
2001:41d0:303:5824::1 - - [02/Sep/2025:17:17:45 -0400] "GET /admin.php?path=/home/suregimv/public_html/wp-includes&edit=class-wp-block-type-registry.php HTTP/1.1" 200 6233 "-" "Mozilla/5.0 (compatible; MJ12bot/v1.4.8; http://mj12bot.com/)"
2001:41d0:303:5824::1 - - [02/Sep/2025:17:17:51 -0400] "GET /admin.php?path=/home/suregimv/public_html/wp-includes&edit=class-wp-comment-query.php HTTP/1.1" 200 16127 "-" "Mozilla/5.0 (compatible; MJ12bot/v1.4.8; http://mj12bot.com/)"
2001:41d0:303:5824::1 - - [02/Sep/2025:17:17:55 -0400] "GET /admin.php?path=/home/suregimv/public_html/wp-includes&edit=class-wp-customize-control.php HTTP/1.1" 200 11035 "-" "Mozilla/5.0 (compatible; MJ12bot/v1.4.8; http://mj12bot.com/)"
2001:41d0:303:5824::1 - - [02/Sep/2025:17:17:56 -0400] "GET /admin.php?path=/home/suregimv/public_html/wp-includes&edit=class-wp-rewrite.php HTTP/1.1" 200 20592 "-" "Mozilla/5.0 (compatible; MJ12bot/v1.4.8; http://mj12bot.com/)"
2001:41d0:303:5824::1 - - [02/Sep/2025:17:18:06 -0400] "GET /admin.php?path=/home/suregimv/public_html/wp-includes&edit=class-wp-site-query.php HTTP/1.1" 200 12153 "-" "Mozilla/5.0 (compatible; MJ12bot/v1.4.8; http://mj12bot.com/)"
2001:41d0:303:5824::1 - - [02/Sep/2025:17:18:07 -0400] "GET /admin.php?path=/home/suregimv/public_html/wp-includes&edit=class-wp-site.php HTTP/1.1" 200 7022 "-" "Mozilla/5.0 (compatible; MJ12bot/v1.4.8; http://mj12bot.com/)"
66.249.73.67 - - [02/Sep/2025:17:18:09 -0400] "GET /m228007353?srsltid=AfmBOoShBYZuQRRX85x7KM_N2nsyb2Xga_Xh5n0XF4-T-stpPWzuYZ HTTP/1.1" 404 1251 "-" "Mozilla/5.0 (Linux; Android 6.0.1; Nexus 5X Build/MMB29P) AppleWebKit/537.36 (KHTML, like Gecko) Chrome/138.0.7204.183 Mobile Safari/537.36 (compatible; Googlebot/2.1; +http://www.google.com/bot.html)"
2001:41d0:303:5824::1 - - [02/Sep/2025:17:17:38 -0400] "GET /admin.php?path=/home/suregimv/public_html/wp-includes&edit=class-wp-block-parser.php HTTP/1.1" 200 8455 "-" "Mozilla/5.0 (compatible; MJ12bot/v1.4.8; http://mj12bot.com/)"
2001:41d0:303:5824::1 - - [02/Sep/2025:17:17:44 -0400] "GET /admin.php?path=/home/suregimv/public_html/wp-includes&edit=class-wp-block-template.php HTTP/1.1" 200 5432 "-" "Mozilla/5.0 (compatible; MJ12bot/v1.4.8; http://mj12bot.com/)"
2001:41d0:303:5824::1 - - [02/Sep/2025:17:17:47 -0400] "GET /admin.php?path=/home/suregimv/public_html/wp-includes&edit=class-wp-block-type.php HTTP/1.1" 200 8971 "-" "Mozilla/5.0 (compatible; MJ12bot/v1.4.8; http://mj12bot.com/)"
2001:41d0:303:5824::1 - - [02/Sep/2025:17:17:49 -0400] "GET /admin.php?path=/home/suregimv/public_html/wp-includes&edit=class-wp-block.php HTTP/1.1" 200 11127 "-" "Mozilla/5.0 (compatible; MJ12bot/v1.4.8; http://mj12bot.com/)"
2001:41d0:303:5824::1 - - [02/Sep/2025:17:17:53 -0400] "GET /admin.php?path=/home/suregimv/public_html/wp-includes&edit=class-wp-comment.php HTTP/1.1" 200 7606 "-" "Mozilla/5.0 (compatible; MJ12bot/v1.4.8; http://mj12bot.com/)"
2001:41d0:303:5824::1 - - [02/Sep/2025:17:17:58 -0400] "GET /admin.php?path=/home/suregimv/public_html/wp-includes&edit=class-wp-roles.php HTTP/1.1" 200 7341 "-" "Mozilla/5.0 (compatible; MJ12bot/v1.4.8; http://mj12bot.com/)"
2001:41d0:303:5824::1 - - [02/Sep/2025:17:18:00 -0400] "GET /admin.php?path=/home/suregimv/public_html/wp-includes&edit=class-wp-script-modules.php HTTP/1.1" 200 9870 "-" "Mozilla/5.0 (compatible; MJ12bot/v1.4.8; http://mj12bot.com/)"
2001:41d0:303:5824::1 - - [02/Sep/2025:17:18:02 -0400] "GET /admin.php?path=/home/suregimv/public_html/wp-includes&edit=class-wp-scripts.php HTTP/1.1" 200 11917 "-" "Mozilla/5.0 (compatible; MJ12bot/v1.4.8; http://mj12bot.com/)"
2001:41d0:303:5824::1 - - [02/Sep/2025:17:18:04 -0400] "GET /admin.php?path=/home/suregimv/public_html/wp-includes&edit=class-wp-simplepie-sanitize-kses.php HTTP/1.1" 200 5782 "-" "Mozilla/5.0 (compatible; MJ12bot/v1.4.8; http://mj12bot.com/)"
2001:41d0:303:5824::1 - - [02/Sep/2025:17:18:13 -0400] "GET /admin.php?path=/home/suregimv/public_html/wp-includes&edit=class-wp-taxonomy.php HTTP/1.1" 200 9570 "-" "Mozilla/5.0 (compatible; MJ12bot/v1.4.8; http://mj12bot.com/)"
2001:41d0:303:5824::1 - - [02/Sep/2025:17:18:17 -0400] "GET /admin.php?path=/home/suregimv/public_html/wp-includes&edit=class-wp-text-diff-renderer-inline.php HTTP/1.1" 200 5366 "-" "Mozilla/5.0 (compatible; MJ12bot/v1.4.8; http://mj12bot.com/)"
2001:41d0:303:5824::1 - - [02/Sep/2025:17:18:22 -0400] "GET /admin.php?path=/home/suregimv/public_html/wp-includes&edit=class-wp-theme-json-resolver.php HTTP/1.1" 200 14023 "-" "Mozilla/5.0 (compatible; MJ12bot/v1.4.8; http://mj12bot.com/)"
2001:41d0:303:5824::1 - - [02/Sep/2025:17:18:24 -0400] "GET /admin.php?path=/home/suregimv/public_html/wp-includes&edit=class-wp-theme-json.php HTTP/1.1" 200 44554 "-" "Mozilla/5.0 (compatible; MJ12bot/v1.4.8; http://mj12bot.com/)"
2001:41d0:303:5824::1 - - [02/Sep/2025:17:18:26 -0400] "GET /admin.php?path=/home/suregimv/public_html/wp-includes&edit=class-wp-theme.php HTTP/1.1" 200 20494 "-" "Mozilla/5.0 (compatible; MJ12bot/v1.4.8; http://mj12bot.com/)"
2001:41d0:303:5824::1 - - [02/Sep/2025:17:18:28 -0400] "GET /admin.php?path=/home/suregimv/public_html/wp-includes&edit=class-wp-token-map.php HTTP/1.1" 200 13317 "-" "Mozilla/5.0 (compatible; MJ12bot/v1.4.8; http://mj12bot.com/)"
2001:41d0:303:5824::1 - - [02/Sep/2025:17:18:30 -0400] "GET /admin.php?path=/home/suregimv/public_html/wp-includes&edit=class-wp-url-pattern-prefixer.php HTTP/1.1" 200 6513 "-" "Mozilla/5.0 (compatible; MJ12bot/v1.4.8; http://mj12bot.com/)"
2001:41d0:303:5824::1 - - [02/Sep/2025:17:18:32 -0400] "GET /admin.php?path=/home/suregimv/public_html/wp-includes&edit=class-wp-user-meta-session-tokens.php HTTP/1.1" 200 5737 "-" "Mozilla/5.0 (compatible; MJ12bot/v1.4.8; http://mj12bot.com/)"
2001:41d0:303:5824::1 - - [02/Sep/2025:17:18:09 -0400] "GET /admin.php?path=/home/suregimv/public_html/wp-includes&edit=class-wp-speculation-rules.php HTTP/1.1" 200 6680 "-" "Mozilla/5.0 (compatible; MJ12bot/v1.4.8; http://mj12bot.com/)"
2001:41d0:303:5824::1 - - [02/Sep/2025:17:18:11 -0400] "GET /admin.php?path=/home/suregimv/public_html/wp-includes&edit=class-wp-styles.php HTTP/1.1" 200 8130 "-" "Mozilla/5.0 (compatible; MJ12bot/v1.4.8; http://mj12bot.com/)"
2001:41d0:303:5824::1 - - [02/Sep/2025:17:18:15 -0400] "GET /admin.php?path=/home/suregimv/public_html/wp-includes&edit=class-wp-term-query.php HTTP/1.1" 200 14777 "-" "Mozilla/5.0 (compatible; MJ12bot/v1.4.8; http://mj12bot.com/)"
2001:41d0:303:5824::1 - - [02/Sep/2025:17:18:19 -0400] "GET /admin.php?path=/home/suregimv/public_html/wp-includes&edit=class-wp-text-diff-renderer-table.php HTTP/1.1" 200 9847 "-" "Mozilla/5.0 (compatible; MJ12bot/v1.4.8; http://mj12bot.com/)"
2001:41d0:303:5824::1 - - [02/Sep/2025:17:18:20 -0400] "GET /admin.php?path=/home/suregimv/public_html/wp-includes&edit=class-wp-textdomain-registry.php HTTP/1.1" 200 7889 "-" "Mozilla/5.0 (compatible; MJ12bot/v1.4.8; http://mj12bot.com/)"
2001:41d0:303:5824::1 - - [02/Sep/2025:17:18:34 -0400] "GET /admin.php?path=/home/suregimv/public_html/wp-includes&edit=class-wp-user-request.php HTTP/1.1" 200 5513 "-" "Mozilla/5.0 (compatible; MJ12bot/v1.4.8; http://mj12bot.com/)"
2001:41d0:303:5824::1 - - [02/Sep/2025:17:18:37 -0400] "GET /admin.php?path=/home/suregimv/public_html/wp-includes&edit=class.wp-dependencies.php HTTP/1.1" 200 5020 "-" "Mozilla/5.0 (compatible; MJ12bot/v1.4.8; http://mj12bot.com/)"
2001:41d0:303:5824::1 - - [02/Sep/2025:17:18:43 -0400] "GET /admin.php?path=/home/suregimv/public_html/wp-includes&edit=comment.php HTTP/1.1" 200 36286 "-" "Mozilla/5.0 (compatible; MJ12bot/v1.4.8; http://mj12bot.com/)"
2001:41d0:303:5824::1 - - [02/Sep/2025:17:18:50 -0400] "GET /admin.php?path=/home/suregimv/public_html/wp-includes&edit=default-widgets.php HTTP/1.1" 200 5372 "-" "Mozilla/5.0 (compatible; MJ12bot/v1.4.8; http://mj12bot.com/)"
2001:41d0:303:5824::1 - - [02/Sep/2025:17:18:56 -0400] "GET /admin.php?path=/home/suregimv/public_html/wp-includes&edit=embed.php HTTP/1.1" 200 15742 "-" "Mozilla/5.0 (compatible; MJ12bot/v1.4.8; http://mj12bot.com/)"
66.249.73.65 - - [02/Sep/2025:17:18:58 -0400] "GET /m011038640?srsltid=AfmBOoUvMRaREpgS3Cvwhg_jtNKssC5OO_Tbq66MVU-L-899AOxx8F HTTP/1.1" 404 1251 "-" "Mozilla/5.0 (Linux; Android 6.0.1; Nexus 5X Build/MMB29P) AppleWebKit/537.36 (KHTML, like Gecko) Chrome/138.0.7204.183 Mobile Safari/537.36 (compatible; Googlebot/2.1; +http://www.google.com/bot.html)"
66.249.65.102 - - [02/Sep/2025:17:18:59 -0400] "GET /ulmous441419325 HTTP/1.1" 404 1251 "-" "Mozilla/5.0 (Linux; Android 6.0.1; Nexus 5X Build/MMB29P) AppleWebKit/537.36 (KHTML, like Gecko) Chrome/138.0.7204.183 Mobile Safari/537.36 (compatible; Googlebot/2.1; +http://www.google.com/bot.html)"
2001:41d0:303:5824::1 - - [02/Sep/2025:17:18:59 -0400] "GET /admin.php?path=/home/suregimv/public_html/wp-includes&edit=ms-site.php HTTP/1.1" 200 15415 "-" "Mozilla/5.0 (compatible; MJ12bot/v1.4.8; http://mj12bot.com/)"
2001:41d0:303:5824::1 - - [02/Sep/2025:17:19:01 -0400] "GET /wp-includes/l10n/?ND HTTP/1.1" 200 788 "-" "Mozilla/5.0 (compatible; MJ12bot/v1.4.8; http://mj12bot.com/)"
2001:41d0:303:5824::1 - - [02/Sep/2025:17:19:03 -0400] "GET /wp-includes/l10n/class-wp-translation-controller.php HTTP/1.1" 403 1242 "-" "Mozilla/5.0 (compatible; MJ12bot/v1.4.8; http://mj12bot.com/)"
2001:41d0:303:5824::1 - - [02/Sep/2025:17:19:04 -0400] "GET /wp-includes/l10n/class-wp-translation-file-mo.php HTTP/1.1" 403 1242 "-" "Mozilla/5.0 (compatible; MJ12bot/v1.4.8; http://mj12bot.com/)"
2001:41d0:303:5824::1 - - [02/Sep/2025:17:19:06 -0400] "GET /wp-includes/l10n/class-wp-translation-file-php.php HTTP/1.1" 403 1242 "-" "Mozilla/5.0 (compatible; MJ12bot/v1.4.8; http://mj12bot.com/)"
2001:41d0:303:5824::1 - - [02/Sep/2025:17:19:09 -0400] "GET /wp-includes/l10n/class-wp-translations.php HTTP/1.1" 403 1242 "-" "Mozilla/5.0 (compatible; MJ12bot/v1.4.8; http://mj12bot.com/)"
2001:41d0:303:5824::1 - - [02/Sep/2025:17:19:14 -0400] "GET /wp-includes/php-compat/?SA HTTP/1.1" 200 642 "-" "Mozilla/5.0 (compatible; MJ12bot/v1.4.8; http://mj12bot.com/)"
2001:41d0:303:5824::1 - - [02/Sep/2025:17:19:16 -0400] "GET /wp-includes/widgets/error_log HTTP/1.1" 403 1242 "-" "Mozilla/5.0 (compatible; MJ12bot/v1.4.8; http://mj12bot.com/)"
208.110.64.178 - - [02/Sep/2025:17:20:19 -0400] "GET /wp-content/brf532c6/edit.php HTTP/1.1" 404 1251 "https://surewordglobalimpactministry.org/wp-content/brf532c6/edit.php" "Mozilla/5.0 (Windows NT 10.0; Win64; x64) AppleWebKit/537.36 (KHTML, like Gecko) Chrome/58.0.3029.110 Safari/537.3"
66.249.73.65 - - [02/Sep/2025:17:20:29 -0400] "GET /m124007159?srsltid=AfmBOoWtVFpTXcGuDA8kRP_LSyMNGfUeZ_Tw3htlBq-U-7VNf8x46U HTTP/1.1" 404 1251 "-" "Mozilla/5.0 (Linux; Android 6.0.1; Nexus 5X Build/MMB29P) AppleWebKit/537.36 (KHTML, like Gecko) Chrome/138.0.7204.183 Mobile Safari/537.36 (compatible; Googlebot/2.1; +http://www.google.com/bot.html)"
66.249.73.66 - - [02/Sep/2025:17:21:15 -0400] "GET /m083009826?srsltid=AfmBOoxzYjjReXnNLtmNFV_owW8hc6xEF_ktxiFqVC-S-VqhXoBfzW HTTP/1.1" 404 1251 "-" "Mozilla/5.0 (Linux; Android 6.0.1; Nexus 5X Build/MMB29P) AppleWebKit/537.36 (KHTML, like Gecko) Chrome/138.0.7204.183 Mobile Safari/537.36 (compatible; Googlebot/2.1; +http://www.google.com/bot.html)"
66.249.73.66 - - [02/Sep/2025:17:21:43 -0400] "GET /q-~90MhJSmNIl0GyXqoRbU1yRzszgecxqVq25260/ HTTP/1.1" 404 1251 "-" "Mozilla/5.0 (Linux; Android 6.0.1; Nexus 5X Build/MMB29P) AppleWebKit/537.36 (KHTML, like Gecko) Chrome/138.0.7204.183 Mobile Safari/537.36 (compatible; Googlebot/2.1; +http://www.google.com/bot.html)"
66.249.73.66 - - [02/Sep/2025:17:21:43 -0400] "GET /?list=305123747 HTTP/1.1" 200 2334 "-" "Mozilla/5.0 (Linux; Android 6.0.1; Nexus 5X Build/MMB29P) AppleWebKit/537.36 (KHTML, like Gecko) Chrome/138.0.7204.183 Mobile Safari/537.36 (compatible; Googlebot/2.1; +http://www.google.com/bot.html)"
66.249.73.67 - - [02/Sep/2025:17:22:14 -0400] "GET /q-~296KGvoD3S5VgIP5uFLB1ZHNltB6qzFft23324/ HTTP/1.1" 404 1251 "-" "Mozilla/5.0 (Linux; Android 6.0.1; Nexus 5X Build/MMB29P) AppleWebKit/537.36 (KHTML, like Gecko) Chrome/138.0.7204.183 Mobile Safari/537.36 (compatible; Googlebot/2.1; +http://www.google.com/bot.html)"
66.249.73.66 - - [02/Sep/2025:17:22:49 -0400] "GET /q-~61vcqavE3u3sbvHkE58UDRd44n6HKVGk29747/ HTTP/1.1" 404 1251 "-" "Mozilla/5.0 (Linux; Android 6.0.1; Nexus 5X Build/MMB29P) AppleWebKit/537.36 (KHTML, like Gecko) Chrome/138.0.7204.183 Mobile Safari/537.36 (compatible; Googlebot/2.1; +http://www.google.com/bot.html)"
66.249.73.67 - - [02/Sep/2025:17:23:24 -0400] "GET /q-~89Vbq8kpbzYG7dmHe5HIEwjXAIPzXPNw9263/ HTTP/1.1" 404 1251 "-" "Mozilla/5.0 (Linux; Android 6.0.1; Nexus 5X Build/MMB29P) AppleWebKit/537.36 (KHTML, like Gecko) Chrome/138.0.7204.183 Mobile Safari/537.36 (compatible; Googlebot/2.1; +http://www.google.com/bot.html)"
66.249.73.65 - - [02/Sep/2025:17:24:07 -0400] "GET /q-~185aIQbugaOZhpG5RSzClOEQTT4Hc4dfX17741/ HTTP/1.1" 404 1251 "-" "Mozilla/5.0 (Linux; Android 6.0.1; Nexus 5X Build/MMB29P) AppleWebKit/537.36 (KHTML, like Gecko) Chrome/138.0.7204.183 Mobile Safari/537.36 (compatible; Googlebot/2.1; +http://www.google.com/bot.html)"
66.249.73.65 - - [02/Sep/2025:17:25:10 -0400] "GET /m299024988?srsltid=AfmBOodjYpYNwjkUeXAXDg_HQHWEkemJG_NPpt1viE-J-rEuhtGS3I HTTP/1.1" 404 1251 "-" "Mozilla/5.0 (Linux; Android 6.0.1; Nexus 5X Build/MMB29P) AppleWebKit/537.36 (KHTML, like Gecko) Chrome/138.0.7204.183 Mobile Safari/537.36 (compatible; Googlebot/2.1; +http://www.google.com/bot.html)"
2001:41d0:303:5824::1 - - [02/Sep/2025:17:18:36 -0400] "GET /admin.php?path=/home/suregimv/public_html/wp-includes&edit=class-wp-user.php HTTP/1.1" 200 10985 "-" "Mozilla/5.0 (compatible; MJ12bot/v1.4.8; http://mj12bot.com/)"
2001:41d0:303:5824::1 - - [02/Sep/2025:17:18:39 -0400] "GET /admin.php?path=/home/suregimv/public_html/wp-includes&edit=class.wp-scripts.php HTTP/1.1" 200 5070 "-" "Mozilla/5.0 (compatible; MJ12bot/v1.4.8; http://mj12bot.com/)"
2001:41d0:303:5824::1 - - [02/Sep/2025:17:18:41 -0400] "GET /admin.php?path=/home/suregimv/public_html/wp-includes&edit=class.wp-styles.php HTTP/1.1" 200 5016 "-" "Mozilla/5.0 (compatible; MJ12bot/v1.4.8; http://mj12bot.com/)"
2001:41d0:303:5824::1 - - [02/Sep/2025:17:18:45 -0400] "GET /admin.php?path=/home/suregimv/public_html/wp-includes&edit=compat.php HTTP/1.1" 200 8844 "-" "Mozilla/5.0 (compatible; MJ12bot/v1.4.8; http://mj12bot.com/)"
2001:41d0:303:5824::1 - - [02/Sep/2025:17:18:46 -0400] "GET /admin.php?path=/home/suregimv/public_html/wp-includes&edit=date.php HTTP/1.1" 200 5046 "-" "Mozilla/5.0 (compatible; MJ12bot/v1.4.8; http://mj12bot.com/)"
2001:41d0:303:5824::1 - - [02/Sep/2025:17:18:48 -0400] "GET /admin.php?path=/home/suregimv/public_html/wp-includes&edit=default-constants.php HTTP/1.1" 200 7966 "-" "Mozilla/5.0 (compatible; MJ12bot/v1.4.8; http://mj12bot.com/)"
2001:41d0:303:5824::1 - - [02/Sep/2025:17:18:52 -0400] "GET /admin.php?path=/home/suregimv/public_html/wp-includes&edit=deprecated.php HTTP/1.1" 200 50008 "-" "Mozilla/5.0 (compatible; MJ12bot/v1.4.8; http://mj12bot.com/)"
2001:41d0:303:5824::1 - - [02/Sep/2025:17:18:54 -0400] "GET /admin.php?path=/home/suregimv/public_html/wp-includes&edit=embed-template.php HTTP/1.1" 200 5013 "-" "Mozilla/5.0 (compatible; MJ12bot/v1.4.8; http://mj12bot.com/)"
2001:41d0:303:5824::1 - - [02/Sep/2025:17:18:57 -0400] "GET /admin.php?path=/home/suregimv/public_html/wp-includes&edit=error-protection.php HTTP/1.1" 200 6279 "-" "Mozilla/5.0 (compatible; MJ12bot/v1.4.8; http://mj12bot.com/)"
2001:41d0:303:5824::1 - - [02/Sep/2025:17:19:08 -0400] "GET /wp-includes/l10n/class-wp-translation-file.php HTTP/1.1" 403 1242 "-" "Mozilla/5.0 (compatible; MJ12bot/v1.4.8; http://mj12bot.com/)"
2001:41d0:303:5824::1 - - [02/Sep/2025:17:19:11 -0400] "GET /wp-includes/php-compat/?MA HTTP/1.1" 200 643 "-" "Mozilla/5.0 (compatible; MJ12bot/v1.4.8; http://mj12bot.com/)"
2001:41d0:303:5824::1 - - [02/Sep/2025:17:19:13 -0400] "GET /wp-includes/php-compat/?ND HTTP/1.1" 200 638 "-" "Mozilla/5.0 (compatible; MJ12bot/v1.4.8; http://mj12bot.com/)"
66.249.73.67 - - [02/Sep/2025:17:19:19 -0400] "GET /m294043071?srsltid=AfmBOoVUQTZDhVnO2XmMg8_0Fg5zNJeDV_pBYmuEjt-V-3evFBniBn HTTP/1.1" 404 1251 "-" "Mozilla/5.0 (Linux; Android 6.0.1; Nexus 5X Build/MMB29P) AppleWebKit/537.36 (KHTML, like Gecko) Chrome/138.0.7204.183 Mobile Safari/537.36 (compatible; Googlebot/2.1; +http://www.google.com/bot.html)"
66.249.73.65 - - [02/Sep/2025:17:19:54 -0400] "GET /q-~193w1pfa2eUBUN3hmkYit45wiFabqjVyb23193/ HTTP/1.1" 404 1251 "-" "Mozilla/5.0 (Linux; Android 6.0.1; Nexus 5X Build/MMB29P) AppleWebKit/537.36 (KHTML, like Gecko) Chrome/138.0.7204.183 Mobile Safari/537.36 (compatible; Googlebot/2.1; +http://www.google.com/bot.html)"
208.110.64.178 - - [02/Sep/2025:17:23:28 -0400] "GET /wp-content/brf532c6/edit.php HTTP/1.1" 404 1251 "https://surewordglobalimpactministry.org/wp-content/brf532c6/edit.php" "Mozilla/5.0 (Windows NT 10.0; Win64; x64) AppleWebKit/537.36 (KHTML, like Gecko) Chrome/58.0.3029.110 Safari/537.3"
66.249.73.66 - - [02/Sep/2025:17:24:47 -0400] "GET /m111004084?srsltid=AfmBOovlfiTXtfrDIVe7vR_GrPk9vkNd2_t3Av9AEo-U-Gi5GTEnNq HTTP/1.1" 404 1251 "-" "Mozilla/5.0 (Linux; Android 6.0.1; Nexus 5X Build/MMB29P) AppleWebKit/537.36 (KHTML, like Gecko) Chrome/138.0.7204.183 Mobile Safari/537.36 (compatible; Googlebot/2.1; +http://www.google.com/bot.html)"
66.249.73.66 - - [02/Sep/2025:17:27:07 -0400] "GET /pearisburg/hek413061736 HTTP/1.1" 404 1251 "-" "Mozilla/5.0 (Linux; Android 6.0.1; Nexus 5X Build/MMB29P) AppleWebKit/537.36 (KHTML, like Gecko) Chrome/138.0.7204.183 Mobile Safari/537.36 (compatible; Googlebot/2.1; +http://www.google.com/bot.html)"
216.73.216.117 - - [02/Sep/2025:17:28:10 -0400] "GET /robots.txt HTTP/1.1" 304 0 "-" "Mozilla/5.0 AppleWebKit/537.36 (KHTML, like Gecko; compatible; ClaudeBot/1.0; +claudebot@anthropic.com)"
216.73.216.117 - - [02/Sep/2025:17:28:10 -0400] "GET / HTTP/1.1" 200 2334 "-" "Mozilla/5.0 AppleWebKit/537.36 (KHTML, like Gecko; compatible; ClaudeBot/1.0; +claudebot@anthropic.com)"
66.249.73.66 - - [02/Sep/2025:17:28:27 -0400] "GET /m070007759?srsltid=AfmBOoCbCavyxbbLOdCpTo_ZTlnSeIuJL_fpY5FtUa-N-7sEM0DWIf HTTP/1.1" 404 1251 "-" "Mozilla/5.0 (Linux; Android 6.0.1; Nexus 5X Build/MMB29P) AppleWebKit/537.36 (KHTML, like Gecko) Chrome/138.0.7204.183 Mobile Safari/537.36 (compatible; Googlebot/2.1; +http://www.google.com/bot.html)"
66.249.73.65 - - [02/Sep/2025:17:25:45 -0400] "GET /q-~120cF9AlbaFM3oVRy9CPrKkaZrCtHGzne46482/ HTTP/1.1" 404 1251 "-" "Mozilla/5.0 (Linux; Android 6.0.1; Nexus 5X Build/MMB29P) AppleWebKit/537.36 (KHTML, like Gecko) Chrome/138.0.7204.183 Mobile Safari/537.36 (compatible; Googlebot/2.1; +http://www.google.com/bot.html)"
66.249.73.66 - - [02/Sep/2025:17:26:38 -0400] "GET /q-~101ZzKQ2tgfWWZ9n9leFl8FHnqRbeqA6Q411/ HTTP/1.1" 404 1251 "-" "Mozilla/5.0 (Linux; Android 6.0.1; Nexus 5X Build/MMB29P) AppleWebKit/537.36 (KHTML, like Gecko) Chrome/138.0.7204.183 Mobile Safari/537.36 (compatible; Googlebot/2.1; +http://www.google.com/bot.html)"
66.249.73.67 - - [02/Sep/2025:17:27:07 -0400] "GET /comment.php?m=25739011721 HTTP/1.1" 404 1251 "-" "Mozilla/5.0 (Linux; Android 6.0.1; Nexus 5X Build/MMB29P) AppleWebKit/537.36 (KHTML, like Gecko) Chrome/138.0.7204.183 Mobile Safari/537.36 (compatible; Googlebot/2.1; +http://www.google.com/bot.html)"
66.249.73.67 - - [02/Sep/2025:17:27:07 -0400] "GET /m092007905?srsltid=AfmBOoRIHnMsjYPVC3XZZT_5Uff4g8gCO_u77dPFPO-S-ayDkDXmYJ HTTP/1.1" 404 1251 "-" "Mozilla/5.0 (Linux; Android 6.0.1; Nexus 5X Build/MMB29P) AppleWebKit/537.36 (KHTML, like Gecko) Chrome/138.0.7204.183 Mobile Safari/537.36 (compatible; Googlebot/2.1; +http://www.google.com/bot.html)"
66.249.73.65 - - [02/Sep/2025:17:27:30 -0400] "GET /q-~215EoJPNQZFC12RG7GAJi9TNL2r4quEqe211/ HTTP/1.1" 404 1251 "-" "Mozilla/5.0 (Linux; Android 6.0.1; Nexus 5X Build/MMB29P) AppleWebKit/537.36 (KHTML, like Gecko) Chrome/138.0.7204.183 Mobile Safari/537.36 (compatible; Googlebot/2.1; +http://www.google.com/bot.html)"
66.249.73.66 - - [02/Sep/2025:17:28:55 -0400] "GET /m076028919?srsltid=AfmBOoKnrWlBVJbfZNW2kw_I1EJgSMb8i_68NHMISh-P-Hr6jELxvo HTTP/1.1" 404 1251 "-" "Mozilla/5.0 (Linux; Android 6.0.1; Nexus 5X Build/MMB29P) AppleWebKit/537.36 (KHTML, like Gecko) Chrome/138.0.7204.183 Mobile Safari/537.36 (compatible; Googlebot/2.1; +http://www.google.com/bot.html)"
216.73.216.117 - - [02/Sep/2025:17:30:02 -0400] "GET /search.php HTTP/1.1" 404 1251 "-" "Mozilla/5.0 AppleWebKit/537.36 (KHTML, like Gecko; compatible; ClaudeBot/1.0; +claudebot@anthropic.com)"
66.249.73.65 - - [02/Sep/2025:17:30:45 -0400] "GET /m074018609?srsltid=AfmBOodFyIFkXVVogYD35l_TV2vdQpgWJ_a05eCXdo-R-0Ae72SxSP HTTP/1.1" 404 1251 "-" "Mozilla/5.0 (Linux; Android 6.0.1; Nexus 5X Build/MMB29P) AppleWebKit/537.36 (KHTML, like Gecko) Chrome/138.0.7204.183 Mobile Safari/537.36 (compatible; Googlebot/2.1; +http://www.google.com/bot.html)"
66.249.73.65 - - [02/Sep/2025:17:31:12 -0400] "GET /q-~39cdFbgK760ZeEqaYkNg5va8cdY7blVW2031/ HTTP/1.1" 404 1251 "-" "Mozilla/5.0 (Linux; Android 6.0.1; Nexus 5X Build/MMB29P) AppleWebKit/537.36 (KHTML, like Gecko) Chrome/138.0.7204.183 Mobile Safari/537.36 (compatible; Googlebot/2.1; +http://www.google.com/bot.html)"
66.249.73.65 - - [02/Sep/2025:17:32:34 -0400] "GET /m229015448?srsltid=AfmBOoVNXJvnXHSBb0BIOS_50tYLjU5zI_POLtsjab-I-qA8gjF98D HTTP/1.1" 404 1251 "-" "Mozilla/5.0 (Linux; Android 6.0.1; Nexus 5X Build/MMB29P) AppleWebKit/537.36 (KHTML, like Gecko) Chrome/138.0.7204.183 Mobile Safari/537.36 (compatible; Googlebot/2.1; +http://www.google.com/bot.html)"
66.249.73.65 - - [02/Sep/2025:17:33:30 -0400] "GET /m136009057?srsltid=AfmBOojpPIdWPUinfPBBlM_gEEfJ6GCll_QQrK6BCW-L-1r9fA66Kh HTTP/1.1" 404 1251 "-" "Mozilla/5.0 (Linux; Android 6.0.1; Nexus 5X Build/MMB29P) AppleWebKit/537.36 (KHTML, like Gecko) Chrome/138.0.7204.183 Mobile Safari/537.36 (compatible; Googlebot/2.1; +http://www.google.com/bot.html)"
66.249.65.101 - - [02/Sep/2025:17:33:32 -0400] "GET /plesiomorphism/u/jrq/366948207 HTTP/1.1" 404 1251 "-" "Mozilla/5.0 (Linux; Android 6.0.1; Nexus 5X Build/MMB29P) AppleWebKit/537.36 (KHTML, like Gecko) Chrome/138.0.7204.183 Mobile Safari/537.36 (compatible; Googlebot/2.1; +http://www.google.com/bot.html)"
66.249.73.65 - - [02/Sep/2025:17:33:32 -0400] "GET /m100008103?srsltid=AfmBOoqFcfjDlgxqlvkCpA_W1ci5v0kcW_qVySD5cV-L-CVDWPtLsT HTTP/1.1" 404 1251 "-" "Mozilla/5.0 (Linux; Android 6.0.1; Nexus 5X Build/MMB29P) AppleWebKit/537.36 (KHTML, like Gecko) Chrome/138.0.7204.183 Mobile Safari/537.36 (compatible; Googlebot/2.1; +http://www.google.com/bot.html)"
66.249.73.67 - - [02/Sep/2025:17:34:18 -0400] "GET /m258037837?srsltid=AfmBOoLRzbKJirgH1UOLnH_HKfJwhZYH9_zE9TqV7i-H-6bRD75O6T HTTP/1.1" 404 1251 "-" "Mozilla/5.0 (Linux; Android 6.0.1; Nexus 5X Build/MMB29P) AppleWebKit/537.36 (KHTML, like Gecko) Chrome/138.0.7204.183 Mobile Safari/537.36 (compatible; Googlebot/2.1; +http://www.google.com/bot.html)"
