193.142.147.5 - - [02/Sep/2025:13:43:17 -0400] "GET /wp-includes//wp-includes/class-wp-application-passwords.php HTTP/1.1" 404 1251 "-" "Mozlila/5.0 (Linux; Android 7.0; SM-G892A Bulid/NRD90M; wv) AppleWebKit/537.36 (KHTML, like Gecko) Version/4.0 Chrome/60.0.3112.107 Moblie Safari/537.36"
193.142.147.5 - - [02/Sep/2025:13:43:27 -0400] "GET /wp-includes//wp-includes/class-wp-block-editor-context.php HTTP/1.1" 404 1251 "-" "Mozlila/5.0 (Linux; Android 7.0; SM-G892A Bulid/NRD90M; wv) AppleWebKit/537.36 (KHTML, like Gecko) Version/4.0 Chrome/60.0.3112.107 Moblie Safari/537.36"
193.142.147.5 - - [02/Sep/2025:13:43:31 -0400] "GET /wp-includes//wp-includes/class-wp-block-list.php HTTP/1.1" 404 1251 "-" "Mozlila/5.0 (Linux; Android 7.0; SM-G892A Bulid/NRD90M; wv) AppleWebKit/537.36 (KHTML, like Gecko) Version/4.0 Chrome/60.0.3112.107 Moblie Safari/537.36"
193.142.147.5 - - [02/Sep/2025:13:43:35 -0400] "GET /wp-includes//wp-includes/class-wp-block-metadata-registry.php HTTP/1.1" 404 1251 "-" "Mozlila/5.0 (Linux; Android 7.0; SM-G892A Bulid/NRD90M; wv) AppleWebKit/537.36 (KHTML, like Gecko) Version/4.0 Chrome/60.0.3112.107 Moblie Safari/537.36"
193.142.147.5 - - [02/Sep/2025:13:43:45 -0400] "GET /wp-includes//wp-includes/class-wp-block-parser.php HTTP/1.1" 404 1251 "-" "Mozlila/5.0 (Linux; Android 7.0; SM-G892A Bulid/NRD90M; wv) AppleWebKit/537.36 (KHTML, like Gecko) Version/4.0 Chrome/60.0.3112.107 Moblie Safari/537.36"
193.142.147.5 - - [02/Sep/2025:13:43:49 -0400] "GET /wp-includes//wp-includes/class-wp-block-pattern-categories-registry.php HTTP/1.1" 404 1251 "-" "Mozlila/5.0 (Linux; Android 7.0; SM-G892A Bulid/NRD90M; wv) AppleWebKit/537.36 (KHTML, like Gecko) Version/4.0 Chrome/60.0.3112.107 Moblie Safari/537.36"
193.142.147.5 - - [02/Sep/2025:13:44:02 -0400] "GET /wp-includes//wp-includes/class-wp-block-supports.php HTTP/1.1" 404 1251 "-" "Mozlila/5.0 (Linux; Android 7.0; SM-G892A Bulid/NRD90M; wv) AppleWebKit/537.36 (KHTML, like Gecko) Version/4.0 Chrome/60.0.3112.107 Moblie Safari/537.36"
52.167.144.207 - - [02/Sep/2025:13:44:02 -0400] "GET /miscomputation/p/oae/417300544 HTTP/1.1" 404 1251 "-" "Mozilla/5.0 AppleWebKit/537.36 (KHTML, like Gecko; compatible; bingbot/2.0; +http://www.bing.com/bingbot.htm) Chrome/116.0.1938.76 Safari/537.36"
193.142.147.5 - - [02/Sep/2025:13:44:06 -0400] "GET /wp-includes//wp-includes/class-wp-block-template.php HTTP/1.1" 404 1251 "-" "Mozlila/5.0 (Linux; Android 7.0; SM-G892A Bulid/NRD90M; wv) AppleWebKit/537.36 (KHTML, like Gecko) Version/4.0 Chrome/60.0.3112.107 Moblie Safari/537.36"
193.142.147.5 - - [02/Sep/2025:13:44:10 -0400] "GET /wp-includes//wp-includes/class-wp-block-templates-registry.php HTTP/1.1" 404 1251 "-" "Mozlila/5.0 (Linux; Android 7.0; SM-G892A Bulid/NRD90M; wv) AppleWebKit/537.36 (KHTML, like Gecko) Version/4.0 Chrome/60.0.3112.107 Moblie Safari/537.36"
66.249.79.73 - - [02/Sep/2025:13:44:10 -0400] "GET /m063021598?srsltid=AfmBOojQeRKzhcfoIgcdQ8_9kH8Qpb04m_Sfyh3gbG-I-l5471A27W HTTP/1.1" 404 1251 "-" "Mozilla/5.0 (Linux; Android 6.0.1; Nexus 5X Build/MMB29P) AppleWebKit/537.36 (KHTML, like Gecko) Chrome/138.0.7204.183 Mobile Safari/537.36 (compatible; Googlebot/2.1; +http://www.google.com/bot.html)"
66.249.79.73 - - [02/Sep/2025:13:44:11 -0400] "GET /?list=305121149 HTTP/1.1" 200 2334 "-" "Mozilla/5.0 (Linux; Android 6.0.1; Nexus 5X Build/MMB29P) AppleWebKit/537.36 (KHTML, like Gecko) Chrome/138.0.7204.183 Mobile Safari/537.36 (compatible; Googlebot/2.1; +http://www.google.com/bot.html)"
52.167.144.176 - - [02/Sep/2025:13:44:24 -0400] "GET /halliwell/411920338 HTTP/1.1" 404 1251 "-" "Mozilla/5.0 AppleWebKit/537.36 (KHTML, like Gecko; compatible; bingbot/2.0; +http://www.bing.com/bingbot.htm) Chrome/116.0.1938.76 Safari/537.36"
193.142.147.5 - - [02/Sep/2025:13:44:24 -0400] "GET /wp-includes//wp-includes/class-wp-classic-to-block-menu-converter.php HTTP/1.1" 404 1251 "-" "Mozlila/5.0 (Linux; Android 7.0; SM-G892A Bulid/NRD90M; wv) AppleWebKit/537.36 (KHTML, like Gecko) Version/4.0 Chrome/60.0.3112.107 Moblie Safari/537.36"
208.110.64.178 - - [02/Sep/2025:13:44:27 -0400] "GET /wp-content/brf532c6/edit.php HTTP/1.1" 404 1251 "https://surewordglobalimpactministry.org/wp-content/brf532c6/edit.php" "Mozilla/5.0 (Windows NT 10.0; Win64; x64) AppleWebKit/537.36 (KHTML, like Gecko) Chrome/58.0.3029.110 Safari/537.3"
193.142.147.5 - - [02/Sep/2025:13:43:14 -0400] "GET /wp-includes//wp-includes/class-wp-ajax-response.php HTTP/1.1" 404 1251 "-" "Mozlila/5.0 (Linux; Android 7.0; SM-G892A Bulid/NRD90M; wv) AppleWebKit/537.36 (KHTML, like Gecko) Version/4.0 Chrome/60.0.3112.107 Moblie Safari/537.36"
193.142.147.5 - - [02/Sep/2025:13:43:20 -0400] "GET /wp-includes//wp-includes/class-wp-block-bindings-registry.php HTTP/1.1" 404 1251 "-" "Mozlila/5.0 (Linux; Android 7.0; SM-G892A Bulid/NRD90M; wv) AppleWebKit/537.36 (KHTML, like Gecko) Version/4.0 Chrome/60.0.3112.107 Moblie Safari/537.36"
193.142.147.5 - - [02/Sep/2025:13:43:24 -0400] "GET /wp-includes//wp-includes/class-wp-block-bindings-source.php HTTP/1.1" 404 1251 "-" "Mozlila/5.0 (Linux; Android 7.0; SM-G892A Bulid/NRD90M; wv) AppleWebKit/537.36 (KHTML, like Gecko) Version/4.0 Chrome/60.0.3112.107 Moblie Safari/537.36"
193.142.147.5 - - [02/Sep/2025:13:43:38 -0400] "GET /wp-includes//wp-includes/class-wp-block-parser-block.php HTTP/1.1" 404 1251 "-" "Mozlila/5.0 (Linux; Android 7.0; SM-G892A Bulid/NRD90M; wv) AppleWebKit/537.36 (KHTML, like Gecko) Version/4.0 Chrome/60.0.3112.107 Moblie Safari/537.36"
193.142.147.5 - - [02/Sep/2025:13:43:42 -0400] "GET /wp-includes//wp-includes/class-wp-block-parser-frame.php HTTP/1.1" 404 1251 "-" "Mozlila/5.0 (Linux; Android 7.0; SM-G892A Bulid/NRD90M; wv) AppleWebKit/537.36 (KHTML, like Gecko) Version/4.0 Chrome/60.0.3112.107 Moblie Safari/537.36"
193.142.147.5 - - [02/Sep/2025:13:43:54 -0400] "GET /wp-includes//wp-includes/class-wp-block-patterns-registry.php HTTP/1.1" 404 1251 "-" "Mozlila/5.0 (Linux; Android 7.0; SM-G892A Bulid/NRD90M; wv) AppleWebKit/537.36 (KHTML, like Gecko) Version/4.0 Chrome/60.0.3112.107 Moblie Safari/537.36"
193.142.147.5 - - [02/Sep/2025:13:43:58 -0400] "GET /wp-includes//wp-includes/class-wp-block-styles-registry.php HTTP/1.1" 404 1251 "-" "Mozlila/5.0 (Linux; Android 7.0; SM-G892A Bulid/NRD90M; wv) AppleWebKit/537.36 (KHTML, like Gecko) Version/4.0 Chrome/60.0.3112.107 Moblie Safari/537.36"
193.142.147.5 - - [02/Sep/2025:13:44:14 -0400] "GET /wp-includes//wp-includes/class-wp-block-type-registry.php HTTP/1.1" 404 1251 "-" "Mozlila/5.0 (Linux; Android 7.0; SM-G892A Bulid/NRD90M; wv) AppleWebKit/537.36 (KHTML, like Gecko) Version/4.0 Chrome/60.0.3112.107 Moblie Safari/537.36"
193.142.147.5 - - [02/Sep/2025:13:44:18 -0400] "GET /wp-includes//wp-includes/class-wp-block-type.php HTTP/1.1" 404 1251 "-" "Mozlila/5.0 (Linux; Android 7.0; SM-G892A Bulid/NRD90M; wv) AppleWebKit/537.36 (KHTML, like Gecko) Version/4.0 Chrome/60.0.3112.107 Moblie Safari/537.36"
193.142.147.5 - - [02/Sep/2025:13:44:21 -0400] "GET /wp-includes//wp-includes/class-wp-block.php HTTP/1.1" 404 1251 "-" "Mozlila/5.0 (Linux; Android 7.0; SM-G892A Bulid/NRD90M; wv) AppleWebKit/537.36 (KHTML, like Gecko) Version/4.0 Chrome/60.0.3112.107 Moblie Safari/537.36"
193.142.147.5 - - [02/Sep/2025:13:44:39 -0400] "GET /wp-includes//wp-includes/class-wp-customize-manager.php HTTP/1.1" 404 1251 "-" "Mozlila/5.0 (Linux; Android 7.0; SM-G892A Bulid/NRD90M; wv) AppleWebKit/537.36 (KHTML, like Gecko) Version/4.0 Chrome/60.0.3112.107 Moblie Safari/537.36"
193.142.147.5 - - [02/Sep/2025:13:44:46 -0400] "GET /wp-includes//wp-includes/class-wp-customize-panel.php HTTP/1.1" 404 1251 "-" "Mozlila/5.0 (Linux; Android 7.0; SM-G892A Bulid/NRD90M; wv) AppleWebKit/537.36 (KHTML, like Gecko) Version/4.0 Chrome/60.0.3112.107 Moblie Safari/537.36"
193.142.147.5 - - [02/Sep/2025:13:44:49 -0400] "GET /wp-includes//wp-includes/class-wp-customize-section.php HTTP/1.1" 404 1251 "-" "Mozlila/5.0 (Linux; Android 7.0; SM-G892A Bulid/NRD90M; wv) AppleWebKit/537.36 (KHTML, like Gecko) Version/4.0 Chrome/60.0.3112.107 Moblie Safari/537.36"
193.142.147.5 - - [02/Sep/2025:13:44:52 -0400] "GET /wp-includes//wp-includes/class-wp-customize-setting.php HTTP/1.1" 404 1251 "-" "Mozlila/5.0 (Linux; Android 7.0; SM-G892A Bulid/NRD90M; wv) AppleWebKit/537.36 (KHTML, like Gecko) Version/4.0 Chrome/60.0.3112.107 Moblie Safari/537.36"
66.249.79.72 - - [02/Sep/2025:13:44:54 -0400] "GET /jagellonian/fuo406457401 HTTP/1.1" 404 1251 "-" "Mozilla/5.0 (Linux; Android 6.0.1; Nexus 5X Build/MMB29P) AppleWebKit/537.36 (KHTML, like Gecko) Chrome/138.0.7204.183 Mobile Safari/537.36 (compatible; Googlebot/2.1; +http://www.google.com/bot.html)"
193.142.147.5 - - [02/Sep/2025:13:44:58 -0400] "GET /wp-includes//wp-includes/class-wp-date-query.php HTTP/1.1" 404 1251 "-" "Mozlila/5.0 (Linux; Android 7.0; SM-G892A Bulid/NRD90M; wv) AppleWebKit/537.36 (KHTML, like Gecko) Version/4.0 Chrome/60.0.3112.107 Moblie Safari/537.36"
193.142.147.5 - - [02/Sep/2025:13:45:02 -0400] "GET /wp-includes//wp-includes/class-wp-dependencies.php HTTP/1.1" 404 1251 "-" "Mozlila/5.0 (Linux; Android 7.0; SM-G892A Bulid/NRD90M; wv) AppleWebKit/537.36 (KHTML, like Gecko) Version/4.0 Chrome/60.0.3112.107 Moblie Safari/537.36"
193.142.147.5 - - [02/Sep/2025:13:45:06 -0400] "GET /wp-includes//wp-includes/class-wp-dependency.php HTTP/1.1" 404 1251 "-" "Mozlila/5.0 (Linux; Android 7.0; SM-G892A Bulid/NRD90M; wv) AppleWebKit/537.36 (KHTML, like Gecko) Version/4.0 Chrome/60.0.3112.107 Moblie Safari/537.36"
193.142.147.5 - - [02/Sep/2025:13:44:28 -0400] "GET /wp-includes//wp-includes/class-wp-comment-query.php HTTP/1.1" 404 1251 "-" "Mozlila/5.0 (Linux; Android 7.0; SM-G892A Bulid/NRD90M; wv) AppleWebKit/537.36 (KHTML, like Gecko) Version/4.0 Chrome/60.0.3112.107 Moblie Safari/537.36"
193.142.147.5 - - [02/Sep/2025:13:44:31 -0400] "GET /wp-includes//wp-includes/class-wp-comment.php HTTP/1.1" 404 1251 "-" "Mozlila/5.0 (Linux; Android 7.0; SM-G892A Bulid/NRD90M; wv) AppleWebKit/537.36 (KHTML, like Gecko) Version/4.0 Chrome/60.0.3112.107 Moblie Safari/537.36"
40.77.167.30 - - [02/Sep/2025:13:44:33 -0400] "GET /coadunite/465126731 HTTP/1.1" 404 1251 "-" "Mozilla/5.0 AppleWebKit/537.36 (KHTML, like Gecko; compatible; bingbot/2.0; +http://www.bing.com/bingbot.htm) Chrome/116.0.1938.76 Safari/537.36"
40.77.167.55 - - [02/Sep/2025:13:44:35 -0400] "GET /witchwork/ba323069659 HTTP/1.1" 404 1251 "-" "Mozilla/5.0 AppleWebKit/537.36 (KHTML, like Gecko; compatible; bingbot/2.0; +http://www.bing.com/bingbot.htm) Chrome/116.0.1938.76 Safari/537.36"
193.142.147.5 - - [02/Sep/2025:13:44:36 -0400] "GET /wp-includes//wp-includes/class-wp-customize-control.php HTTP/1.1" 404 1251 "-" "Mozlila/5.0 (Linux; Android 7.0; SM-G892A Bulid/NRD90M; wv) AppleWebKit/537.36 (KHTML, like Gecko) Version/4.0 Chrome/60.0.3112.107 Moblie Safari/537.36"
193.142.147.5 - - [02/Sep/2025:13:44:43 -0400] "GET /wp-includes//wp-includes/class-wp-customize-nav-menus.php HTTP/1.1" 404 1251 "-" "Mozlila/5.0 (Linux; Android 7.0; SM-G892A Bulid/NRD90M; wv) AppleWebKit/537.36 (KHTML, like Gecko) Version/4.0 Chrome/60.0.3112.107 Moblie Safari/537.36"
193.142.147.5 - - [02/Sep/2025:13:44:56 -0400] "GET /wp-includes//wp-includes/class-wp-customize-widgets.php HTTP/1.1" 404 1251 "-" "Mozlila/5.0 (Linux; Android 7.0; SM-G892A Bulid/NRD90M; wv) AppleWebKit/537.36 (KHTML, like Gecko) Version/4.0 Chrome/60.0.3112.107 Moblie Safari/537.36"
193.142.147.5 - - [02/Sep/2025:13:45:08 -0400] "GET /wp-includes//wp-includes/class-wp-duotone.php HTTP/1.1" 404 1251 "-" "Mozlila/5.0 (Linux; Android 7.0; SM-G892A Bulid/NRD90M; wv) AppleWebKit/537.36 (KHTML, like Gecko) Version/4.0 Chrome/60.0.3112.107 Moblie Safari/537.36"
216.73.216.117 - - [02/Sep/2025:13:45:12 -0400] "GET /nc_assets/img/featured/600/ready-to-go.png HTTP/1.1" 200 12490 "-" "Mozilla/5.0 AppleWebKit/537.36 (KHTML, like Gecko; compatible; ClaudeBot/1.0; +claudebot@anthropic.com)"
216.73.216.117 - - [02/Sep/2025:13:45:12 -0400] "GET /nc_assets/img/logos/namecheap-hd.png HTTP/1.1" 200 10161 "-" "Mozilla/5.0 AppleWebKit/537.36 (KHTML, like Gecko; compatible; ClaudeBot/1.0; +claudebot@anthropic.com)"
216.73.216.117 - - [02/Sep/2025:13:45:12 -0400] "GET /nc_assets/img/nc-icon/namecheap-icon-120x120.png HTTP/1.1" 200 1088 "-" "Mozilla/5.0 AppleWebKit/537.36 (KHTML, like Gecko; compatible; ClaudeBot/1.0; +claudebot@anthropic.com)"
216.73.216.117 - - [02/Sep/2025:13:45:12 -0400] "GET /nc_assets/img/nc-icon/namecheap-icon-76x76.png HTTP/1.1" 200 725 "-" "Mozilla/5.0 AppleWebKit/537.36 (KHTML, like Gecko; compatible; ClaudeBot/1.0; +claudebot@anthropic.com)"
216.73.216.117 - - [02/Sep/2025:13:45:13 -0400] "GET /nc_assets/img/nc-icon/namecheap-icon-114x114.png HTTP/1.1" 200 1058 "-" "Mozilla/5.0 AppleWebKit/537.36 (KHTML, like Gecko; compatible; ClaudeBot/1.0; +claudebot@anthropic.com)"
216.73.216.117 - - [02/Sep/2025:13:45:13 -0400] "GET /nc_assets/img/nc-icon/namecheap-icon-152x152.png HTTP/1.1" 200 1438 "-" "Mozilla/5.0 AppleWebKit/537.36 (KHTML, like Gecko; compatible; ClaudeBot/1.0; +claudebot@anthropic.com)"
216.73.216.117 - - [02/Sep/2025:13:45:13 -0400] "GET /nc_assets/img/nc-icon/namecheap-icon-72x72.png HTTP/1.1" 200 670 "-" "Mozilla/5.0 AppleWebKit/537.36 (KHTML, like Gecko; compatible; ClaudeBot/1.0; +claudebot@anthropic.com)"
216.73.216.117 - - [02/Sep/2025:13:45:13 -0400] "GET /_autoindex/assets/icons/corner-left-up.svg HTTP/1.1" 200 328 "-" "Mozilla/5.0 AppleWebKit/537.36 (KHTML, like Gecko; compatible; ClaudeBot/1.0; +claudebot@anthropic.com)"
68.65.122.155 - - [02/Sep/2025:13:45:14 -0400] "POST /wp-cron.php?doing_wp_cron=1756835114.1390988826751708984375 HTTP/1.1" 403 1242 "-" "WordPress/6.8.2; https://surewordglobalimpactministry.org"
216.73.216.117 - - [02/Sep/2025:13:45:13 -0400] "GET /wp-login.php?action=lostpassword HTTP/1.1" 200 951 "-" "Mozilla/5.0 AppleWebKit/537.36 (KHTML, like Gecko; compatible; ClaudeBot/1.0; +claudebot@anthropic.com)"
193.142.147.5 - - [02/Sep/2025:13:45:14 -0400] "GET /wp-includes//wp-includes/class-wp-embed.php HTTP/1.1" 404 1251 "-" "Mozlila/5.0 (Linux; Android 7.0; SM-G892A Bulid/NRD90M; wv) AppleWebKit/537.36 (KHTML, like Gecko) Version/4.0 Chrome/60.0.3112.107 Moblie Safari/537.36"
193.142.147.5 - - [02/Sep/2025:13:45:18 -0400] "GET /wp-includes//wp-includes/class-wp-error.php HTTP/1.1" 404 1251 "-" "Mozlila/5.0 (Linux; Android 7.0; SM-G892A Bulid/NRD90M; wv) AppleWebKit/537.36 (KHTML, like Gecko) Version/4.0 Chrome/60.0.3112.107 Moblie Safari/537.36"
193.142.147.5 - - [02/Sep/2025:13:45:22 -0400] "GET /wp-includes//wp-includes/class-wp-exception.php HTTP/1.1" 404 1251 "-" "Mozlila/5.0 (Linux; Android 7.0; SM-G892A Bulid/NRD90M; wv) AppleWebKit/537.36 (KHTML, like Gecko) Version/4.0 Chrome/60.0.3112.107 Moblie Safari/537.36"
193.142.147.5 - - [02/Sep/2025:13:45:29 -0400] "GET /wp-includes//wp-includes/class-wp-feed-cache-transient.php HTTP/1.1" 404 1251 "-" "Mozlila/5.0 (Linux; Android 7.0; SM-G892A Bulid/NRD90M; wv) AppleWebKit/537.36 (KHTML, like Gecko) Version/4.0 Chrome/60.0.3112.107 Moblie Safari/537.36"
216.73.216.117 - - [02/Sep/2025:13:45:36 -0400] "GET /nc_assets/fonts HTTP/1.1" 301 795 "-" "Mozilla/5.0 AppleWebKit/537.36 (KHTML, like Gecko; compatible; ClaudeBot/1.0; +claudebot@anthropic.com)"
216.73.216.117 - - [02/Sep/2025:13:45:36 -0400] "GET /nc_assets/img HTTP/1.1" 301 795 "-" "Mozilla/5.0 AppleWebKit/537.36 (KHTML, like Gecko; compatible; ClaudeBot/1.0; +claudebot@anthropic.com)"
216.73.216.117 - - [02/Sep/2025:13:45:36 -0400] "GET /nc_assets/fonts/ HTTP/1.1" 200 1426 "https://surewordglobalimpactministry.org/nc_assets/fonts" "Mozilla/5.0 AppleWebKit/537.36 (KHTML, like Gecko; compatible; ClaudeBot/1.0; +claudebot@anthropic.com)"
193.142.147.5 - - [02/Sep/2025:13:45:11 -0400] "GET /wp-includes//wp-includes/class-wp-editor.php HTTP/1.1" 404 1251 "-" "Mozlila/5.0 (Linux; Android 7.0; SM-G892A Bulid/NRD90M; wv) AppleWebKit/537.36 (KHTML, like Gecko) Version/4.0 Chrome/60.0.3112.107 Moblie Safari/537.36"
216.73.216.117 - - [02/Sep/2025:13:45:12 -0400] "GET /nc_assets/img/nc-icon/namecheap-icon-144x144.png HTTP/1.1" 200 1341 "-" "Mozilla/5.0 AppleWebKit/537.36 (KHTML, like Gecko; compatible; ClaudeBot/1.0; +claudebot@anthropic.com)"
216.73.216.117 - - [02/Sep/2025:13:45:12 -0400] "GET /nc_assets/img/nc-icon/namecheap-icon-57x57.png HTTP/1.1" 200 546 "-" "Mozilla/5.0 AppleWebKit/537.36 (KHTML, like Gecko; compatible; ClaudeBot/1.0; +claudebot@anthropic.com)"
216.73.216.117 - - [02/Sep/2025:13:45:13 -0400] "GET /wp-admin/images/wordpress-logo.png HTTP/1.1" 200 2480 "-" "Mozilla/5.0 AppleWebKit/537.36 (KHTML, like Gecko; compatible; ClaudeBot/1.0; +claudebot@anthropic.com)"
193.142.147.5 - - [02/Sep/2025:13:45:25 -0400] "GET /wp-includes//wp-includes/class-wp-fatal-error-handler.php HTTP/1.1" 404 1251 "-" "Mozlila/5.0 (Linux; Android 7.0; SM-G892A Bulid/NRD90M; wv) AppleWebKit/537.36 (KHTML, like Gecko) Version/4.0 Chrome/60.0.3112.107 Moblie Safari/537.36"
193.142.147.5 - - [02/Sep/2025:13:45:32 -0400] "GET /wp-includes//wp-includes/class-wp-feed-cache.php HTTP/1.1" 404 1251 "-" "Mozlila/5.0 (Linux; Android 7.0; SM-G892A Bulid/NRD90M; wv) AppleWebKit/537.36 (KHTML, like Gecko) Version/4.0 Chrome/60.0.3112.107 Moblie Safari/537.36"
193.142.147.5 - - [02/Sep/2025:13:45:36 -0400] "GET /wp-includes//wp-includes/class-wp-hook.php HTTP/1.1" 404 1251 "-" "Mozlila/5.0 (Linux; Android 7.0; SM-G892A Bulid/NRD90M; wv) AppleWebKit/537.36 (KHTML, like Gecko) Version/4.0 Chrome/60.0.3112.107 Moblie Safari/537.36"
216.73.216.117 - - [02/Sep/2025:13:45:36 -0400] "GET /nc_assets/img/nc-icon/favicon.ico HTTP/1.1" 200 8348 "-" "Mozilla/5.0 AppleWebKit/537.36 (KHTML, like Gecko; compatible; ClaudeBot/1.0; +claudebot@anthropic.com)"
216.73.216.117 - - [02/Sep/2025:13:45:36 -0400] "GET /wp-admin/load-styles.php?c=1&dir=ltr&load%5Bchunk_0%5D=dashicons%2Cbuttons%2Cforms%2Cl10n%2Clogin HTTP/1.1" 200 45454 "-" "Mozilla/5.0 AppleWebKit/537.36 (KHTML, like Gecko; compatible; ClaudeBot/1.0; +claudebot@anthropic.com)"
216.73.216.117 - - [02/Sep/2025:13:45:37 -0400] "GET /wp-admin/import.php HTTP/1.1" 302 0 "-" "Mozilla/5.0 AppleWebKit/537.36 (KHTML, like Gecko; compatible; ClaudeBot/1.0; +claudebot@anthropic.com)"
216.73.216.117 - - [02/Sep/2025:13:45:37 -0400] "GET /nc_assets/css HTTP/1.1" 301 795 "-" "Mozilla/5.0 AppleWebKit/537.36 (KHTML, like Gecko; compatible; ClaudeBot/1.0; +claudebot@anthropic.com)"
216.73.216.117 - - [02/Sep/2025:13:45:37 -0400] "GET /wp-login.php?redirect_to=https%3A%2F%2Fsurewordglobalimpactministry.org%2Fwp-admin%2Fimport.php&reauth=1 HTTP/1.1" 200 1719 "https://surewordglobalimpactministry.org/wp-admin/import.php" "Mozilla/5.0 AppleWebKit/537.36 (KHTML, like Gecko; compatible; ClaudeBot/1.0; +claudebot@anthropic.com)"
216.73.216.117 - - [02/Sep/2025:13:45:37 -0400] "GET /107b04/?path=%2Fhome HTTP/1.1" 200 592 "-" "Mozilla/5.0 AppleWebKit/537.36 (KHTML, like Gecko; compatible; ClaudeBot/1.0; +claudebot@anthropic.com)"
193.142.147.5 - - [02/Sep/2025:13:45:39 -0400] "GET /wp-includes//wp-includes/class-wp-http-cookie.php HTTP/1.1" 404 1251 "-" "Mozlila/5.0 (Linux; Android 7.0; SM-G892A Bulid/NRD90M; wv) AppleWebKit/537.36 (KHTML, like Gecko) Version/4.0 Chrome/60.0.3112.107 Moblie Safari/537.36"
193.142.147.5 - - [02/Sep/2025:13:45:44 -0400] "GET /wp-includes//wp-includes/class-wp-http-encoding.php HTTP/1.1" 404 1251 "-" "Mozlila/5.0 (Linux; Android 7.0; SM-G892A Bulid/NRD90M; wv) AppleWebKit/537.36 (KHTML, like Gecko) Version/4.0 Chrome/60.0.3112.107 Moblie Safari/537.36"
216.73.216.117 - - [02/Sep/2025:13:45:36 -0400] "GET /nc_assets/img/ HTTP/1.1" 200 701 "https://surewordglobalimpactministry.org/nc_assets/img" "Mozilla/5.0 AppleWebKit/537.36 (KHTML, like Gecko; compatible; ClaudeBot/1.0; +claudebot@anthropic.com)"
216.73.216.117 - - [02/Sep/2025:13:45:37 -0400] "GET /nc_assets/css/style.css HTTP/1.1" 200 1970 "-" "Mozilla/5.0 AppleWebKit/537.36 (KHTML, like Gecko; compatible; ClaudeBot/1.0; +claudebot@anthropic.com)"
216.73.216.117 - - [02/Sep/2025:13:45:37 -0400] "GET /wp-admin/upgrade.php HTTP/1.1" 403 1242 "-" "Mozilla/5.0 AppleWebKit/537.36 (KHTML, like Gecko; compatible; ClaudeBot/1.0; +claudebot@anthropic.com)"
216.73.216.117 - - [02/Sep/2025:13:45:37 -0400] "GET /wp-admin/css/install.css HTTP/1.1" 200 1829 "-" "Mozilla/5.0 AppleWebKit/537.36 (KHTML, like Gecko; compatible; ClaudeBot/1.0; +claudebot@anthropic.com)"
216.73.216.117 - - [02/Sep/2025:13:45:37 -0400] "GET /nc_assets/css/ HTTP/1.1" 200 629 "https://surewordglobalimpactministry.org/nc_assets/css" "Mozilla/5.0 AppleWebKit/537.36 (KHTML, like Gecko; compatible; ClaudeBot/1.0; +claudebot@anthropic.com)"
68.65.122.155 - - [02/Sep/2025:13:45:37 -0400] "POST /wp-cron.php?doing_wp_cron=1756835137.7484519481658935546875 HTTP/1.1" 403 1242 "-" "WordPress/6.8.2; https://surewordglobalimpactministry.org"
216.73.216.117 - - [02/Sep/2025:13:45:37 -0400] "GET /wp-admin/install.php HTTP/1.1" 200 435 "-" "Mozilla/5.0 AppleWebKit/537.36 (KHTML, like Gecko; compatible; ClaudeBot/1.0; +claudebot@anthropic.com)"
66.249.79.72 - - [02/Sep/2025:13:45:38 -0400] "GET /m032014389?srsltid=AfmBOotJHhVHyBlIHg6gki_xixpzucGiE_4Dm29gA4-E-vV9sW5Tdq HTTP/1.1" 404 1251 "-" "Mozilla/5.0 (Linux; Android 6.0.1; Nexus 5X Build/MMB29P) AppleWebKit/537.36 (KHTML, like Gecko) Chrome/138.0.7204.183 Mobile Safari/537.36 (compatible; Googlebot/2.1; +http://www.google.com/bot.html)"
193.142.147.5 - - [02/Sep/2025:13:45:41 -0400] "GET /wp-includes//wp-includes/class-wp-http-curl.php HTTP/1.1" 404 1251 "-" "Mozlila/5.0 (Linux; Android 7.0; SM-G892A Bulid/NRD90M; wv) AppleWebKit/537.36 (KHTML, like Gecko) Version/4.0 Chrome/60.0.3112.107 Moblie Safari/537.36"
193.142.147.5 - - [02/Sep/2025:13:45:47 -0400] "GET /wp-includes//wp-includes/class-wp-http-ixr-client.php HTTP/1.1" 404 1251 "-" "Mozlila/5.0 (Linux; Android 7.0; SM-G892A Bulid/NRD90M; wv) AppleWebKit/537.36 (KHTML, like Gecko) Version/4.0 Chrome/60.0.3112.107 Moblie Safari/537.36"
193.142.147.5 - - [02/Sep/2025:13:45:50 -0400] "GET /wp-includes//wp-includes/class-wp-http-proxy.php HTTP/1.1" 404 1251 "-" "Mozlila/5.0 (Linux; Android 7.0; SM-G892A Bulid/NRD90M; wv) AppleWebKit/537.36 (KHTML, like Gecko) Version/4.0 Chrome/60.0.3112.107 Moblie Safari/537.36"
193.142.147.5 - - [02/Sep/2025:13:46:14 -0400] "GET /wp-includes//wp-includes/class-wp-image-editor-imagick.php HTTP/1.1" 404 1251 "-" "Mozlila/5.0 (Linux; Android 7.0; SM-G892A Bulid/NRD90M; wv) AppleWebKit/537.36 (KHTML, like Gecko) Version/4.0 Chrome/60.0.3112.107 Moblie Safari/537.36"
193.142.147.5 - - [02/Sep/2025:13:46:17 -0400] "GET /wp-includes//wp-includes/class-wp-image-editor.php HTTP/1.1" 404 1251 "-" "Mozlila/5.0 (Linux; Android 7.0; SM-G892A Bulid/NRD90M; wv) AppleWebKit/537.36 (KHTML, like Gecko) Version/4.0 Chrome/60.0.3112.107 Moblie Safari/537.36"
193.142.147.5 - - [02/Sep/2025:13:46:21 -0400] "GET /wp-includes//wp-includes/class-wp-list-util.php HTTP/1.1" 404 1251 "-" "Mozlila/5.0 (Linux; Android 7.0; SM-G892A Bulid/NRD90M; wv) AppleWebKit/537.36 (KHTML, like Gecko) Version/4.0 Chrome/60.0.3112.107 Moblie Safari/537.36"
66.249.79.74 - - [02/Sep/2025:13:46:21 -0400] "GET /m205038278?srsltid=AfmBOoGgFAiWAvVe7mEMQe_E6KvqWze0k_nA2H4gNt-L-uU5BNbSat HTTP/1.1" 404 1251 "-" "Mozilla/5.0 (Linux; Android 6.0.1; Nexus 5X Build/MMB29P) AppleWebKit/537.36 (KHTML, like Gecko) Chrome/138.0.7204.183 Mobile Safari/537.36 (compatible; Googlebot/2.1; +http://www.google.com/bot.html)"
193.142.147.5 - - [02/Sep/2025:13:45:53 -0400] "GET /wp-includes//wp-includes/class-wp-http-requests-hooks.php HTTP/1.1" 404 1251 "-" "Mozlila/5.0 (Linux; Android 7.0; SM-G892A Bulid/NRD90M; wv) AppleWebKit/537.36 (KHTML, like Gecko) Version/4.0 Chrome/60.0.3112.107 Moblie Safari/537.36"
193.142.147.5 - - [02/Sep/2025:13:45:56 -0400] "GET /wp-includes//wp-includes/class-wp-http-requests-response.php HTTP/1.1" 404 1251 "-" "Mozlila/5.0 (Linux; Android 7.0; SM-G892A Bulid/NRD90M; wv) AppleWebKit/537.36 (KHTML, like Gecko) Version/4.0 Chrome/60.0.3112.107 Moblie Safari/537.36"
193.142.147.5 - - [02/Sep/2025:13:46:00 -0400] "GET /wp-includes//wp-includes/class-wp-http-response.php HTTP/1.1" 404 1251 "-" "Mozlila/5.0 (Linux; Android 7.0; SM-G892A Bulid/NRD90M; wv) AppleWebKit/537.36 (KHTML, like Gecko) Version/4.0 Chrome/60.0.3112.107 Moblie Safari/537.36"
193.142.147.5 - - [02/Sep/2025:13:46:04 -0400] "GET /wp-includes//wp-includes/class-wp-http-streams.php HTTP/1.1" 404 1251 "-" "Mozlila/5.0 (Linux; Android 7.0; SM-G892A Bulid/NRD90M; wv) AppleWebKit/537.36 (KHTML, like Gecko) Version/4.0 Chrome/60.0.3112.107 Moblie Safari/537.36"
193.142.147.5 - - [02/Sep/2025:13:46:07 -0400] "GET /wp-includes//wp-includes/class-wp-http.php HTTP/1.1" 404 1251 "-" "Mozlila/5.0 (Linux; Android 7.0; SM-G892A Bulid/NRD90M; wv) AppleWebKit/537.36 (KHTML, like Gecko) Version/4.0 Chrome/60.0.3112.107 Moblie Safari/537.36"
193.142.147.5 - - [02/Sep/2025:13:46:11 -0400] "GET /wp-includes//wp-includes/class-wp-image-editor-gd.php HTTP/1.1" 404 1251 "-" "Mozlila/5.0 (Linux; Android 7.0; SM-G892A Bulid/NRD90M; wv) AppleWebKit/537.36 (KHTML, like Gecko) Version/4.0 Chrome/60.0.3112.107 Moblie Safari/537.36"
193.142.147.5 - - [02/Sep/2025:13:46:28 -0400] "GET /wp-includes//wp-includes/class-wp-locale.php HTTP/1.1" 404 1251 "-" "Mozlila/5.0 (Linux; Android 7.0; SM-G892A Bulid/NRD90M; wv) AppleWebKit/537.36 (KHTML, like Gecko) Version/4.0 Chrome/60.0.3112.107 Moblie Safari/537.36"
193.142.147.5 - - [02/Sep/2025:13:46:49 -0400] "GET /wp-includes//wp-includes/class-wp-network.php HTTP/1.1" 404 1251 "-" "Mozlila/5.0 (Linux; Android 7.0; SM-G892A Bulid/NRD90M; wv) AppleWebKit/537.36 (KHTML, like Gecko) Version/4.0 Chrome/60.0.3112.107 Moblie Safari/537.36"
193.142.147.5 - - [02/Sep/2025:13:46:58 -0400] "GET /wp-includes//wp-includes/class-wp-oembed.php HTTP/1.1" 404 1251 "-" "Mozlila/5.0 (Linux; Android 7.0; SM-G892A Bulid/NRD90M; wv) AppleWebKit/537.36 (KHTML, like Gecko) Version/4.0 Chrome/60.0.3112.107 Moblie Safari/537.36"
193.142.147.5 - - [02/Sep/2025:13:47:04 -0400] "GET /wp-includes//wp-includes/class-wp-phpmailer.php HTTP/1.1" 404 1251 "-" "Mozlila/5.0 (Linux; Android 7.0; SM-G892A Bulid/NRD90M; wv) AppleWebKit/537.36 (KHTML, like Gecko) Version/4.0 Chrome/60.0.3112.107 Moblie Safari/537.36"
66.249.79.73 - - [02/Sep/2025:13:47:05 -0400] "GET /m216025321?srsltid=AfmBOoIviaAVSvbXvBo7o0_HdGdu9Rwom_WtWgfaQ6-Q-uxsaUef61 HTTP/1.1" 404 1251 "-" "Mozilla/5.0 (Linux; Android 6.0.1; Nexus 5X Build/MMB29P) AppleWebKit/537.36 (KHTML, like Gecko) Chrome/138.0.7204.183 Mobile Safari/537.36 (compatible; Googlebot/2.1; +http://www.google.com/bot.html)"
193.142.147.5 - - [02/Sep/2025:13:47:08 -0400] "GET /wp-includes//wp-includes/class-wp-plugin-dependencies.php HTTP/1.1" 404 1251 "-" "Mozlila/5.0 (Linux; Android 7.0; SM-G892A Bulid/NRD90M; wv) AppleWebKit/537.36 (KHTML, like Gecko) Version/4.0 Chrome/60.0.3112.107 Moblie Safari/537.36"
193.142.147.5 - - [02/Sep/2025:13:47:11 -0400] "GET /wp-includes//wp-includes/class-wp-post-type.php HTTP/1.1" 404 1251 "-" "Mozlila/5.0 (Linux; Android 7.0; SM-G892A Bulid/NRD90M; wv) AppleWebKit/537.36 (KHTML, like Gecko) Version/4.0 Chrome/60.0.3112.107 Moblie Safari/537.36"
193.142.147.5 - - [02/Sep/2025:13:47:15 -0400] "GET /wp-includes//wp-includes/class-wp-post.php HTTP/1.1" 404 1251 "-" "Mozlila/5.0 (Linux; Android 7.0; SM-G892A Bulid/NRD90M; wv) AppleWebKit/537.36 (KHTML, like Gecko) Version/4.0 Chrome/60.0.3112.107 Moblie Safari/537.36"
66.249.79.73 - - [02/Sep/2025:13:46:21 -0400] "GET /m191023512?srsltid=AfmBOoTFVSJhAjoTrlBmzB_lCngCmQpYP_WxgWy5IB-N-syczP2CgE HTTP/1.1" 404 1251 "-" "Mozilla/5.0 (Linux; Android 6.0.1; Nexus 5X Build/MMB29P) AppleWebKit/537.36 (KHTML, like Gecko) Chrome/138.0.7204.183 Mobile Safari/537.36 (compatible; Googlebot/2.1; +http://www.google.com/bot.html)"
193.142.147.5 - - [02/Sep/2025:13:46:24 -0400] "GET /wp-includes//wp-includes/class-wp-locale-switcher.php HTTP/1.1" 404 1251 "-" "Mozlila/5.0 (Linux; Android 7.0; SM-G892A Bulid/NRD90M; wv) AppleWebKit/537.36 (KHTML, like Gecko) Version/4.0 Chrome/60.0.3112.107 Moblie Safari/537.36"
193.142.147.5 - - [02/Sep/2025:13:46:31 -0400] "GET /wp-includes//wp-includes/class-wp-matchesmapregex.php HTTP/1.1" 404 1251 "-" "Mozlila/5.0 (Linux; Android 7.0; SM-G892A Bulid/NRD90M; wv) AppleWebKit/537.36 (KHTML, like Gecko) Version/4.0 Chrome/60.0.3112.107 Moblie Safari/537.36"
193.142.147.5 - - [02/Sep/2025:13:46:35 -0400] "GET /wp-includes//wp-includes/class-wp-meta-query.php HTTP/1.1" 404 1251 "-" "Mozlila/5.0 (Linux; Android 7.0; SM-G892A Bulid/NRD90M; wv) AppleWebKit/537.36 (KHTML, like Gecko) Version/4.0 Chrome/60.0.3112.107 Moblie Safari/537.36"
193.142.147.5 - - [02/Sep/2025:13:46:38 -0400] "GET /wp-includes//wp-includes/class-wp-metadata-lazyloader.php HTTP/1.1" 404 1251 "-" "Mozlila/5.0 (Linux; Android 7.0; SM-G892A Bulid/NRD90M; wv) AppleWebKit/537.36 (KHTML, like Gecko) Version/4.0 Chrome/60.0.3112.107 Moblie Safari/537.36"
193.142.147.5 - - [02/Sep/2025:13:46:41 -0400] "GET /wp-includes//wp-includes/class-wp-navigation-fallback.php HTTP/1.1" 404 1251 "-" "Mozlila/5.0 (Linux; Android 7.0; SM-G892A Bulid/NRD90M; wv) AppleWebKit/537.36 (KHTML, like Gecko) Version/4.0 Chrome/60.0.3112.107 Moblie Safari/537.36"
193.142.147.5 - - [02/Sep/2025:13:46:45 -0400] "GET /wp-includes//wp-includes/class-wp-network-query.php HTTP/1.1" 404 1251 "-" "Mozlila/5.0 (Linux; Android 7.0; SM-G892A Bulid/NRD90M; wv) AppleWebKit/537.36 (KHTML, like Gecko) Version/4.0 Chrome/60.0.3112.107 Moblie Safari/537.36"
193.142.147.5 - - [02/Sep/2025:13:46:52 -0400] "GET /wp-includes//wp-includes/class-wp-object-cache.php HTTP/1.1" 404 1251 "-" "Mozlila/5.0 (Linux; Android 7.0; SM-G892A Bulid/NRD90M; wv) AppleWebKit/537.36 (KHTML, like Gecko) Version/4.0 Chrome/60.0.3112.107 Moblie Safari/537.36"
193.142.147.5 - - [02/Sep/2025:13:46:55 -0400] "GET /wp-includes//wp-includes/class-wp-oembed-controller.php HTTP/1.1" 404 1251 "-" "Mozlila/5.0 (Linux; Android 7.0; SM-G892A Bulid/NRD90M; wv) AppleWebKit/537.36 (KHTML, like Gecko) Version/4.0 Chrome/60.0.3112.107 Moblie Safari/537.36"
193.142.147.5 - - [02/Sep/2025:13:47:01 -0400] "GET /wp-includes//wp-includes/class-wp-paused-extensions-storage.php HTTP/1.1" 404 1251 "-" "Mozlila/5.0 (Linux; Android 7.0; SM-G892A Bulid/NRD90M; wv) AppleWebKit/537.36 (KHTML, like Gecko) Version/4.0 Chrome/60.0.3112.107 Moblie Safari/537.36"
52.167.144.24 - - [02/Sep/2025:13:47:16 -0400] "GET /chuckawalla/cariotta/339034973 HTTP/1.1" 404 1251 "-" "Mozilla/5.0 AppleWebKit/537.36 (KHTML, like Gecko; compatible; bingbot/2.0; +http://www.bing.com/bingbot.htm) Chrome/116.0.1938.76 Safari/537.36"
193.142.147.5 - - [02/Sep/2025:13:47:24 -0400] "GET /wp-includes//wp-includes/class-wp-recovery-mode-email-service.php HTTP/1.1" 404 1251 "-" "Mozlila/5.0 (Linux; Android 7.0; SM-G892A Bulid/NRD90M; wv) AppleWebKit/537.36 (KHTML, like Gecko) Version/4.0 Chrome/60.0.3112.107 Moblie Safari/537.36"
193.142.147.5 - - [02/Sep/2025:13:47:34 -0400] "GET /wp-includes//wp-includes/class-wp-recovery-mode.php HTTP/1.1" 404 1251 "-" "Mozlila/5.0 (Linux; Android 7.0; SM-G892A Bulid/NRD90M; wv) AppleWebKit/537.36 (KHTML, like Gecko) Version/4.0 Chrome/60.0.3112.107 Moblie Safari/537.36"
193.142.147.5 - - [02/Sep/2025:13:47:47 -0400] "GET /wp-includes//wp-includes/class-wp-script-modules.php HTTP/1.1" 404 1251 "-" "Mozlila/5.0 (Linux; Android 7.0; SM-G892A Bulid/NRD90M; wv) AppleWebKit/537.36 (KHTML, like Gecko) Version/4.0 Chrome/60.0.3112.107 Moblie Safari/537.36"
193.142.147.5 - - [02/Sep/2025:13:47:18 -0400] "GET /wp-includes//wp-includes/class-wp-query.php HTTP/1.1" 404 1251 "-" "Mozlila/5.0 (Linux; Android 7.0; SM-G892A Bulid/NRD90M; wv) AppleWebKit/537.36 (KHTML, like Gecko) Version/4.0 Chrome/60.0.3112.107 Moblie Safari/537.36"
193.142.147.5 - - [02/Sep/2025:13:47:21 -0400] "GET /wp-includes//wp-includes/class-wp-recovery-mode-cookie-service.php HTTP/1.1" 404 1251 "-" "Mozlila/5.0 (Linux; Android 7.0; SM-G892A Bulid/NRD90M; wv) AppleWebKit/537.36 (KHTML, like Gecko) Version/4.0 Chrome/60.0.3112.107 Moblie Safari/537.36"
193.142.147.5 - - [02/Sep/2025:13:47:27 -0400] "GET /wp-includes//wp-includes/class-wp-recovery-mode-key-service.php HTTP/1.1" 404 1251 "-" "Mozlila/5.0 (Linux; Android 7.0; SM-G892A Bulid/NRD90M; wv) AppleWebKit/537.36 (KHTML, like Gecko) Version/4.0 Chrome/60.0.3112.107 Moblie Safari/537.36"
193.142.147.5 - - [02/Sep/2025:13:47:30 -0400] "GET /wp-includes//wp-includes/class-wp-recovery-mode-link-service.php HTTP/1.1" 404 1251 "-" "Mozlila/5.0 (Linux; Android 7.0; SM-G892A Bulid/NRD90M; wv) AppleWebKit/537.36 (KHTML, like Gecko) Version/4.0 Chrome/60.0.3112.107 Moblie Safari/537.36"
193.142.147.5 - - [02/Sep/2025:13:47:37 -0400] "GET /wp-includes//wp-includes/class-wp-rewrite.php HTTP/1.1" 404 1251 "-" "Mozlila/5.0 (Linux; Android 7.0; SM-G892A Bulid/NRD90M; wv) AppleWebKit/537.36 (KHTML, like Gecko) Version/4.0 Chrome/60.0.3112.107 Moblie Safari/537.36"
193.142.147.5 - - [02/Sep/2025:13:47:40 -0400] "GET /wp-includes//wp-includes/class-wp-role.php HTTP/1.1" 404 1251 "-" "Mozlila/5.0 (Linux; Android 7.0; SM-G892A Bulid/NRD90M; wv) AppleWebKit/537.36 (KHTML, like Gecko) Version/4.0 Chrome/60.0.3112.107 Moblie Safari/537.36"
193.142.147.5 - - [02/Sep/2025:13:47:43 -0400] "GET /wp-includes//wp-includes/class-wp-roles.php HTTP/1.1" 404 1251 "-" "Mozlila/5.0 (Linux; Android 7.0; SM-G892A Bulid/NRD90M; wv) AppleWebKit/537.36 (KHTML, like Gecko) Version/4.0 Chrome/60.0.3112.107 Moblie Safari/537.36"
66.249.79.73 - - [02/Sep/2025:13:47:48 -0400] "GET /q-~264WudsB7sTX4pbN2ynvr0YHPSCQNLYwy8284/ HTTP/1.1" 404 1251 "-" "Mozilla/5.0 (Linux; Android 6.0.1; Nexus 5X Build/MMB29P) AppleWebKit/537.36 (KHTML, like Gecko) Chrome/138.0.7204.183 Mobile Safari/537.36 (compatible; Googlebot/2.1; +http://www.google.com/bot.html)"
193.142.147.5 - - [02/Sep/2025:13:47:50 -0400] "GET /wp-includes//wp-includes/class-wp-scripts.php HTTP/1.1" 404 1251 "-" "Mozlila/5.0 (Linux; Android 7.0; SM-G892A Bulid/NRD90M; wv) AppleWebKit/537.36 (KHTML, like Gecko) Version/4.0 Chrome/60.0.3112.107 Moblie Safari/537.36"
193.142.147.5 - - [02/Sep/2025:13:47:53 -0400] "GET /wp-includes//wp-includes/class-wp-session-tokens.php HTTP/1.1" 404 1251 "-" "Mozlila/5.0 (Linux; Android 7.0; SM-G892A Bulid/NRD90M; wv) AppleWebKit/537.36 (KHTML, like Gecko) Version/4.0 Chrome/60.0.3112.107 Moblie Safari/537.36"
193.142.147.5 - - [02/Sep/2025:13:47:59 -0400] "GET /wp-includes//wp-includes/class-wp-simplepie-sanitize-kses.php HTTP/1.1" 404 1251 "-" "Mozlila/5.0 (Linux; Android 7.0; SM-G892A Bulid/NRD90M; wv) AppleWebKit/537.36 (KHTML, like Gecko) Version/4.0 Chrome/60.0.3112.107 Moblie Safari/537.36"
193.142.147.5 - - [02/Sep/2025:13:48:06 -0400] "GET /wp-includes//wp-includes/class-wp-site.php HTTP/1.1" 404 1251 "-" "Mozlila/5.0 (Linux; Android 7.0; SM-G892A Bulid/NRD90M; wv) AppleWebKit/537.36 (KHTML, like Gecko) Version/4.0 Chrome/60.0.3112.107 Moblie Safari/537.36"
193.142.147.5 - - [02/Sep/2025:13:48:14 -0400] "GET /wp-includes//wp-includes/class-wp-styles.php HTTP/1.1" 404 1251 "-" "Mozlila/5.0 (Linux; Android 7.0; SM-G892A Bulid/NRD90M; wv) AppleWebKit/537.36 (KHTML, like Gecko) Version/4.0 Chrome/60.0.3112.107 Moblie Safari/537.36"
40.77.167.55 - - [02/Sep/2025:13:48:17 -0400] "GET /shakos/scibile419823667 HTTP/1.1" 404 1251 "-" "Mozilla/5.0 AppleWebKit/537.36 (KHTML, like Gecko; compatible; bingbot/2.0; +http://www.bing.com/bingbot.htm) Chrome/116.0.1938.76 Safari/537.36"
193.142.147.5 - - [02/Sep/2025:13:47:56 -0400] "GET /wp-includes//wp-includes/class-wp-simplepie-file.php HTTP/1.1" 404 1251 "-" "Mozlila/5.0 (Linux; Android 7.0; SM-G892A Bulid/NRD90M; wv) AppleWebKit/537.36 (KHTML, like Gecko) Version/4.0 Chrome/60.0.3112.107 Moblie Safari/537.36"
193.142.147.5 - - [02/Sep/2025:13:48:03 -0400] "GET /wp-includes//wp-includes/class-wp-site-query.php HTTP/1.1" 404 1251 "-" "Mozlila/5.0 (Linux; Android 7.0; SM-G892A Bulid/NRD90M; wv) AppleWebKit/537.36 (KHTML, like Gecko) Version/4.0 Chrome/60.0.3112.107 Moblie Safari/537.36"
40.77.167.30 - - [02/Sep/2025:13:48:03 -0400] "GET /equanimity/pietje/a421139631 HTTP/1.1" 404 1251 "-" "Mozilla/5.0 AppleWebKit/537.36 (KHTML, like Gecko; compatible; bingbot/2.0; +http://www.bing.com/bingbot.htm) Chrome/116.0.1938.76 Safari/537.36"
193.142.147.5 - - [02/Sep/2025:13:48:10 -0400] "GET /wp-includes//wp-includes/class-wp-speculation-rules.php HTTP/1.1" 404 1251 "-" "Mozlila/5.0 (Linux; Android 7.0; SM-G892A Bulid/NRD90M; wv) AppleWebKit/537.36 (KHTML, like Gecko) Version/4.0 Chrome/60.0.3112.107 Moblie Safari/537.36"
193.142.147.5 - - [02/Sep/2025:13:48:17 -0400] "GET /wp-includes//wp-includes/class-wp-tax-query.php HTTP/1.1" 404 1251 "-" "Mozlila/5.0 (Linux; Android 7.0; SM-G892A Bulid/NRD90M; wv) AppleWebKit/537.36 (KHTML, like Gecko) Version/4.0 Chrome/60.0.3112.107 Moblie Safari/537.36"
193.142.147.5 - - [02/Sep/2025:13:48:25 -0400] "GET /wp-includes//wp-includes/class-wp-term-query.php HTTP/1.1" 404 1251 "-" "Mozlila/5.0 (Linux; Android 7.0; SM-G892A Bulid/NRD90M; wv) AppleWebKit/537.36 (KHTML, like Gecko) Version/4.0 Chrome/60.0.3112.107 Moblie Safari/537.36"
193.142.147.5 - - [02/Sep/2025:13:48:28 -0400] "GET /wp-includes//wp-includes/class-wp-term.php HTTP/1.1" 404 1251 "-" "Mozlila/5.0 (Linux; Android 7.0; SM-G892A Bulid/NRD90M; wv) AppleWebKit/537.36 (KHTML, like Gecko) Version/4.0 Chrome/60.0.3112.107 Moblie Safari/537.36"
66.249.79.74 - - [02/Sep/2025:13:48:32 -0400] "GET /q-~290ZsEdwl0caVqEusdX2AQ4klSN8OCRyt8426/ HTTP/1.1" 404 1251 "-" "Mozilla/5.0 (Linux; Android 6.0.1; Nexus 5X Build/MMB29P) AppleWebKit/537.36 (KHTML, like Gecko) Chrome/138.0.7204.183 Mobile Safari/537.36 (compatible; Googlebot/2.1; +http://www.google.com/bot.html)"
40.77.167.55 - - [02/Sep/2025:13:48:37 -0400] "GET /nvg/togger/interpolate427736863 HTTP/1.1" 404 1251 "-" "Mozilla/5.0 AppleWebKit/537.36 (KHTML, like Gecko; compatible; bingbot/2.0; +http://www.bing.com/bingbot.htm) Chrome/116.0.1938.76 Safari/537.36"
40.77.167.55 - - [02/Sep/2025:13:48:37 -0400] "GET /peshito/duh368569087 HTTP/1.1" 404 1251 "-" "Mozilla/5.0 AppleWebKit/537.36 (KHTML, like Gecko; compatible; bingbot/2.0; +http://www.bing.com/bingbot.htm) Chrome/116.0.1938.76 Safari/537.36"
193.142.147.5 - - [02/Sep/2025:13:48:38 -0400] "GET /wp-includes//wp-includes/class-wp-textdomain-registry.php HTTP/1.1" 404 1251 "-" "Mozlila/5.0 (Linux; Android 7.0; SM-G892A Bulid/NRD90M; wv) AppleWebKit/537.36 (KHTML, like Gecko) Version/4.0 Chrome/60.0.3112.107 Moblie Safari/537.36"
193.142.147.5 - - [02/Sep/2025:13:48:49 -0400] "GET /wp-includes//wp-includes/class-wp-theme-json-schema.php HTTP/1.1" 404 1251 "-" "Mozlila/5.0 (Linux; Android 7.0; SM-G892A Bulid/NRD90M; wv) AppleWebKit/537.36 (KHTML, like Gecko) Version/4.0 Chrome/60.0.3112.107 Moblie Safari/537.36"
193.142.147.5 - - [02/Sep/2025:13:48:52 -0400] "GET /wp-includes//wp-includes/class-wp-theme-json.php HTTP/1.1" 404 1251 "-" "Mozlila/5.0 (Linux; Android 7.0; SM-G892A Bulid/NRD90M; wv) AppleWebKit/537.36 (KHTML, like Gecko) Version/4.0 Chrome/60.0.3112.107 Moblie Safari/537.36"
193.142.147.5 - - [02/Sep/2025:13:48:56 -0400] "GET /wp-includes//wp-includes/class-wp-theme.php HTTP/1.1" 404 1251 "-" "Mozlila/5.0 (Linux; Android 7.0; SM-G892A Bulid/NRD90M; wv) AppleWebKit/537.36 (KHTML, like Gecko) Version/4.0 Chrome/60.0.3112.107 Moblie Safari/537.36"
193.142.147.5 - - [02/Sep/2025:13:48:21 -0400] "GET /wp-includes//wp-includes/class-wp-taxonomy.php HTTP/1.1" 404 1251 "-" "Mozlila/5.0 (Linux; Android 7.0; SM-G892A Bulid/NRD90M; wv) AppleWebKit/537.36 (KHTML, like Gecko) Version/4.0 Chrome/60.0.3112.107 Moblie Safari/537.36"
193.142.147.5 - - [02/Sep/2025:13:48:31 -0400] "GET /wp-includes//wp-includes/class-wp-text-diff-renderer-inline.php HTTP/1.1" 404 1251 "-" "Mozlila/5.0 (Linux; Android 7.0; SM-G892A Bulid/NRD90M; wv) AppleWebKit/537.36 (KHTML, like Gecko) Version/4.0 Chrome/60.0.3112.107 Moblie Safari/537.36"
52.167.144.207 - - [02/Sep/2025:13:48:32 -0400] "GET /depolariser/503421583 HTTP/1.1" 404 1251 "-" "Mozilla/5.0 AppleWebKit/537.36 (KHTML, like Gecko; compatible; bingbot/2.0; +http://www.bing.com/bingbot.htm) Chrome/116.0.1938.76 Safari/537.36"
193.142.147.5 - - [02/Sep/2025:13:48:35 -0400] "GET /wp-includes//wp-includes/class-wp-text-diff-renderer-table.php HTTP/1.1" 404 1251 "-" "Mozlila/5.0 (Linux; Android 7.0; SM-G892A Bulid/NRD90M; wv) AppleWebKit/537.36 (KHTML, like Gecko) Version/4.0 Chrome/60.0.3112.107 Moblie Safari/537.36"
193.142.147.5 - - [02/Sep/2025:13:48:41 -0400] "GET /wp-includes//wp-includes/class-wp-theme-json-data.php HTTP/1.1" 404 1251 "-" "Mozlila/5.0 (Linux; Android 7.0; SM-G892A Bulid/NRD90M; wv) AppleWebKit/537.36 (KHTML, like Gecko) Version/4.0 Chrome/60.0.3112.107 Moblie Safari/537.36"
193.142.147.5 - - [02/Sep/2025:13:48:45 -0400] "GET /wp-includes//wp-includes/class-wp-theme-json-resolver.php HTTP/1.1" 404 1251 "-" "Mozlila/5.0 (Linux; Android 7.0; SM-G892A Bulid/NRD90M; wv) AppleWebKit/537.36 (KHTML, like Gecko) Version/4.0 Chrome/60.0.3112.107 Moblie Safari/537.36"
193.142.147.5 - - [02/Sep/2025:13:48:59 -0400] "GET /wp-includes//wp-includes/class-wp-token-map.php HTTP/1.1" 404 1251 "-" "Mozlila/5.0 (Linux; Android 7.0; SM-G892A Bulid/NRD90M; wv) AppleWebKit/537.36 (KHTML, like Gecko) Version/4.0 Chrome/60.0.3112.107 Moblie Safari/537.36"
193.142.147.5 - - [02/Sep/2025:13:49:05 -0400] "GET /wp-includes//wp-includes/class-wp-user-meta-session-tokens.php HTTP/1.1" 404 1251 "-" "Mozlila/5.0 (Linux; Android 7.0; SM-G892A Bulid/NRD90M; wv) AppleWebKit/537.36 (KHTML, like Gecko) Version/4.0 Chrome/60.0.3112.107 Moblie Safari/537.36"
193.142.147.5 - - [02/Sep/2025:13:49:08 -0400] "GET /wp-includes//wp-includes/class-wp-user-query.php HTTP/1.1" 404 1251 "-" "Mozlila/5.0 (Linux; Android 7.0; SM-G892A Bulid/NRD90M; wv) AppleWebKit/537.36 (KHTML, like Gecko) Version/4.0 Chrome/60.0.3112.107 Moblie Safari/537.36"
66.249.79.73 - - [02/Sep/2025:13:49:16 -0400] "GET /m008017111?srsltid=AfmBOoYfaecmLNex98Zu1T_t5Zbr1Uawd_ZgmupjW6-J-XQ6CMZk72 HTTP/1.1" 404 1251 "-" "Mozilla/5.0 (Linux; Android 6.0.1; Nexus 5X Build/MMB29P) AppleWebKit/537.36 (KHTML, like Gecko) Chrome/138.0.7204.183 Mobile Safari/537.36 (compatible; Googlebot/2.1; +http://www.google.com/bot.html)"
193.142.147.5 - - [02/Sep/2025:13:49:19 -0400] "GET /wp-includes//wp-includes/class-wp-walker.php HTTP/1.1" 404 1251 "-" "Mozlila/5.0 (Linux; Android 7.0; SM-G892A Bulid/NRD90M; wv) AppleWebKit/537.36 (KHTML, like Gecko) Version/4.0 Chrome/60.0.3112.107 Moblie Safari/537.36"
193.142.147.5 - - [02/Sep/2025:13:49:23 -0400] "GET /wp-includes//wp-includes/class-wp-widget-factory.php HTTP/1.1" 404 1251 "-" "Mozlila/5.0 (Linux; Android 7.0; SM-G892A Bulid/NRD90M; wv) AppleWebKit/537.36 (KHTML, like Gecko) Version/4.0 Chrome/60.0.3112.107 Moblie Safari/537.36"
193.142.147.5 - - [02/Sep/2025:13:49:29 -0400] "GET /wp-includes//wp-includes/class-wp-xmlrpc-server.php HTTP/1.1" 404 1251 "-" "Mozlila/5.0 (Linux; Android 7.0; SM-G892A Bulid/NRD90M; wv) AppleWebKit/537.36 (KHTML, like Gecko) Version/4.0 Chrome/60.0.3112.107 Moblie Safari/537.36"
193.142.147.5 - - [02/Sep/2025:13:49:32 -0400] "GET /wp-includes//wp-includes/class-wp.php HTTP/1.1" 404 1251 "-" "Mozlila/5.0 (Linux; Android 7.0; SM-G892A Bulid/NRD90M; wv) AppleWebKit/537.36 (KHTML, like Gecko) Version/4.0 Chrome/60.0.3112.107 Moblie Safari/537.36"
193.142.147.5 - - [02/Sep/2025:13:49:02 -0400] "GET /wp-includes//wp-includes/class-wp-url-pattern-prefixer.php HTTP/1.1" 404 1251 "-" "Mozlila/5.0 (Linux; Android 7.0; SM-G892A Bulid/NRD90M; wv) AppleWebKit/537.36 (KHTML, like Gecko) Version/4.0 Chrome/60.0.3112.107 Moblie Safari/537.36"
193.142.147.5 - - [02/Sep/2025:13:49:11 -0400] "GET /wp-includes//wp-includes/class-wp-user-request.php HTTP/1.1" 404 1251 "-" "Mozlila/5.0 (Linux; Android 7.0; SM-G892A Bulid/NRD90M; wv) AppleWebKit/537.36 (KHTML, like Gecko) Version/4.0 Chrome/60.0.3112.107 Moblie Safari/537.36"
193.142.147.5 - - [02/Sep/2025:13:49:15 -0400] "GET /wp-includes//wp-includes/class-wp-user.php HTTP/1.1" 404 1251 "-" "Mozlila/5.0 (Linux; Android 7.0; SM-G892A Bulid/NRD90M; wv) AppleWebKit/537.36 (KHTML, like Gecko) Version/4.0 Chrome/60.0.3112.107 Moblie Safari/537.36"
193.142.147.5 - - [02/Sep/2025:13:49:26 -0400] "GET /wp-includes//wp-includes/class-wp-widget.php HTTP/1.1" 404 1251 "-" "Mozlila/5.0 (Linux; Android 7.0; SM-G892A Bulid/NRD90M; wv) AppleWebKit/537.36 (KHTML, like Gecko) Version/4.0 Chrome/60.0.3112.107 Moblie Safari/537.36"
193.142.147.5 - - [02/Sep/2025:13:49:35 -0400] "GET /wp-includes//wp-includes/class-wpdb.php HTTP/1.1" 404 1251 "-" "Mozlila/5.0 (Linux; Android 7.0; SM-G892A Bulid/NRD90M; wv) AppleWebKit/537.36 (KHTML, like Gecko) Version/4.0 Chrome/60.0.3112.107 Moblie Safari/537.36"
193.142.147.5 - - [02/Sep/2025:13:49:42 -0400] "GET /wp-includes//wp-includes/class.wp-scripts.php HTTP/1.1" 404 1251 "-" "Mozlila/5.0 (Linux; Android 7.0; SM-G892A Bulid/NRD90M; wv) AppleWebKit/537.36 (KHTML, like Gecko) Version/4.0 Chrome/60.0.3112.107 Moblie Safari/537.36"
193.142.147.5 - - [02/Sep/2025:13:49:49 -0400] "GET /wp-includes//wp-includes/comment-template.php HTTP/1.1" 404 1251 "-" "Mozlila/5.0 (Linux; Android 7.0; SM-G892A Bulid/NRD90M; wv) AppleWebKit/537.36 (KHTML, like Gecko) Version/4.0 Chrome/60.0.3112.107 Moblie Safari/537.36"
193.142.147.5 - - [02/Sep/2025:13:49:52 -0400] "GET /wp-includes//wp-includes/comment.php HTTP/1.1" 404 1251 "-" "Mozlila/5.0 (Linux; Android 7.0; SM-G892A Bulid/NRD90M; wv) AppleWebKit/537.36 (KHTML, like Gecko) Version/4.0 Chrome/60.0.3112.107 Moblie Safari/537.36"
193.142.147.5 - - [02/Sep/2025:13:49:56 -0400] "GET /wp-includes//wp-includes/compat.php HTTP/1.1" 404 1251 "-" "Mozlila/5.0 (Linux; Android 7.0; SM-G892A Bulid/NRD90M; wv) AppleWebKit/537.36 (KHTML, like Gecko) Version/4.0 Chrome/60.0.3112.107 Moblie Safari/537.36"
66.249.79.73 - - [02/Sep/2025:13:49:59 -0400] "GET /q-~277ObBTa1EJPimyg9GCbCnPJzlxLTBPQE42895/ HTTP/1.1" 404 1251 "-" "Mozilla/5.0 (Linux; Android 6.0.1; Nexus 5X Build/MMB29P) AppleWebKit/537.36 (KHTML, like Gecko) Chrome/138.0.7204.183 Mobile Safari/537.36 (compatible; Googlebot/2.1; +http://www.google.com/bot.html)"
193.142.147.5 - - [02/Sep/2025:13:49:59 -0400] "GET /wp-includes//wp-includes/cron.php HTTP/1.1" 404 1251 "-" "Mozlila/5.0 (Linux; Android 7.0; SM-G892A Bulid/NRD90M; wv) AppleWebKit/537.36 (KHTML, like Gecko) Version/4.0 Chrome/60.0.3112.107 Moblie Safari/537.36"
193.142.147.5 - - [02/Sep/2025:13:50:02 -0400] "GET /wp-includes//wp-includes/date.php HTTP/1.1" 404 1251 "-" "Mozlila/5.0 (Linux; Android 7.0; SM-G892A Bulid/NRD90M; wv) AppleWebKit/537.36 (KHTML, like Gecko) Version/4.0 Chrome/60.0.3112.107 Moblie Safari/537.36"
193.142.147.5 - - [02/Sep/2025:13:50:08 -0400] "GET /wp-includes//wp-includes/default-filters.php HTTP/1.1" 404 1251 "-" "Mozlila/5.0 (Linux; Android 7.0; SM-G892A Bulid/NRD90M; wv) AppleWebKit/537.36 (KHTML, like Gecko) Version/4.0 Chrome/60.0.3112.107 Moblie Safari/537.36"
193.142.147.5 - - [02/Sep/2025:13:50:12 -0400] "GET /wp-includes//wp-includes/default-widgets.php HTTP/1.1" 404 1251 "-" "Mozlila/5.0 (Linux; Android 7.0; SM-G892A Bulid/NRD90M; wv) AppleWebKit/537.36 (KHTML, like Gecko) Version/4.0 Chrome/60.0.3112.107 Moblie Safari/537.36"
193.142.147.5 - - [02/Sep/2025:13:49:39 -0400] "GET /wp-includes//wp-includes/class.wp-dependencies.php HTTP/1.1" 404 1251 "-" "Mozlila/5.0 (Linux; Android 7.0; SM-G892A Bulid/NRD90M; wv) AppleWebKit/537.36 (KHTML, like Gecko) Version/4.0 Chrome/60.0.3112.107 Moblie Safari/537.36"
193.142.147.5 - - [02/Sep/2025:13:49:45 -0400] "GET /wp-includes//wp-includes/class.wp-styles.php HTTP/1.1" 404 1251 "-" "Mozlila/5.0 (Linux; Android 7.0; SM-G892A Bulid/NRD90M; wv) AppleWebKit/537.36 (KHTML, like Gecko) Version/4.0 Chrome/60.0.3112.107 Moblie Safari/537.36"
66.249.79.73 - - [02/Sep/2025:13:49:59 -0400] "GET /al/355898272 HTTP/1.1" 404 1251 "-" "Mozilla/5.0 (Linux; Android 6.0.1; Nexus 5X Build/MMB29P) AppleWebKit/537.36 (KHTML, like Gecko) Chrome/138.0.7204.183 Mobile Safari/537.36 (compatible; Googlebot/2.1; +http://www.google.com/bot.html)"
193.142.147.5 - - [02/Sep/2025:13:50:05 -0400] "GET /wp-includes//wp-includes/default-constants.php HTTP/1.1" 404 1251 "-" "Mozlila/5.0 (Linux; Android 7.0; SM-G892A Bulid/NRD90M; wv) AppleWebKit/537.36 (KHTML, like Gecko) Version/4.0 Chrome/60.0.3112.107 Moblie Safari/537.36"
193.142.147.5 - - [02/Sep/2025:13:50:18 -0400] "GET /wp-includes//wp-includes/embed-template.php HTTP/1.1" 404 1251 "-" "Mozlila/5.0 (Linux; Android 7.0; SM-G892A Bulid/NRD90M; wv) AppleWebKit/537.36 (KHTML, like Gecko) Version/4.0 Chrome/60.0.3112.107 Moblie Safari/537.36"
193.142.147.5 - - [02/Sep/2025:13:50:40 -0400] "GET /wp-includes//wp-includes/feed-rss.php HTTP/1.1" 404 1251 "-" "Mozlila/5.0 (Linux; Android 7.0; SM-G892A Bulid/NRD90M; wv) AppleWebKit/537.36 (KHTML, like Gecko) Version/4.0 Chrome/60.0.3112.107 Moblie Safari/537.36"
193.142.147.5 - - [02/Sep/2025:13:50:43 -0400] "GET /wp-includes//wp-includes/feed-rss2-comments.php HTTP/1.1" 404 1251 "-" "Mozlila/5.0 (Linux; Android 7.0; SM-G892A Bulid/NRD90M; wv) AppleWebKit/537.36 (KHTML, like Gecko) Version/4.0 Chrome/60.0.3112.107 Moblie Safari/537.36"
193.142.147.5 - - [02/Sep/2025:13:50:57 -0400] "GET /wp-includes//wp-includes/fonts.php HTTP/1.1" 404 1251 "-" "Mozlila/5.0 (Linux; Android 7.0; SM-G892A Bulid/NRD90M; wv) AppleWebKit/537.36 (KHTML, like Gecko) Version/4.0 Chrome/60.0.3112.107 Moblie Safari/537.36"
193.142.147.5 - - [02/Sep/2025:13:51:04 -0400] "GET /wp-includes//wp-includes/functions.php HTTP/1.1" 404 1251 "-" "Mozlila/5.0 (Linux; Android 7.0; SM-G892A Bulid/NRD90M; wv) AppleWebKit/537.36 (KHTML, like Gecko) Version/4.0 Chrome/60.0.3112.107 Moblie Safari/537.36"
193.142.147.5 - - [02/Sep/2025:13:51:07 -0400] "GET /wp-includes//wp-includes/functions.wp-scripts.php HTTP/1.1" 404 1251 "-" "Mozlila/5.0 (Linux; Android 7.0; SM-G892A Bulid/NRD90M; wv) AppleWebKit/537.36 (KHTML, like Gecko) Version/4.0 Chrome/60.0.3112.107 Moblie Safari/537.36"
