2001:41d0:303:34e2::1 - - [02/Sep/2025:21:03:55 -0400] "GET /107b04/?path=/etc&edit=rpc HTTP/1.1" 200 2509 "-" "Mozilla/5.0 (compatible; MJ12bot/v1.4.8; http://mj12bot.com/)"
2001:41d0:303:34e2::1 - - [02/Sep/2025:21:03:57 -0400] "GET /107b04/?path=/etc&edit=screenrc HTTP/1.1" 200 4687 "-" "Mozilla/5.0 (compatible; MJ12bot/v1.4.8; http://mj12bot.com/)"
66.249.73.65 - - [02/Sep/2025:21:03:57 -0400] "GET /multiracial363875155 HTTP/1.1" 404 1251 "-" "Mozilla/5.0 (Linux; Android 6.0.1; Nexus 5X Build/MMB29P) AppleWebKit/537.36 (KHTML, like Gecko) Chrome/138.0.7204.183 Mobile Safari/537.36 (compatible; Googlebot/2.1; +http://www.google.com/bot.html)"
66.249.73.65 - - [02/Sep/2025:21:03:57 -0400] "GET /goq/uq/klutziness/345102463 HTTP/1.1" 404 1251 "-" "Mozilla/5.0 (Linux; Android 6.0.1; Nexus 5X Build/MMB29P) AppleWebKit/537.36 (KHTML, like Gecko) Chrome/138.0.7204.183 Mobile Safari/537.36 (compatible; Googlebot/2.1; +http://www.google.com/bot.html)"
2001:41d0:303:34e2::1 - - [02/Sep/2025:21:03:58 -0400] "GET /107b04/?path=/etc/gcrypt HTTP/1.1" 403 1242 "-" "Mozilla/5.0 (compatible; MJ12bot/v1.4.8; http://mj12bot.com/)"
2001:41d0:303:34e2::1 - - [02/Sep/2025:21:04:03 -0400] "GET /admin.php?path=/home/suregimv/public_html/wp-includes/css&edit=wp-auth-check.css HTTP/1.1" 200 2072 "-" "Mozilla/5.0 (compatible; MJ12bot/v1.4.8; http://mj12bot.com/)"
2001:41d0:303:34e2::1 - - [02/Sep/2025:21:04:13 -0400] "GET /admin.php?path=/home/suregimv/public_html/wp-includes/customize&edit=class-wp-sidebar-block-editor-control.php HTTP/1.1" 200 1695 "-" "Mozilla/5.0 (compatible; MJ12bot/v1.4.8; http://mj12bot.com/)"
2001:41d0:303:34e2::1 - - [02/Sep/2025:21:04:14 -0400] "GET /admin.php?path=/home/suregimv/public_html/wp-includes/customize&edit=class-wp-widget-area-customize-control.php HTTP/1.1" 200 2124 "-" "Mozilla/5.0 (compatible; MJ12bot/v1.4.8; http://mj12bot.com/)"
2001:41d0:303:34e2::1 - - [02/Sep/2025:21:04:21 -0400] "GET /admin.php?path=/home/suregimv/public_html/wp-includes/fonts&edit=dashicons.woff2 HTTP/1.1" 200 914 "-" "Mozilla/5.0 (compatible; MJ12bot/v1.4.8; http://mj12bot.com/)"
2001:41d0:303:34e2::1 - - [02/Sep/2025:21:04:24 -0400] "GET /admin.php?path=/home/suregimv/public_html/wp-includes/html-api&edit=class-wp-html-active-formatting-elements.php HTTP/1.1" 200 3203 "-" "Mozilla/5.0 (compatible; MJ12bot/v1.4.8; http://mj12bot.com/)"
2001:41d0:303:34e2::1 - - [02/Sep/2025:21:04:26 -0400] "GET /admin.php?path=/home/suregimv/public_html/wp-includes/html-api&edit=class-wp-html-attribute-token.php HTTP/1.1" 200 1937 "-" "Mozilla/5.0 (compatible; MJ12bot/v1.4.8; http://mj12bot.com/)"
40.77.167.47 - - [02/Sep/2025:21:04:27 -0400] "GET /gambiae/borosilicic445272247 HTTP/1.1" 404 1251 "-" "Mozilla/5.0 AppleWebKit/537.36 (KHTML, like Gecko; compatible; bingbot/2.0; +http://www.bing.com/bingbot.htm) Chrome/116.0.1938.76 Safari/537.36"
2001:41d0:303:34e2::1 - - [02/Sep/2025:21:04:28 -0400] "GET /admin.php?path=/home/suregimv/public_html/wp-includes/html-api&edit=class-wp-html-decoder.php HTTP/1.1" 200 6242 "-" "Mozilla/5.0 (compatible; MJ12bot/v1.4.8; http://mj12bot.com/)"
2001:41d0:303:34e2::1 - - [02/Sep/2025:21:04:31 -0400] "GET /admin.php?path=/home/suregimv/public_html/wp-includes/html-api&edit=class-wp-html-processor.php HTTP/1.1" 200 43234 "-" "Mozilla/5.0 (compatible; MJ12bot/v1.4.8; http://mj12bot.com/)"
66.249.73.66 - - [02/Sep/2025:21:03:02 -0400] "GET /sigmoidoscopy431989747 HTTP/1.1" 404 1251 "-" "Mozilla/5.0 (Linux; Android 6.0.1; Nexus 5X Build/MMB29P) AppleWebKit/537.36 (KHTML, like Gecko) Chrome/138.0.7204.183 Mobile Safari/537.36 (compatible; Googlebot/2.1; +http://www.google.com/bot.html)"
2001:41d0:303:34e2::1 - - [02/Sep/2025:21:03:50 -0400] "GET /107b04/?path=/etc&edit=hosts HTTP/1.1" 200 1755 "-" "Mozilla/5.0 (compatible; MJ12bot/v1.4.8; http://mj12bot.com/)"
2001:41d0:303:34e2::1 - - [02/Sep/2025:21:03:51 -0400] "GET /107b04/?path=/etc&edit=mail.rc HTTP/1.1" 200 2670 "-" "Mozilla/5.0 (compatible; MJ12bot/v1.4.8; http://mj12bot.com/)"
2001:41d0:303:34e2::1 - - [02/Sep/2025:21:03:53 -0400] "GET /107b04/?path=/etc&edit=relayhosts HTTP/1.1" 200 3353 "-" "Mozilla/5.0 (compatible; MJ12bot/v1.4.8; http://mj12bot.com/)"
40.77.167.47 - - [02/Sep/2025:21:03:55 -0400] "GET /acetothienone/460748878 HTTP/1.1" 404 1251 "-" "Mozilla/5.0 AppleWebKit/537.36 (KHTML, like Gecko; compatible; bingbot/2.0; +http://www.bing.com/bingbot.htm) Chrome/116.0.1938.76 Safari/537.36"
2001:41d0:303:34e2::1 - - [02/Sep/2025:21:04:00 -0400] "GET /107b04/?path=/etc/imunify360 HTTP/1.1" 403 1242 "-" "Mozilla/5.0 (compatible; MJ12bot/v1.4.8; http://mj12bot.com/)"
2001:41d0:303:34e2::1 - - [02/Sep/2025:21:04:01 -0400] "GET /admin.php?path=/home/suregimv/public_html/wp-includes/ID3&edit=getid3.lib.php HTTP/1.1" 200 14283 "-" "Mozilla/5.0 (compatible; MJ12bot/v1.4.8; http://mj12bot.com/)"
2001:41d0:303:34e2::1 - - [02/Sep/2025:21:04:05 -0400] "GET /admin.php?path=/home/suregimv/public_html/wp-includes/customize&edit=class-wp-customize-nav-menu-control.php HTTP/1.1" 200 2316 "-" "Mozilla/5.0 (compatible; MJ12bot/v1.4.8; http://mj12bot.com/)"
2001:41d0:303:34e2::1 - - [02/Sep/2025:21:04:07 -0400] "GET /admin.php?path=/home/suregimv/public_html/wp-includes/customize&edit=class-wp-customize-themes-panel.php HTTP/1.1" 200 2640 "-" "Mozilla/5.0 (compatible; MJ12bot/v1.4.8; http://mj12bot.com/)"
2001:41d0:303:34e2::1 - - [02/Sep/2025:21:04:09 -0400] "GET /admin.php?path=/home/suregimv/public_html/wp-includes/customize&edit=class-wp-customize-themes-section.php HTTP/1.1" 200 3545 "-" "Mozilla/5.0 (compatible; MJ12bot/v1.4.8; http://mj12bot.com/)"
2001:41d0:303:34e2::1 - - [02/Sep/2025:21:04:11 -0400] "GET /admin.php?path=/home/suregimv/public_html/wp-includes/customize&edit=class-wp-customize-upload-control.php HTTP/1.1" 200 1828 "-" "Mozilla/5.0 (compatible; MJ12bot/v1.4.8; http://mj12bot.com/)"
2001:41d0:303:34e2::1 - - [02/Sep/2025:21:04:17 -0400] "GET /admin.php?path=/home/suregimv/public_html/wp-includes/fonts&edit=dashicons.ttf HTTP/1.1" 200 913 "-" "Mozilla/5.0 (compatible; MJ12bot/v1.4.8; http://mj12bot.com/)"
2001:41d0:303:34e2::1 - - [02/Sep/2025:21:04:19 -0400] "GET /admin.php?path=/home/suregimv/public_html/wp-includes/fonts&edit=dashicons.woff HTTP/1.1" 200 915 "-" "Mozilla/5.0 (compatible; MJ12bot/v1.4.8; http://mj12bot.com/)"
2001:41d0:303:34e2::1 - - [02/Sep/2025:21:04:23 -0400] "GET /admin.php?path=/home/suregimv/public_html/wp-includes/fonts/.. HTTP/1.1" 200 4766 "-" "Mozilla/5.0 (compatible; MJ12bot/v1.4.8; http://mj12bot.com/)"
2001:41d0:303:34e2::1 - - [02/Sep/2025:21:04:29 -0400] "GET /admin.php?path=/home/suregimv/public_html/wp-includes/html-api&edit=class-wp-html-doctype-info.php HTTP/1.1" 200 6675 "-" "Mozilla/5.0 (compatible; MJ12bot/v1.4.8; http://mj12bot.com/)"
2001:41d0:303:34e2::1 - - [02/Sep/2025:21:04:37 -0400] "GET /admin.php?path=/home/suregimv/public_html/wp-includes/html-api&edit=html5-named-character-references.php HTTP/1.1" 200 29411 "-" "Mozilla/5.0 (compatible; MJ12bot/v1.4.8; http://mj12bot.com/)"
2001:41d0:303:34e2::1 - - [02/Sep/2025:21:04:41 -0400] "GET /admin.php?path=/home/suregimv/public_html/wp-includes/images&edit=admin-bar-sprite-2x.png HTTP/1.1" 200 1155 "-" "Mozilla/5.0 (compatible; MJ12bot/v1.4.8; http://mj12bot.com/)"
2001:41d0:303:34e2::1 - - [02/Sep/2025:21:04:33 -0400] "GET /admin.php?path=/home/suregimv/public_html/wp-includes/html-api&edit=class-wp-html-token.php HTTP/1.1" 200 2279 "-" "Mozilla/5.0 (compatible; MJ12bot/v1.4.8; http://mj12bot.com/)"
2001:41d0:303:34e2::1 - - [02/Sep/2025:21:04:35 -0400] "GET /admin.php?path=/home/suregimv/public_html/wp-includes/html-api&edit=class-wp-html-unsupported-exception.php HTTP/1.1" 200 2135 "-" "Mozilla/5.0 (compatible; MJ12bot/v1.4.8; http://mj12bot.com/)"
2001:41d0:303:34e2::1 - - [02/Sep/2025:21:04:38 -0400] "GET /admin.php?path=/home/suregimv/public_html/wp-includes/html-api/.. HTTP/1.1" 200 4766 "-" "Mozilla/5.0 (compatible; MJ12bot/v1.4.8; http://mj12bot.com/)"
2001:41d0:303:34e2::1 - - [02/Sep/2025:21:04:43 -0400] "GET /admin.php?path=/home/suregimv/public_html/wp-includes/images&edit=arrow-pointer-blue-2x.png HTTP/1.1" 200 1156 "-" "Mozilla/5.0 (compatible; MJ12bot/v1.4.8; http://mj12bot.com/)"
2001:41d0:303:34e2::1 - - [02/Sep/2025:21:04:45 -0400] "GET /admin.php?path=/home/suregimv/public_html/wp-includes/images&edit=arrow-pointer-blue.png HTTP/1.1" 200 1154 "-" "Mozilla/5.0 (compatible; MJ12bot/v1.4.8; http://mj12bot.com/)"
2001:41d0:303:34e2::1 - - [02/Sep/2025:21:04:47 -0400] "GET /admin.php?path=/home/suregimv/public_html/wp-includes/images&edit=blank.gif HTTP/1.1" 200 1153 "-" "Mozilla/5.0 (compatible; MJ12bot/v1.4.8; http://mj12bot.com/)"
2001:41d0:303:34e2::1 - - [02/Sep/2025:21:04:49 -0400] "GET /admin.php?path=/home/suregimv/public_html/wp-includes/images&edit=down_arrow-2x.gif HTTP/1.1" 200 1151 "-" "Mozilla/5.0 (compatible; MJ12bot/v1.4.8; http://mj12bot.com/)"
2001:41d0:303:34e2::1 - - [02/Sep/2025:21:04:53 -0400] "GET /admin.php?path=/home/suregimv/public_html/wp-includes/images&edit=icon-pointer-flag.png HTTP/1.1" 200 1153 "-" "Mozilla/5.0 (compatible; MJ12bot/v1.4.8; http://mj12bot.com/)"
2001:41d0:303:34e2::1 - - [02/Sep/2025:21:04:56 -0400] "GET /admin.php?path=/home/suregimv/public_html/wp-includes/images&edit=rss-2x.png HTTP/1.1" 200 1155 "-" "Mozilla/5.0 (compatible; MJ12bot/v1.4.8; http://mj12bot.com/)"
2001:41d0:303:34e2::1 - - [02/Sep/2025:21:04:58 -0400] "GET /admin.php?path=/home/suregimv/public_html/wp-includes/images&edit=wpspin-2x.gif HTTP/1.1" 200 1151 "-" "Mozilla/5.0 (compatible; MJ12bot/v1.4.8; http://mj12bot.com/)"
2001:41d0:303:34e2::1 - - [02/Sep/2025:21:05:00 -0400] "GET /admin.php?path=/home/suregimv/public_html/wp-includes/images&edit=wpspin.gif HTTP/1.1" 200 1152 "-" "Mozilla/5.0 (compatible; MJ12bot/v1.4.8; http://mj12bot.com/)"
2001:41d0:303:34e2::1 - - [02/Sep/2025:21:05:04 -0400] "GET /admin.php?path=/home/suregimv/public_html/wp-includes/images&edit=xit.gif HTTP/1.1" 200 1150 "-" "Mozilla/5.0 (compatible; MJ12bot/v1.4.8; http://mj12bot.com/)"
2001:41d0:303:34e2::1 - - [02/Sep/2025:21:05:07 -0400] "GET /admin.php?path=/home/suregimv/public_html/wp-includes/images/crystal HTTP/1.1" 200 856 "-" "Mozilla/5.0 (compatible; MJ12bot/v1.4.8; http://mj12bot.com/)"
2001:41d0:303:34e2::1 - - [02/Sep/2025:21:05:11 -0400] "GET /admin.php?path=/home/suregimv/public_html/wp-includes/images/smilies HTTP/1.1" 200 1071 "-" "Mozilla/5.0 (compatible; MJ12bot/v1.4.8; http://mj12bot.com/)"
2001:41d0:303:34e2::1 - - [02/Sep/2025:21:05:12 -0400] "GET /admin.php?path=/home/suregimv/public_html/wp-includes/interactivity-api&edit=class-wp-interactivity-api-directives-processor.php HTTP/1.1" 200 3146 "-" "Mozilla/5.0 (compatible; MJ12bot/v1.4.8; http://mj12bot.com/)"
40.77.167.152 - - [02/Sep/2025:21:05:13 -0400] "GET /allessential/340845148 HTTP/1.1" 404 1251 "-" "Mozilla/5.0 AppleWebKit/537.36 (KHTML, like Gecko; compatible; bingbot/2.0; +http://www.bing.com/bingbot.htm) Chrome/116.0.1938.76 Safari/537.36"
2001:41d0:303:34e2::1 - - [02/Sep/2025:21:05:14 -0400] "GET /admin.php?path=/home/suregimv/public_html/wp-includes/interactivity-api&edit=class-wp-interactivity-api.php HTTP/1.1" 200 12003 "-" "Mozilla/5.0 (compatible; MJ12bot/v1.4.8; http://mj12bot.com/)"
2001:41d0:303:34e2::1 - - [02/Sep/2025:21:04:51 -0400] "GET /admin.php?path=/home/suregimv/public_html/wp-includes/images&edit=icon-pointer-flag-2x.png HTTP/1.1" 200 1157 "-" "Mozilla/5.0 (compatible; MJ12bot/v1.4.8; http://mj12bot.com/)"
2001:41d0:303:34e2::1 - - [02/Sep/2025:21:05:02 -0400] "GET /admin.php?path=/home/suregimv/public_html/wp-includes/images&edit=xit-2x.gif HTTP/1.1" 200 1152 "-" "Mozilla/5.0 (compatible; MJ12bot/v1.4.8; http://mj12bot.com/)"
2001:41d0:303:34e2::1 - - [02/Sep/2025:21:05:06 -0400] "GET /admin.php?path=/home/suregimv/public_html/wp-includes/images/.. HTTP/1.1" 200 4766 "-" "Mozilla/5.0 (compatible; MJ12bot/v1.4.8; http://mj12bot.com/)"
2001:41d0:303:34e2::1 - - [02/Sep/2025:21:05:09 -0400] "GET /admin.php?path=/home/suregimv/public_html/wp-includes/images/media HTTP/1.1" 200 920 "-" "Mozilla/5.0 (compatible; MJ12bot/v1.4.8; http://mj12bot.com/)"
2001:41d0:303:34e2::1 - - [02/Sep/2025:21:05:17 -0400] "GET /admin.php?path=/home/suregimv/public_html/wp-includes/interactivity-api/.. HTTP/1.1" 200 4817 "-" "Mozilla/5.0 (compatible; MJ12bot/v1.4.8; http://mj12bot.com/)"
2001:41d0:303:34e2::1 - - [02/Sep/2025:21:05:22 -0400] "GET /admin.php?path=/home/suregimv/public_html/wp-includes/l10n&edit=class-wp-translation-file-php.php HTTP/1.1" 200 1587 "-" "Mozilla/5.0 (compatible; MJ12bot/v1.4.8; http://mj12bot.com/)"
2001:41d0:303:34e2::1 - - [02/Sep/2025:21:05:32 -0400] "GET /admin.php?path=/home/suregimv/public_html/wp-includes/pomo&edit=plural-forms.php HTTP/1.1" 200 2957 "-" "Mozilla/5.0 (compatible; MJ12bot/v1.4.8; http://mj12bot.com/)"
2001:41d0:303:34e2::1 - - [02/Sep/2025:21:05:37 -0400] "GET /admin.php?path=/home/suregimv/public_html/wp-includes/pomo&edit=translations.php HTTP/1.1" 200 3820 "-" "Mozilla/5.0 (compatible; MJ12bot/v1.4.8; http://mj12bot.com/)"
2001:41d0:303:34e2::1 - - [02/Sep/2025:21:05:40 -0400] "GET /admin.php?path=/home/suregimv/public_html/wp-includes/rest-api&edit=class-wp-rest-request.php HTTP/1.1" 200 7568 "-" "Mozilla/5.0 (compatible; MJ12bot/v1.4.8; http://mj12bot.com/)"
2001:41d0:303:34e2::1 - - [02/Sep/2025:21:05:42 -0400] "GET /admin.php?path=/home/suregimv/public_html/wp-includes/rest-api&edit=class-wp-rest-response.php HTTP/1.1" 200 3169 "-" "Mozilla/5.0 (compatible; MJ12bot/v1.4.8; http://mj12bot.com/)"
2001:41d0:303:34e2::1 - - [02/Sep/2025:21:05:46 -0400] "GET /admin.php?path=/home/suregimv/public_html/wp-includes/rest-api/.. HTTP/1.1" 200 4817 "-" "Mozilla/5.0 (compatible; MJ12bot/v1.4.8; http://mj12bot.com/)"
66.249.73.66 - - [02/Sep/2025:21:05:46 -0400] "GET /numerators360873034 HTTP/1.1" 404 1251 "-" "Mozilla/5.0 (Linux; Android 6.0.1; Nexus 5X Build/MMB29P) AppleWebKit/537.36 (KHTML, like Gecko) Chrome/138.0.7204.183 Mobile Safari/537.36 (compatible; Googlebot/2.1; +http://www.google.com/bot.html)"
2001:41d0:303:34e2::1 - - [02/Sep/2025:21:05:47 -0400] "GET /admin.php?path=/home/suregimv/public_html/wp-includes/rest-api/endpoints HTTP/1.1" 200 1457 "-" "Mozilla/5.0 (compatible; MJ12bot/v1.4.8; http://mj12bot.com/)"
2001:41d0:303:34e2::1 - - [02/Sep/2025:21:05:49 -0400] "GET /admin.php?path=/home/suregimv/public_html/wp-includes/rest-api/fields HTTP/1.1" 200 792 "-" "Mozilla/5.0 (compatible; MJ12bot/v1.4.8; http://mj12bot.com/)"
2001:41d0:303:34e2::1 - - [02/Sep/2025:21:05:52 -0400] "GET /admin.php?path=/home/suregimv/public_html/wp-includes/sitemaps&edit=class-wp-sitemaps-index.php HTTP/1.1" 200 1639 "-" "Mozilla/5.0 (compatible; MJ12bot/v1.4.8; http://mj12bot.com/)"
2001:41d0:303:34e2::1 - - [02/Sep/2025:21:05:54 -0400] "GET /admin.php?path=/home/suregimv/public_html/wp-includes/sitemaps&edit=class-wp-sitemaps-provider.php HTTP/1.1" 200 2340 "-" "Mozilla/5.0 (compatible; MJ12bot/v1.4.8; http://mj12bot.com/)"
2001:41d0:303:34e2::1 - - [02/Sep/2025:21:05:56 -0400] "GET /admin.php?path=/home/suregimv/public_html/wp-includes/sitemaps&edit=class-wp-sitemaps-registry.php HTTP/1.1" 200 1437 "-" "Mozilla/5.0 (compatible; MJ12bot/v1.4.8; http://mj12bot.com/)"
2001:41d0:303:34e2::1 - - [02/Sep/2025:21:05:16 -0400] "GET /admin.php?path=/home/suregimv/public_html/wp-includes/interactivity-api&edit=interactivity-api.php HTTP/1.1" 200 2290 "-" "Mozilla/5.0 (compatible; MJ12bot/v1.4.8; http://mj12bot.com/)"
2001:41d0:303:34e2::1 - - [02/Sep/2025:21:05:19 -0400] "GET /admin.php?path=/home/suregimv/public_html/wp-includes/l10n&edit=class-wp-translation-controller.php HTTP/1.1" 200 3340 "-" "Mozilla/5.0 (compatible; MJ12bot/v1.4.8; http://mj12bot.com/)"
2001:41d0:303:34e2::1 - - [02/Sep/2025:21:05:21 -0400] "GET /admin.php?path=/home/suregimv/public_html/wp-includes/l10n&edit=class-wp-translation-file-mo.php HTTP/1.1" 200 2795 "-" "Mozilla/5.0 (compatible; MJ12bot/v1.4.8; http://mj12bot.com/)"
2001:41d0:303:34e2::1 - - [02/Sep/2025:21:05:24 -0400] "GET /admin.php?path=/home/suregimv/public_html/wp-includes/l10n&edit=class-wp-translation-file.php HTTP/1.1" 200 2543 "-" "Mozilla/5.0 (compatible; MJ12bot/v1.4.8; http://mj12bot.com/)"
2001:41d0:303:34e2::1 - - [02/Sep/2025:21:05:26 -0400] "GET /admin.php?path=/home/suregimv/public_html/wp-includes/l10n&edit=class-wp-translations.php HTTP/1.1" 200 1962 "-" "Mozilla/5.0 (compatible; MJ12bot/v1.4.8; http://mj12bot.com/)"
2001:41d0:303:34e2::1 - - [02/Sep/2025:21:05:27 -0400] "GET /admin.php?path=/home/suregimv/public_html/wp-includes/l10n/.. HTTP/1.1" 200 4766 "-" "Mozilla/5.0 (compatible; MJ12bot/v1.4.8; http://mj12bot.com/)"
2001:41d0:303:34e2::1 - - [02/Sep/2025:21:05:29 -0400] "GET /admin.php?path=/home/suregimv/public_html/wp-includes/pomo&edit=entry.php HTTP/1.1" 200 2130 "-" "Mozilla/5.0 (compatible; MJ12bot/v1.4.8; http://mj12bot.com/)"
2001:41d0:303:34e2::1 - - [02/Sep/2025:21:05:31 -0400] "GET /admin.php?path=/home/suregimv/public_html/wp-includes/pomo&edit=mo.php HTTP/1.1" 200 3573 "-" "Mozilla/5.0 (compatible; MJ12bot/v1.4.8; http://mj12bot.com/)"
2001:41d0:303:34e2::1 - - [02/Sep/2025:21:05:34 -0400] "GET /admin.php?path=/home/suregimv/public_html/wp-includes/pomo&edit=po.php HTTP/1.1" 200 5238 "-" "Mozilla/5.0 (compatible; MJ12bot/v1.4.8; http://mj12bot.com/)"
2001:41d0:303:34e2::1 - - [02/Sep/2025:21:05:35 -0400] "GET /admin.php?path=/home/suregimv/public_html/wp-includes/pomo&edit=streams.php HTTP/1.1" 200 2710 "-" "Mozilla/5.0 (compatible; MJ12bot/v1.4.8; http://mj12bot.com/)"
2001:41d0:303:34e2::1 - - [02/Sep/2025:21:05:39 -0400] "GET /admin.php?path=/home/suregimv/public_html/wp-includes/pomo/.. HTTP/1.1" 200 4817 "-" "Mozilla/5.0 (compatible; MJ12bot/v1.4.8; http://mj12bot.com/)"
2001:41d0:303:34e2::1 - - [02/Sep/2025:21:05:44 -0400] "GET /admin.php?path=/home/suregimv/public_html/wp-includes/rest-api&edit=class-wp-rest-server.php HTTP/1.1" 200 16346 "-" "Mozilla/5.0 (compatible; MJ12bot/v1.4.8; http://mj12bot.com/)"
2001:41d0:303:34e2::1 - - [02/Sep/2025:21:05:51 -0400] "GET /admin.php?path=/home/suregimv/public_html/wp-includes/rest-api/search HTTP/1.1" 200 782 "-" "Mozilla/5.0 (compatible; MJ12bot/v1.4.8; http://mj12bot.com/)"
2001:41d0:303:34e2::1 - - [02/Sep/2025:21:06:01 -0400] "GET /admin.php?path=/home/suregimv/public_html/wp-includes/sitemaps&edit=class-wp-sitemaps.php HTTP/1.1" 200 2937 "-" "Mozilla/5.0 (compatible; MJ12bot/v1.4.8; http://mj12bot.com/)"
2001:41d0:303:34e2::1 - - [02/Sep/2025:21:06:06 -0400] "GET /admin.php?path=/home/suregimv/public_html/wp-includes/sodium_compat&edit=LICENSE HTTP/1.1" 200 1428 "-" "Mozilla/5.0 (compatible; MJ12bot/v1.4.8; http://mj12bot.com/)"
2001:41d0:303:34e2::1 - - [02/Sep/2025:21:06:11 -0400] "GET /admin.php?path=/home/suregimv/public_html/wp-includes/sodium_compat&edit=composer.json HTTP/1.1" 200 1567 "-" "Mozilla/5.0 (compatible; MJ12bot/v1.4.8; http://mj12bot.com/)"
2001:41d0:303:34e2::1 - - [02/Sep/2025:21:06:13 -0400] "GET /admin.php?path=/home/suregimv/public_html/wp-includes/sodium_compat/.. HTTP/1.1" 200 4766 "-" "Mozilla/5.0 (compatible; MJ12bot/v1.4.8; http://mj12bot.com/)"
2001:41d0:303:34e2::1 - - [02/Sep/2025:21:05:57 -0400] "GET /admin.php?path=/home/suregimv/public_html/wp-includes/sitemaps&edit=class-wp-sitemaps-renderer.php HTTP/1.1" 200 2658 "-" "Mozilla/5.0 (compatible; MJ12bot/v1.4.8; http://mj12bot.com/)"
2001:41d0:303:34e2::1 - - [02/Sep/2025:21:05:59 -0400] "GET /admin.php?path=/home/suregimv/public_html/wp-includes/sitemaps&edit=class-wp-sitemaps-stylesheet.php HTTP/1.1" 200 3049 "-" "Mozilla/5.0 (compatible; MJ12bot/v1.4.8; http://mj12bot.com/)"
2001:41d0:303:34e2::1 - - [02/Sep/2025:21:06:02 -0400] "GET /admin.php?path=/home/suregimv/public_html/wp-includes/sitemaps/.. HTTP/1.1" 200 4704 "-" "Mozilla/5.0 (compatible; MJ12bot/v1.4.8; http://mj12bot.com/)"
2001:41d0:303:34e2::1 - - [02/Sep/2025:21:06:04 -0400] "GET /admin.php?path=/home/suregimv/public_html/wp-includes/sitemaps/providers HTTP/1.1" 200 783 "-" "Mozilla/5.0 (compatible; MJ12bot/v1.4.8; http://mj12bot.com/)"
2001:41d0:303:34e2::1 - - [02/Sep/2025:21:06:08 -0400] "GET /admin.php?path=/home/suregimv/public_html/wp-includes/sodium_compat&edit=autoload-php7.php HTTP/1.1" 200 1292 "-" "Mozilla/5.0 (compatible; MJ12bot/v1.4.8; http://mj12bot.com/)"
2001:41d0:303:34e2::1 - - [02/Sep/2025:21:06:09 -0400] "GET /admin.php?path=/home/suregimv/public_html/wp-includes/sodium_compat&edit=autoload.php HTTP/1.1" 200 1917 "-" "Mozilla/5.0 (compatible; MJ12bot/v1.4.8; http://mj12bot.com/)"
2001:41d0:303:34e2::1 - - [02/Sep/2025:21:06:14 -0400] "GET /admin.php?path=/home/suregimv/public_html/wp-includes/sodium_compat/lib HTTP/1.1" 200 866 "-" "Mozilla/5.0 (compatible; MJ12bot/v1.4.8; http://mj12bot.com/)"
2001:41d0:303:34e2::1 - - [02/Sep/2025:21:06:18 -0400] "GET /admin.php?path=/home/suregimv/public_html/wp-includes/sodium_compat/src HTTP/1.1" 200 831 "-" "Mozilla/5.0 (compatible; MJ12bot/v1.4.8; http://mj12bot.com/)"
2001:41d0:303:34e2::1 - - [02/Sep/2025:21:06:19 -0400] "GET /admin.php?path=/home/suregimv/public_html/wp-includes/style-engine&edit=class-wp-style-engine-css-declarations.php HTTP/1.1" 200 2241 "-" "Mozilla/5.0 (compatible; MJ12bot/v1.4.8; http://mj12bot.com/)"
2001:41d0:303:34e2::1 - - [02/Sep/2025:21:06:21 -0400] "GET /admin.php?path=/home/suregimv/public_html/wp-includes/style-engine&edit=class-wp-style-engine-css-rule.php HTTP/1.1" 200 2284 "-" "Mozilla/5.0 (compatible; MJ12bot/v1.4.8; http://mj12bot.com/)"
2001:41d0:303:34e2::1 - - [02/Sep/2025:21:06:23 -0400] "GET /admin.php?path=/home/suregimv/public_html/wp-includes/style-engine&edit=class-wp-style-engine-css-rules-store.php HTTP/1.1" 200 1911 "-" "Mozilla/5.0 (compatible; MJ12bot/v1.4.8; http://mj12bot.com/)"
2001:41d0:303:34e2::1 - - [02/Sep/2025:21:06:29 -0400] "GET /admin.php?path=/home/suregimv/public_html/wp-includes/theme-compat&edit=comments.php HTTP/1.1" 200 1794 "-" "Mozilla/5.0 (compatible; MJ12bot/v1.4.8; http://mj12bot.com/)"
2001:41d0:303:34e2::1 - - [02/Sep/2025:21:06:31 -0400] "GET /admin.php?path=/home/suregimv/public_html/wp-includes/theme-compat&edit=embed-404.php HTTP/1.1" 200 1434 "-" "Mozilla/5.0 (compatible; MJ12bot/v1.4.8; http://mj12bot.com/)"
2001:41d0:303:34e2::1 - - [02/Sep/2025:21:06:40 -0400] "GET /admin.php?path=/home/suregimv/public_html/wp-includes/theme-compat&edit=footer.php HTTP/1.1" 200 1528 "-" "Mozilla/5.0 (compatible; MJ12bot/v1.4.8; http://mj12bot.com/)"
66.249.73.66 - - [02/Sep/2025:21:06:41 -0400] "GET /m233019300?srsltid=AfmBOolwGErqIQtNMoDeIU_5ya8pjlGh1_bqWKFtem-T-Ar8yiNg7Q HTTP/1.1" 404 1251 "-" "Mozilla/5.0 (Linux; Android 6.0.1; Nexus 5X Build/MMB29P) AppleWebKit/537.36 (KHTML, like Gecko) Chrome/138.0.7204.183 Mobile Safari/537.36 (compatible; Googlebot/2.1; +http://www.google.com/bot.html)"
40.77.167.5 - - [02/Sep/2025:21:06:43 -0400] "GET /humperdinck/abonne/rypophobia/353331610 HTTP/1.1" 404 1251 "-" "Mozilla/5.0 AppleWebKit/537.36 (KHTML, like Gecko; compatible; bingbot/2.0; +http://www.bing.com/bingbot.htm) Chrome/116.0.1938.76 Safari/537.36"
2001:41d0:303:34e2::1 - - [02/Sep/2025:21:06:16 -0400] "GET /admin.php?path=/home/suregimv/public_html/wp-includes/sodium_compat/namespaced HTTP/1.1" 200 763 "-" "Mozilla/5.0 (compatible; MJ12bot/v1.4.8; http://mj12bot.com/)"
2001:41d0:303:34e2::1 - - [02/Sep/2025:21:06:24 -0400] "GET /admin.php?path=/home/suregimv/public_html/wp-includes/style-engine&edit=class-wp-style-engine-processor.php HTTP/1.1" 200 2568 "-" "Mozilla/5.0 (compatible; MJ12bot/v1.4.8; http://mj12bot.com/)"
2001:41d0:303:34e2::1 - - [02/Sep/2025:21:06:26 -0400] "GET /admin.php?path=/home/suregimv/public_html/wp-includes/style-engine&edit=class-wp-style-engine.php HTTP/1.1" 200 6988 "-" "Mozilla/5.0 (compatible; MJ12bot/v1.4.8; http://mj12bot.com/)"
2001:41d0:303:34e2::1 - - [02/Sep/2025:21:06:28 -0400] "GET /admin.php?path=/home/suregimv/public_html/wp-includes/style-engine/.. HTTP/1.1" 200 4766 "-" "Mozilla/5.0 (compatible; MJ12bot/v1.4.8; http://mj12bot.com/)"
2001:41d0:303:34e2::1 - - [02/Sep/2025:21:06:33 -0400] "GET /admin.php?path=/home/suregimv/public_html/wp-includes/theme-compat&edit=embed-content.php HTTP/1.1" 200 1996 "-" "Mozilla/5.0 (compatible; MJ12bot/v1.4.8; http://mj12bot.com/)"
2001:41d0:303:34e2::1 - - [02/Sep/2025:21:06:34 -0400] "GET /admin.php?path=/home/suregimv/public_html/wp-includes/theme-compat&edit=embed.php HTTP/1.1" 200 1140 "-" "Mozilla/5.0 (compatible; MJ12bot/v1.4.8; http://mj12bot.com/)"
2001:41d0:303:34e2::1 - - [02/Sep/2025:21:06:36 -0400] "GET /admin.php?path=/home/suregimv/public_html/wp-includes/theme-compat&edit=error_log HTTP/1.1" 200 1039 "-" "Mozilla/5.0 (compatible; MJ12bot/v1.4.8; http://mj12bot.com/)"
2001:41d0:303:34e2::1 - - [02/Sep/2025:21:06:38 -0400] "GET /admin.php?path=/home/suregimv/public_html/wp-includes/theme-compat&edit=footer-embed.php HTTP/1.1" 200 1123 "-" "Mozilla/5.0 (compatible; MJ12bot/v1.4.8; http://mj12bot.com/)"
66.249.73.65 - - [02/Sep/2025:21:06:41 -0400] "GET /airtoground444203437 HTTP/1.1" 404 1251 "-" "Mozilla/5.0 (Linux; Android 6.0.1; Nexus 5X Build/MMB29P) AppleWebKit/537.36 (KHTML, like Gecko) Chrome/138.0.7204.183 Mobile Safari/537.36 (compatible; Googlebot/2.1; +http://www.google.com/bot.html)"
2001:41d0:303:34e2::1 - - [02/Sep/2025:21:06:41 -0400] "GET /admin.php?path=/home/suregimv/public_html/wp-includes/theme-compat&edit=header-embed.php HTTP/1.1" 200 1303 "-" "Mozilla/5.0 (compatible; MJ12bot/v1.4.8; http://mj12bot.com/)"
66.249.73.67 - - [02/Sep/2025:21:06:42 -0400] "GET /m072006581?srsltid=AfmBOohAhYWVDdCoRmcln5_GD7LI6oVPv_hVtrxPTI-I-sEZ9qyMiA HTTP/1.1" 404 1251 "-" "Mozilla/5.0 (Linux; Android 6.0.1; Nexus 5X Build/MMB29P) AppleWebKit/537.36 (KHTML, like Gecko) Chrome/138.0.7204.183 Mobile Safari/537.36 (compatible; Googlebot/2.1; +http://www.google.com/bot.html)"
2001:41d0:303:34e2::1 - - [02/Sep/2025:21:06:43 -0400] "GET /admin.php?path=/home/suregimv/public_html/wp-includes/theme-compat&edit=header.php HTTP/1.1" 200 1778 "-" "Mozilla/5.0 (compatible; MJ12bot/v1.4.8; http://mj12bot.com/)"
2001:41d0:303:34e2::1 - - [02/Sep/2025:21:06:45 -0400] "GET /admin.php?path=/home/suregimv/public_html/wp-includes/theme-compat&edit=sidebar.php HTTP/1.1" 200 2370 "-" "Mozilla/5.0 (compatible; MJ12bot/v1.4.8; http://mj12bot.com/)"
2001:41d0:303:34e2::1 - - [02/Sep/2025:21:06:46 -0400] "GET /admin.php?path=/home/suregimv/public_html/wp-includes/theme-compat/.. HTTP/1.1" 200 4766 "-" "Mozilla/5.0 (compatible; MJ12bot/v1.4.8; http://mj12bot.com/)"
2001:41d0:303:34e2::1 - - [02/Sep/2025:21:06:48 -0400] "GET /admin.php?path=/home/suregimv/public_html/wp-includes/widgets&edit=class-wp-nav-menu-widget.php HTTP/1.1" 200 3420 "-" "Mozilla/5.0 (compatible; MJ12bot/v1.4.8; http://mj12bot.com/)"
2001:41d0:303:34e2::1 - - [02/Sep/2025:21:06:53 -0400] "GET /admin.php?path=/home/suregimv/public_html/wp-includes/widgets&edit=class-wp-widget-calendar.php HTTP/1.1" 200 2204 "-" "Mozilla/5.0 (compatible; MJ12bot/v1.4.8; http://mj12bot.com/)"
2001:41d0:303:34e2::1 - - [02/Sep/2025:21:06:50 -0400] "GET /admin.php?path=/home/suregimv/public_html/wp-includes/widgets&edit=class-wp-widget-archives.php HTTP/1.1" 200 3250 "-" "Mozilla/5.0 (compatible; MJ12bot/v1.4.8; http://mj12bot.com/)"
2001:41d0:303:34e2::1 - - [02/Sep/2025:21:06:51 -0400] "GET /admin.php?path=/home/suregimv/public_html/wp-includes/widgets&edit=class-wp-widget-block.php HTTP/1.1" 200 3148 "-" "Mozilla/5.0 (compatible; MJ12bot/v1.4.8; http://mj12bot.com/)"
2001:41d0:303:34e2::1 - - [02/Sep/2025:21:06:58 -0400] "GET /admin.php?path=/home/suregimv/public_html/wp-includes/widgets&edit=class-wp-widget-links.php HTTP/1.1" 200 3170 "-" "Mozilla/5.0 (compatible; MJ12bot/v1.4.8; http://mj12bot.com/)"
2001:41d0:303:34e2::1 - - [02/Sep/2025:21:07:03 -0400] "GET /admin.php?path=/home/suregimv/public_html/wp-includes/widgets&edit=class-wp-widget-media-image.php HTTP/1.1" 200 4811 "-" "Mozilla/5.0 (compatible; MJ12bot/v1.4.8; http://mj12bot.com/)"
2001:41d0:303:34e2::1 - - [02/Sep/2025:21:07:05 -0400] "GET /admin.php?path=/home/suregimv/public_html/wp-includes/widgets&edit=class-wp-widget-media-video.php HTTP/1.1" 200 4029 "-" "Mozilla/5.0 (compatible; MJ12bot/v1.4.8; http://mj12bot.com/)"
2001:41d0:303:34e2::1 - - [02/Sep/2025:21:07:07 -0400] "GET /admin.php?path=/home/suregimv/public_html/wp-includes/widgets&edit=class-wp-widget-media.php HTTP/1.1" 200 5990 "-" "Mozilla/5.0 (compatible; MJ12bot/v1.4.8; http://mj12bot.com/)"
2001:41d0:303:34e2::1 - - [02/Sep/2025:21:07:08 -0400] "GET /admin.php?path=/home/suregimv/public_html/wp-includes/widgets&edit=class-wp-widget-meta.php HTTP/1.1" 200 2674 "-" "Mozilla/5.0 (compatible; MJ12bot/v1.4.8; http://mj12bot.com/)"
2001:41d0:303:34e2::1 - - [02/Sep/2025:21:07:12 -0400] "GET /admin.php?path=/home/suregimv/public_html/wp-includes/widgets&edit=class-wp-widget-recent-comments.php HTTP/1.1" 200 3619 "-" "Mozilla/5.0 (compatible; MJ12bot/v1.4.8; http://mj12bot.com/)"
2001:41d0:303:34e2::1 - - [02/Sep/2025:21:07:15 -0400] "GET /admin.php?path=/home/suregimv/public_html/wp-includes/widgets&edit=class-wp-widget-rss.php HTTP/1.1" 200 3109 "-" "Mozilla/5.0 (compatible; MJ12bot/v1.4.8; http://mj12bot.com/)"
2001:41d0:303:34e2::1 - - [02/Sep/2025:21:07:20 -0400] "GET /admin.php?path=/home/suregimv/public_html/wp-includes/widgets&edit=class-wp-widget-text.php HTTP/1.1" 200 7726 "-" "Mozilla/5.0 (compatible; MJ12bot/v1.4.8; http://mj12bot.com/)"
2001:41d0:303:34e2::1 - - [02/Sep/2025:21:07:25 -0400] "GET /wp-includes/ID3/?MD HTTP/1.1" 200 1404 "-" "Mozilla/5.0 (compatible; MJ12bot/v1.4.8; http://mj12bot.com/)"
2001:41d0:303:34e2::1 - - [02/Sep/2025:21:07:27 -0400] "GET /wp-includes/ID3/?SD HTTP/1.1" 200 1397 "-" "Mozilla/5.0 (compatible; MJ12bot/v1.4.8; http://mj12bot.com/)"
2001:41d0:303:34e2::1 - - [02/Sep/2025:21:07:32 -0400] "GET /wp-includes/html-api/?SD HTTP/1.1" 200 1460 "-" "Mozilla/5.0 (compatible; MJ12bot/v1.4.8; http://mj12bot.com/)"
2001:41d0:303:34e2::1 - - [02/Sep/2025:21:07:34 -0400] "GET /wp-includes/js/codemirror/ HTTP/1.1" 200 1140 "-" "Mozilla/5.0 (compatible; MJ12bot/v1.4.8; http://mj12bot.com/)"
2001:41d0:303:34e2::1 - - [02/Sep/2025:21:07:37 -0400] "GET /wp-includes/js/dist/ HTTP/1.1" 200 3898 "-" "Mozilla/5.0 (compatible; MJ12bot/v1.4.8; http://mj12bot.com/)"
2001:41d0:303:34e2::1 - - [02/Sep/2025:21:07:39 -0400] "GET /wp-includes/js/imgareaselect/ HTTP/1.1" 200 801 "-" "Mozilla/5.0 (compatible; MJ12bot/v1.4.8; http://mj12bot.com/)"
2001:41d0:303:34e2::1 - - [02/Sep/2025:21:07:40 -0400] "GET /wp-includes/js/jcrop/ HTTP/1.1" 200 727 "-" "Mozilla/5.0 (compatible; MJ12bot/v1.4.8; http://mj12bot.com/)"
2001:41d0:303:34e2::1 - - [02/Sep/2025:21:07:42 -0400] "GET /wp-includes/js/jquery/ HTTP/1.1" 200 1554 "-" "Mozilla/5.0 (compatible; MJ12bot/v1.4.8; http://mj12bot.com/)"
40.77.167.5 - - [02/Sep/2025:21:07:44 -0400] "GET /facesheets/o/whacky436179082 HTTP/1.1" 404 1251 "-" "Mozilla/5.0 AppleWebKit/537.36 (KHTML, like Gecko; compatible; bingbot/2.0; +http://www.bing.com/bingbot.htm) Chrome/116.0.1938.76 Safari/537.36"
40.77.167.5 - - [02/Sep/2025:21:06:55 -0400] "GET /psx/cingulated465915805 HTTP/1.1" 404 1251 "-" "Mozilla/5.0 AppleWebKit/537.36 (KHTML, like Gecko; compatible; bingbot/2.0; +http://www.bing.com/bingbot.htm) Chrome/116.0.1938.76 Safari/537.36"
2001:41d0:303:34e2::1 - - [02/Sep/2025:21:06:55 -0400] "GET /admin.php?path=/home/suregimv/public_html/wp-includes/widgets&edit=class-wp-widget-categories.php HTTP/1.1" 200 3319 "-" "Mozilla/5.0 (compatible; MJ12bot/v1.4.8; http://mj12bot.com/)"
2001:41d0:303:34e2::1 - - [02/Sep/2025:21:06:56 -0400] "GET /admin.php?path=/home/suregimv/public_html/wp-includes/widgets&edit=class-wp-widget-custom-html.php HTTP/1.1" 200 5226 "-" "Mozilla/5.0 (compatible; MJ12bot/v1.4.8; http://mj12bot.com/)"
2001:41d0:303:34e2::1 - - [02/Sep/2025:21:07:00 -0400] "GET /admin.php?path=/home/suregimv/public_html/wp-includes/widgets&edit=class-wp-widget-media-audio.php HTTP/1.1" 200 3299 "-" "Mozilla/5.0 (compatible; MJ12bot/v1.4.8; http://mj12bot.com/)"
2001:41d0:303:34e2::1 - - [02/Sep/2025:21:07:02 -0400] "GET /admin.php?path=/home/suregimv/public_html/wp-includes/widgets&edit=class-wp-widget-media-gallery.php HTTP/1.1" 200 3592 "-" "Mozilla/5.0 (compatible; MJ12bot/v1.4.8; http://mj12bot.com/)"
2001:41d0:303:34e2::1 - - [02/Sep/2025:21:07:10 -0400] "GET /admin.php?path=/home/suregimv/public_html/wp-includes/widgets&edit=class-wp-widget-pages.php HTTP/1.1" 200 2953 "-" "Mozilla/5.0 (compatible; MJ12bot/v1.4.8; http://mj12bot.com/)"
2001:41d0:303:34e2::1 - - [02/Sep/2025:21:07:13 -0400] "GET /admin.php?path=/home/suregimv/public_html/wp-includes/widgets&edit=class-wp-widget-recent-posts.php HTTP/1.1" 200 3103 "-" "Mozilla/5.0 (compatible; MJ12bot/v1.4.8; http://mj12bot.com/)"
2001:41d0:303:34e2::1 - - [02/Sep/2025:21:07:17 -0400] "GET /admin.php?path=/home/suregimv/public_html/wp-includes/widgets&edit=class-wp-widget-search.php HTTP/1.1" 200 2097 "-" "Mozilla/5.0 (compatible; MJ12bot/v1.4.8; http://mj12bot.com/)"
2001:41d0:303:34e2::1 - - [02/Sep/2025:21:07:18 -0400] "GET /admin.php?path=/home/suregimv/public_html/wp-includes/widgets&edit=class-wp-widget-tag-cloud.php HTTP/1.1" 200 3272 "-" "Mozilla/5.0 (compatible; MJ12bot/v1.4.8; http://mj12bot.com/)"
2001:41d0:303:34e2::1 - - [02/Sep/2025:21:07:22 -0400] "GET /admin.php?path=/home/suregimv/public_html/wp-includes/widgets&edit=error_log HTTP/1.1" 200 1787 "-" "Mozilla/5.0 (compatible; MJ12bot/v1.4.8; http://mj12bot.com/)"
2001:41d0:303:34e2::1 - - [02/Sep/2025:21:07:24 -0400] "GET /admin.php?path=/home/suregimv/public_html/wp-includes/widgets/.. HTTP/1.1" 200 4766 "-" "Mozilla/5.0 (compatible; MJ12bot/v1.4.8; http://mj12bot.com/)"
2001:41d0:303:34e2::1 - - [02/Sep/2025:21:07:29 -0400] "GET /wp-includes/css/dist/ HTTP/1.1" 200 1156 "-" "Mozilla/5.0 (compatible; MJ12bot/v1.4.8; http://mj12bot.com/)"
2001:41d0:303:34e2::1 - - [02/Sep/2025:21:07:30 -0400] "GET /wp-includes/html-api/?NA HTTP/1.1" 200 1462 "-" "Mozilla/5.0 (compatible; MJ12bot/v1.4.8; http://mj12bot.com/)"
2001:41d0:303:34e2::1 - - [02/Sep/2025:21:07:35 -0400] "GET /wp-includes/js/crop/ HTTP/1.1" 200 766 "-" "Mozilla/5.0 (compatible; MJ12bot/v1.4.8; http://mj12bot.com/)"
66.249.73.65 - - [02/Sep/2025:21:07:36 -0400] "GET /p309672895 HTTP/1.1" 404 1251 "-" "Mozilla/5.0 (Linux; Android 6.0.1; Nexus 5X Build/MMB29P) AppleWebKit/537.36 (KHTML, like Gecko) Chrome/138.0.7204.183 Mobile Safari/537.36 (compatible; Googlebot/2.1; +http://www.google.com/bot.html)"
2001:41d0:303:34e2::1 - - [02/Sep/2025:21:07:44 -0400] "GET /wp-includes/js/mediaelement/ HTTP/1.1" 200 1502 "-" "Mozilla/5.0 (compatible; MJ12bot/v1.4.8; http://mj12bot.com/)"
2001:41d0:303:34e2::1 - - [02/Sep/2025:21:07:47 -0400] "GET /wp-includes/js/swfupload/ HTTP/1.1" 200 723 "-" "Mozilla/5.0 (compatible; MJ12bot/v1.4.8; http://mj12bot.com/)"
2001:41d0:303:34e2::1 - - [02/Sep/2025:21:07:48 -0400] "GET /wp-includes/js/thickbox/ HTTP/1.1" 200 797 "-" "Mozilla/5.0 (compatible; MJ12bot/v1.4.8; http://mj12bot.com/)"
2001:41d0:303:34e2::1 - - [02/Sep/2025:21:07:45 -0400] "GET /wp-includes/js/plupload/ HTTP/1.1" 200 1171 "-" "Mozilla/5.0 (compatible; MJ12bot/v1.4.8; http://mj12bot.com/)"
40.77.167.20 - - [02/Sep/2025:21:08:34 -0400] "GET /incudate/i379540254 HTTP/1.1" 404 1251 "-" "Mozilla/5.0 AppleWebKit/537.36 (KHTML, like Gecko; compatible; bingbot/2.0; +http://www.bing.com/bingbot.htm) Chrome/116.0.1938.76 Safari/537.36"
40.77.167.47 - - [02/Sep/2025:21:08:36 -0400] "GET /yxj/pi/433435159 HTTP/1.1" 404 1251 "-" "Mozilla/5.0 AppleWebKit/537.36 (KHTML, like Gecko; compatible; bingbot/2.0; +http://www.bing.com/bingbot.htm) Chrome/116.0.1938.76 Safari/537.36"
40.77.167.47 - - [02/Sep/2025:21:08:59 -0400] "GET /topsmelts/480277879 HTTP/1.1" 404 1251 "-" "Mozilla/5.0 AppleWebKit/537.36 (KHTML, like Gecko; compatible; bingbot/2.0; +http://www.bing.com/bingbot.htm) Chrome/116.0.1938.76 Safari/537.36"
64.31.27.37 - - [02/Sep/2025:21:09:04 -0400] "GET /wp-login.php HTTP/1.1" 200 1711 "-" "Mozilla/5.0"
64.31.27.37 - - [02/Sep/2025:21:09:05 -0400] "GET /?rest_route=/wp/v2/users HTTP/1.1" 200 2334 "-" "Mozilla/5.0"
64.31.27.37 - - [02/Sep/2025:21:09:06 -0400] "GET /feed HTTP/1.1" 404 1251 "-" "Mozilla/5.0"
66.249.73.65 - - [02/Sep/2025:21:09:25 -0400] "GET /m155001034?srsltid=AfmBOodqlXPBYWluF3FmEN_R48IFqRlDU_3pda0PxT-B-Mk39TfNun HTTP/1.1" 404 1251 "-" "Mozilla/5.0 (Linux; Android 6.0.1; Nexus 5X Build/MMB29P) AppleWebKit/537.36 (KHTML, like Gecko) Chrome/138.0.7204.183 Mobile Safari/537.36 (compatible; Googlebot/2.1; +http://www.google.com/bot.html)"
40.77.167.47 - - [02/Sep/2025:21:09:39 -0400] "GET /kpi/enteroparesis/378513022 HTTP/1.1" 404 1251 "-" "Mozilla/5.0 AppleWebKit/537.36 (KHTML, like Gecko; compatible; bingbot/2.0; +http://www.bing.com/bingbot.htm) Chrome/116.0.1938.76 Safari/537.36"
66.249.73.65 - - [02/Sep/2025:21:10:20 -0400] "GET /sa473227597 HTTP/1.1" 404 1251 "-" "Mozilla/5.0 (Linux; Android 6.0.1; Nexus 5X Build/MMB29P) AppleWebKit/537.36 (KHTML, like Gecko) Chrome/138.0.7204.183 Mobile Safari/537.36 (compatible; Googlebot/2.1; +http://www.google.com/bot.html)"
40.77.167.20 - - [02/Sep/2025:21:11:34 -0400] "GET /roubaix/zew/championess300538727 HTTP/1.1" 404 1251 "-" "Mozilla/5.0 AppleWebKit/537.36 (KHTML, like Gecko; compatible; bingbot/2.0; +http://www.bing.com/bingbot.htm) Chrome/116.0.1938.76 Safari/537.36"
208.110.64.178 - - [02/Sep/2025:21:12:12 -0400] "GET /wp-content/brf532c6/edit.php HTTP/1.1" 404 1251 "https://surewordglobalimpactministry.org/wp-content/brf532c6/edit.php" "Mozilla/5.0 (Windows NT 10.0; Win64; x64) AppleWebKit/537.36 (KHTML, like Gecko) Chrome/58.0.3029.110 Safari/537.3"
52.167.144.214 - - [02/Sep/2025:21:12:36 -0400] "GET /tortelier/pelletizing/nonmystic335317159 HTTP/1.1" 404 1251 "-" "Mozilla/5.0 AppleWebKit/537.36 (KHTML, like Gecko; compatible; bingbot/2.0; +http://www.bing.com/bingbot.htm) Chrome/116.0.1938.76 Safari/537.36"
2001:41d0:303:34e2::1 - - [02/Sep/2025:21:07:50 -0400] "GET /wp-includes/js/tinymce/ HTTP/1.1" 200 1221 "-" "Mozilla/5.0 (compatible; MJ12bot/v1.4.8; http://mj12bot.com/)"
68.65.122.155 - - [02/Sep/2025:21:09:05 -0400] "POST /wp-cron.php?doing_wp_cron=1756861744.9633340835571289062500 HTTP/1.1" 403 1242 "-" "WordPress/6.8.2; https://surewordglobalimpactministry.org"
64.31.27.37 - - [02/Sep/2025:21:09:05 -0400] "GET /?author=1 HTTP/1.1" 200 2334 "-" "Mozilla/5.0"
66.249.73.65 - - [02/Sep/2025:21:09:25 -0400] "GET /pq312363067 HTTP/1.1" 404 1251 "-" "Mozilla/5.0 (Linux; Android 6.0.1; Nexus 5X Build/MMB29P) AppleWebKit/537.36 (KHTML, like Gecko) Chrome/138.0.7204.183 Mobile Safari/537.36 (compatible; Googlebot/2.1; +http://www.google.com/bot.html)"
40.77.167.20 - - [02/Sep/2025:21:10:18 -0400] "GET /mfk/p/413935653 HTTP/1.1" 404 1251 "-" "Mozilla/5.0 AppleWebKit/537.36 (KHTML, like Gecko; compatible; bingbot/2.0; +http://www.bing.com/bingbot.htm) Chrome/116.0.1938.76 Safari/537.36"
66.249.73.69 - - [02/Sep/2025:21:12:09 -0400] "GET /tystie474193804 HTTP/1.1" 404 1251 "-" "Mozilla/5.0 (Linux; Android 6.0.1; Nexus 5X Build/MMB29P) AppleWebKit/537.36 (KHTML, like Gecko) Chrome/138.0.7204.183 Mobile Safari/537.36 (compatible; Googlebot/2.1; +http://www.google.com/bot.html)"
66.249.73.68 - - [02/Sep/2025:21:13:03 -0400] "GET /xo461888551 HTTP/1.1" 404 1251 "-" "Mozilla/5.0 (Linux; Android 6.0.1; Nexus 5X Build/MMB29P) AppleWebKit/537.36 (KHTML, like Gecko) Chrome/138.0.7204.183 Mobile Safari/537.36 (compatible; Googlebot/2.1; +http://www.google.com/bot.html)"
66.249.73.70 - - [02/Sep/2025:21:14:52 -0400] "GET /hydroferrocyanate/j334682911 HTTP/1.1" 404 1251 "-" "Mozilla/5.0 (Linux; Android 6.0.1; Nexus 5X Build/MMB29P) AppleWebKit/537.36 (KHTML, like Gecko) Chrome/138.0.7204.183 Mobile Safari/537.36 (compatible; Googlebot/2.1; +http://www.google.com/bot.html)"
66.249.73.68 - - [02/Sep/2025:21:15:47 -0400] "GET /manichaeist/433586683 HTTP/1.1" 404 1251 "-" "Mozilla/5.0 (Linux; Android 6.0.1; Nexus 5X Build/MMB29P) AppleWebKit/537.36 (KHTML, like Gecko) Chrome/138.0.7204.183 Mobile Safari/537.36 (compatible; Googlebot/2.1; +http://www.google.com/bot.html)"
40.77.167.71 - - [02/Sep/2025:21:17:45 -0400] "GET /dse/id/331647141 HTTP/1.1" 404 1251 "-" "Mozilla/5.0 AppleWebKit/537.36 (KHTML, like Gecko; compatible; bingbot/2.0; +http://www.bing.com/bingbot.htm) Chrome/116.0.1938.76 Safari/537.36"
40.77.167.0 - - [02/Sep/2025:21:18:04 -0400] "GET /vie/378763768 HTTP/1.1" 404 1251 "-" "Mozilla/5.0 AppleWebKit/537.36 (KHTML, like Gecko; compatible; bingbot/2.0; +http://www.bing.com/bingbot.htm) Chrome/116.0.1938.76 Safari/537.36"
66.249.73.65 - - [02/Sep/2025:21:18:31 -0400] "GET /v/457751656 HTTP/1.1" 404 1251 "-" "Mozilla/5.0 (Linux; Android 6.0.1; Nexus 5X Build/MMB29P) AppleWebKit/537.36 (KHTML, like Gecko) Chrome/138.0.7204.183 Mobile Safari/537.36 (compatible; Googlebot/2.1; +http://www.google.com/bot.html)"
52.167.144.214 - - [02/Sep/2025:21:20:07 -0400] "GET /paramyosin/bustard/peepholes475279588 HTTP/1.1" 404 1251 "-" "Mozilla/5.0 AppleWebKit/537.36 (KHTML, like Gecko; compatible; bingbot/2.0; +http://www.bing.com/bingbot.htm) Chrome/116.0.1938.76 Safari/537.36"
66.249.73.65 - - [02/Sep/2025:21:21:14 -0400] "GET /kickboard/489070618 HTTP/1.1" 404 1251 "-" "Mozilla/5.0 (Linux; Android 6.0.1; Nexus 5X Build/MMB29P) AppleWebKit/537.36 (KHTML, like Gecko) Chrome/138.0.7204.183 Mobile Safari/537.36 (compatible; Googlebot/2.1; +http://www.google.com/bot.html)"
66.249.73.68 - - [02/Sep/2025:21:23:03 -0400] "GET /kickinghorses/e376486837 HTTP/1.1" 404 1251 "-" "Mozilla/5.0 (Linux; Android 6.0.1; Nexus 5X Build/MMB29P) AppleWebKit/537.36 (KHTML, like Gecko) Chrome/138.0.7204.183 Mobile Safari/537.36 (compatible; Googlebot/2.1; +http://www.google.com/bot.html)"
66.249.73.68 - - [02/Sep/2025:21:25:47 -0400] "GET /etiolation/productress381496513 HTTP/1.1" 404 1251 "-" "Mozilla/5.0 (Linux; Android 6.0.1; Nexus 5X Build/MMB29P) AppleWebKit/537.36 (KHTML, like Gecko) Chrome/138.0.7204.183 Mobile Safari/537.36 (compatible; Googlebot/2.1; +http://www.google.com/bot.html)"
40.77.167.35 - - [02/Sep/2025:21:25:53 -0400] "GET /geminian/e335995360 HTTP/1.1" 404 1251 "-" "Mozilla/5.0 AppleWebKit/537.36 (KHTML, like Gecko; compatible; bingbot/2.0; +http://www.bing.com/bingbot.htm) Chrome/116.0.1938.76 Safari/537.36"
52.167.144.166 - - [02/Sep/2025:21:25:58 -0400] "GET /broadcaster/inspirits/360385825 HTTP/1.1" 404 1251 "-" "Mozilla/5.0 AppleWebKit/537.36 (KHTML, like Gecko; compatible; bingbot/2.0; +http://www.bing.com/bingbot.htm) Chrome/116.0.1938.76 Safari/537.36"
66.249.73.70 - - [02/Sep/2025:21:26:43 -0400] "GET /disincrustant/357122815 HTTP/1.1" 404 1251 "-" "Mozilla/5.0 (Linux; Android 6.0.1; Nexus 5X Build/MMB29P) AppleWebKit/537.36 (KHTML, like Gecko) Chrome/138.0.7204.183 Mobile Safari/537.36 (compatible; Googlebot/2.1; +http://www.google.com/bot.html)"
52.167.144.201 - - [02/Sep/2025:21:26:44 -0400] "GET /lof/hzd/437786653 HTTP/1.1" 404 1251 "-" "Mozilla/5.0 AppleWebKit/537.36 (KHTML, like Gecko; compatible; bingbot/2.0; +http://www.bing.com/bingbot.htm) Chrome/116.0.1938.76 Safari/537.36"
52.167.144.189 - - [02/Sep/2025:21:28:37 -0400] "GET /torturing/airboat/ve378451681 HTTP/1.1" 404 1251 "-" "Mozilla/5.0 AppleWebKit/537.36 (KHTML, like Gecko; compatible; bingbot/2.0; +http://www.bing.com/bingbot.htm) Chrome/116.0.1938.76 Safari/537.36"
66.249.65.100 - - [02/Sep/2025:21:29:27 -0400] "GET /?list=290767327 HTTP/1.1" 200 2337 "-" "Mozilla/5.0 (Linux; Android 6.0.1; Nexus 5X Build/MMB29P) AppleWebKit/537.36 (KHTML, like Gecko) Chrome/138.0.7204.183 Mobile Safari/537.36 (compatible; Googlebot/2.1; +http://www.google.com/bot.html)"
40.77.167.61 - - [02/Sep/2025:21:14:08 -0400] "GET /zsb/engerminate394738855 HTTP/1.1" 404 1251 "-" "Mozilla/5.0 AppleWebKit/537.36 (KHTML, like Gecko; compatible; bingbot/2.0; +http://www.bing.com/bingbot.htm) Chrome/116.0.1938.76 Safari/537.36"
66.249.73.67 - - [02/Sep/2025:21:17:36 -0400] "GET /tu/decastere461493526 HTTP/1.1" 404 1251 "-" "Mozilla/5.0 (Linux; Android 6.0.1; Nexus 5X Build/MMB29P) AppleWebKit/537.36 (KHTML, like Gecko) Chrome/138.0.7204.183 Mobile Safari/537.36 (compatible; Googlebot/2.1; +http://www.google.com/bot.html)"
40.77.167.52 - - [02/Sep/2025:21:19:23 -0400] "GET /waybill/kgp/drumline/332339125 HTTP/1.1" 404 1251 "-" "Mozilla/5.0 AppleWebKit/537.36 (KHTML, like Gecko; compatible; bingbot/2.0; +http://www.bing.com/bingbot.htm) Chrome/116.0.1938.76 Safari/537.36"
66.249.73.67 - - [02/Sep/2025:21:20:20 -0400] "GET /omniarchs/schaefer324916513 HTTP/1.1" 404 1251 "-" "Mozilla/5.0 (Linux; Android 6.0.1; Nexus 5X Build/MMB29P) AppleWebKit/537.36 (KHTML, like Gecko) Chrome/138.0.7204.183 Mobile Safari/537.36 (compatible; Googlebot/2.1; +http://www.google.com/bot.html)"
66.249.65.102 - - [02/Sep/2025:21:21:14 -0400] "GET /willards410078928 HTTP/1.1" 404 1251 "-" "Mozilla/5.0 (Linux; Android 6.0.1; Nexus 5X Build/MMB29P) AppleWebKit/537.36 (KHTML, like Gecko) Chrome/138.0.7204.183 Mobile Safari/537.36 (compatible; Googlebot/2.1; +http://www.google.com/bot.html)"
40.77.167.27 - - [02/Sep/2025:21:22:26 -0400] "GET /shakerag/hfp422752410 HTTP/1.1" 404 1251 "-" "Mozilla/5.0 AppleWebKit/537.36 (KHTML, like Gecko; compatible; bingbot/2.0; +http://www.bing.com/bingbot.htm) Chrome/116.0.1938.76 Safari/537.36"
66.249.73.68 - - [02/Sep/2025:21:23:58 -0400] "GET /ajj/451789435 HTTP/1.1" 404 1251 "-" "Mozilla/5.0 (Linux; Android 6.0.1; Nexus 5X Build/MMB29P) AppleWebKit/537.36 (KHTML, like Gecko) Chrome/138.0.7204.183 Mobile Safari/537.36 (compatible; Googlebot/2.1; +http://www.google.com/bot.html)"
66.249.73.68 - - [02/Sep/2025:21:23:58 -0400] "GET /xt/337372462 HTTP/1.1" 404 1251 "-" "Mozilla/5.0 (Linux; Android 6.0.1; Nexus 5X Build/MMB29P) AppleWebKit/537.36 (KHTML, like Gecko) Chrome/138.0.7204.183 Mobile Safari/537.36 (compatible; Googlebot/2.1; +http://www.google.com/bot.html)"
40.77.167.35 - - [02/Sep/2025:21:25:05 -0400] "GET /vxp/testes/ HTTP/1.1" 404 1251 "-" "Mozilla/5.0 AppleWebKit/537.36 (KHTML, like Gecko; compatible; bingbot/2.0; +http://www.bing.com/bingbot.htm) Chrome/116.0.1938.76 Safari/537.36"
66.249.73.69 - - [02/Sep/2025:21:25:48 -0400] "GET /m285003008?srsltid=AfmBOoOyEzMDGGuLs1OEvP_jGVhyvS44z_PnSGVJxx-H-mn3SNNvwM HTTP/1.1" 404 1251 "-" "Mozilla/5.0 (Linux; Android 6.0.1; Nexus 5X Build/MMB29P) AppleWebKit/537.36 (KHTML, like Gecko) Chrome/138.0.7204.183 Mobile Safari/537.36 (compatible; Googlebot/2.1; +http://www.google.com/bot.html)"
66.249.73.69 - - [02/Sep/2025:21:25:48 -0400] "GET /cis/374393998 HTTP/1.1" 404 1251 "-" "Mozilla/5.0 (Linux; Android 6.0.1; Nexus 5X Build/MMB29P) AppleWebKit/537.36 (KHTML, like Gecko) Chrome/138.0.7204.183 Mobile Safari/537.36 (compatible; Googlebot/2.1; +http://www.google.com/bot.html)"
66.249.73.69 - - [02/Sep/2025:21:28:32 -0400] "GET /conicalshaped/szf442447732 HTTP/1.1" 404 1251 "-" "Mozilla/5.0 (Linux; Android 6.0.1; Nexus 5X Build/MMB29P) AppleWebKit/537.36 (KHTML, like Gecko) Chrome/138.0.7204.183 Mobile Safari/537.36 (compatible; Googlebot/2.1; +http://www.google.com/bot.html)"
40.77.167.32 - - [02/Sep/2025:21:30:19 -0400] "GET /twangling/zoonomy/385738952 HTTP/1.1" 404 1251 "-" "Mozilla/5.0 AppleWebKit/537.36 (KHTML, like Gecko; compatible; bingbot/2.0; +http://www.bing.com/bingbot.htm) Chrome/116.0.1938.76 Safari/537.36"
66.249.73.69 - - [02/Sep/2025:21:30:21 -0400] "GET /dso443813587 HTTP/1.1" 404 1251 "-" "Mozilla/5.0 (Linux; Android 6.0.1; Nexus 5X Build/MMB29P) AppleWebKit/537.36 (KHTML, like Gecko) Chrome/138.0.7204.183 Mobile Safari/537.36 (compatible; Googlebot/2.1; +http://www.google.com/bot.html)"
66.249.73.68 - - [02/Sep/2025:21:30:22 -0400] "GET /prereversed/k476849200 HTTP/1.1" 404 1251 "-" "Mozilla/5.0 (Linux; Android 6.0.1; Nexus 5X Build/MMB29P) AppleWebKit/537.36 (KHTML, like Gecko) Chrome/138.0.7204.183 Mobile Safari/537.36 (compatible; Googlebot/2.1; +http://www.google.com/bot.html)"
208.110.64.178 - - [02/Sep/2025:21:30:25 -0400] "GET /wp-content/brf532c6/edit.php HTTP/1.1" 404 1251 "https://surewordglobalimpactministry.org/wp-content/brf532c6/edit.php" "Mozilla/5.0 (Windows NT 10.0; Win64; x64) AppleWebKit/537.36 (KHTML, like Gecko) Chrome/58.0.3029.110 Safari/537.3"
52.167.144.166 - - [02/Sep/2025:21:30:38 -0400] "GET /alluviums/437173855 HTTP/1.1" 404 1251 "-" "Mozilla/5.0 AppleWebKit/537.36 (KHTML, like Gecko; compatible; bingbot/2.0; +http://www.bing.com/bingbot.htm) Chrome/116.0.1938.76 Safari/537.36"
52.169.141.253 - - [02/Sep/2025:21:32:01 -0400] "GET /file2.php HTTP/1.1" 404 1251 "-" "-"
52.169.141.253 - - [02/Sep/2025:21:32:01 -0400] "GET /about.php HTTP/1.1" 404 1251 "-" "-"
52.169.141.253 - - [02/Sep/2025:21:32:01 -0400] "GET /akc.php HTTP/1.1" 404 1251 "-" "-"
52.169.141.253 - - [02/Sep/2025:21:32:02 -0400] "GET /atomlib.php HTTP/1.1" 404 1251 "-" "-"
52.169.141.253 - - [02/Sep/2025:21:32:02 -0400] "GET /autoload_classmap.php HTTP/1.1" 404 1251 "-" "-"
52.169.141.253 - - [02/Sep/2025:21:32:02 -0400] "GET /autoload_classmap/function.php HTTP/1.1" 404 1251 "-" "-"
52.169.141.253 - - [02/Sep/2025:21:32:03 -0400] "GET /chosen.php HTTP/1.1" 404 1251 "-" "-"
52.169.141.253 - - [02/Sep/2025:21:32:03 -0400] "GET /classwithtostring.php HTTP/1.1" 404 1251 "-" "-"
52.169.141.253 - - [02/Sep/2025:21:32:03 -0400] "GET /cong.php HTTP/1.1" 404 1251 "-" "-"
52.169.141.253 - - [02/Sep/2025:21:32:03 -0400] "GET /gecko.php HTTP/1.1" 404 1251 "-" "-"
52.169.141.253 - - [02/Sep/2025:21:32:04 -0400] "GET /goat.php HTTP/1.1" 404 1251 "-" "-"
52.169.141.253 - - [02/Sep/2025:21:32:04 -0400] "GET /makeasmtp.php HTTP/1.1" 404 1251 "-" "-"
52.169.141.253 - - [02/Sep/2025:21:32:04 -0400] "GET /mm.php HTTP/1.1" 404 1251 "-" "-"
52.169.141.253 - - [02/Sep/2025:21:32:05 -0400] "GET /tinyfilemanager.php HTTP/1.1" 404 1251 "-" "-"
52.169.141.253 - - [02/Sep/2025:21:32:05 -0400] "GET /w.php HTTP/1.1" 404 1251 "-" "-"
